From mboxrd@z Thu Jan 1 00:00:00 1970 From: xen.org Subject: [xen-unstable test] 12018: regressions - FAIL Date: Wed, 22 Feb 2012 14:19:26 +0000 Message-ID: Mime-Version: 1.0 Content-Type: text/plain; charset="us-ascii" Content-Transfer-Encoding: 7bit Return-path: List-Unsubscribe: , List-Post: List-Help: List-Subscribe: , Sender: xen-devel-bounces@lists.xen.org Errors-To: xen-devel-bounces@lists.xen.org To: xen-devel@lists.xensource.com Cc: ian.jackson@eu.citrix.com List-Id: xen-devel@lists.xenproject.org flight 12018 xen-unstable real [real] http://www.chiark.greenend.org.uk/~xensrcts/logs/12018/ Regressions :-( Tests which did not succeed and are blocking, including tests which could not be run: build-i386-oldkern 4 xen-build fail REGR. vs. 12003 build-i386 4 xen-build fail REGR. vs. 12003 build-amd64 4 xen-build fail REGR. vs. 12003 build-amd64-oldkern 4 xen-build fail REGR. vs. 12003 Tests which did not succeed, but are not blocking: test-amd64-amd64-xl-qemuu-winxpsp3 1 xen-build-check(1) blocked n/a test-amd64-amd64-xl-qemuu-win7-amd64 1 xen-build-check(1) blocked n/a test-i386-i386-xl-qemuu-winxpsp3 1 xen-build-check(1) blocked n/a test-amd64-i386-qemuu-rhel6hvm-intel 1 xen-build-check(1) blocked n/a test-amd64-amd64-xl-pcipt-intel 1 xen-build-check(1) blocked n/a test-amd64-i386-rhel6hvm-amd 1 xen-build-check(1) blocked n/a test-amd64-i386-rhel6hvm-intel 1 xen-build-check(1) blocked n/a test-amd64-i386-qemuu-rhel6hvm-amd 1 xen-build-check(1) blocked n/a test-amd64-i386-pv 1 xen-build-check(1) blocked n/a test-i386-i386-xl 1 xen-build-check(1) blocked n/a test-amd64-i386-xl 1 xen-build-check(1) blocked n/a test-amd64-amd64-xl 1 xen-build-check(1) blocked n/a test-amd64-amd64-xl-sedf 1 xen-build-check(1) blocked n/a test-amd64-amd64-pair 1 xen-build-check(1) blocked n/a test-amd64-i386-pair 1 xen-build-check(1) blocked n/a test-amd64-amd64-pv 1 xen-build-check(1) blocked n/a test-amd64-i386-xl-winxpsp3-vcpus1 1 xen-build-check(1) blocked n/a test-amd64-i386-xend-winxpsp3 1 xen-build-check(1) blocked n/a test-amd64-amd64-win 1 xen-build-check(1) blocked n/a test-amd64-i386-xl-win7-amd64 1 xen-build-check(1) blocked n/a test-amd64-i386-xl-win-vcpus1 1 xen-build-check(1) blocked n/a test-amd64-amd64-xl-sedf-pin 1 xen-build-check(1) blocked n/a test-i386-i386-pv 1 xen-build-check(1) blocked n/a test-amd64-i386-xl-credit2 1 xen-build-check(1) blocked n/a test-amd64-i386-xl-multivcpu 1 xen-build-check(1) blocked n/a test-amd64-i386-win-vcpus1 1 xen-build-check(1) blocked n/a test-amd64-amd64-xl-winxpsp3 1 xen-build-check(1) blocked n/a test-i386-i386-xl-winxpsp3 1 xen-build-check(1) blocked n/a test-amd64-i386-win 1 xen-build-check(1) blocked n/a test-amd64-amd64-xl-win7-amd64 1 xen-build-check(1) blocked n/a test-i386-i386-pair 1 xen-build-check(1) blocked n/a test-amd64-amd64-xl-win 1 xen-build-check(1) blocked n/a test-i386-i386-win 1 xen-build-check(1) blocked n/a test-i386-i386-xl-win 1 xen-build-check(1) blocked n/a version targeted for testing: xen d370b93ba754 baseline version: xen a88ba599add1 ------------------------------------------------------------ People who touched revisions under test: Bamvor Jian Zhang George Dunlap Ian Jackson Jean Guyader Roger Pau Monne ------------------------------------------------------------ jobs: build-amd64 fail build-i386 fail build-amd64-oldkern fail build-i386-oldkern fail build-amd64-pvops pass build-i386-pvops pass test-amd64-amd64-xl blocked test-amd64-i386-xl blocked test-i386-i386-xl blocked test-amd64-i386-rhel6hvm-amd blocked test-amd64-i386-qemuu-rhel6hvm-amd blocked test-amd64-amd64-xl-qemuu-win7-amd64 blocked test-amd64-amd64-xl-win7-amd64 blocked test-amd64-i386-xl-win7-amd64 blocked test-amd64-i386-xl-credit2 blocked test-amd64-amd64-xl-pcipt-intel blocked test-amd64-i386-rhel6hvm-intel blocked test-amd64-i386-qemuu-rhel6hvm-intel blocked test-amd64-i386-xl-multivcpu blocked test-amd64-amd64-pair blocked test-amd64-i386-pair blocked test-i386-i386-pair blocked test-amd64-amd64-xl-sedf-pin blocked test-amd64-amd64-pv blocked test-amd64-i386-pv blocked test-i386-i386-pv blocked test-amd64-amd64-xl-sedf blocked test-amd64-i386-win-vcpus1 blocked test-amd64-i386-xl-win-vcpus1 blocked test-amd64-i386-xl-winxpsp3-vcpus1 blocked test-amd64-amd64-win blocked test-amd64-i386-win blocked test-i386-i386-win blocked test-amd64-amd64-xl-win blocked test-i386-i386-xl-win blocked test-amd64-amd64-xl-qemuu-winxpsp3 blocked test-i386-i386-xl-qemuu-winxpsp3 blocked test-amd64-i386-xend-winxpsp3 blocked test-amd64-amd64-xl-winxpsp3 blocked test-i386-i386-xl-winxpsp3 blocked ------------------------------------------------------------ sg-report-flight on woking.cam.xci-test.com logs: /home/xc_osstest/logs images: /home/xc_osstest/images Logs, config files, etc. are available at http://www.chiark.greenend.org.uk/~xensrcts/logs Test harness code can be found at http://xenbits.xensource.com/gitweb?p=osstest.git;a=summary Not pushing. ------------------------------------------------------------ changeset: 24864:d370b93ba754 tag: tip user: Roger Pau Monne date: Wed Feb 22 13:06:42 2012 +0000 autoconf: clean brctl options This bit was missing, sorry. Signed-off-by: Roger Pau Monne Acked-by: Ian Jackson Committed-by: Ian Jackson changeset: 24863:4aa563f19a18 user: Roger Pau Monne date: Wed Feb 22 11:56:24 2012 +0000 autoconf: remove udev checks from build There's no need to have udev when building Xen since it's only used at run time. Signed-off-by: Roger Pau Monne Acked-by: Ian Jackson Committed-by: Ian Jackson changeset: 24862:69c6e5d33f10 user: Roger Pau Monne date: Wed Feb 22 11:54:16 2012 +0000 autoconf: remove brctl check Remove brctl check since it's usually only available to users with high privileges, but Xen should be buildable by regular users. Signed-off-by: Roger Pau Monne Acked-by: Ian Jackson Committed-by: Ian Jackson changeset: 24861:8ee81ceda8c9 user: Ian Jackson date: Wed Feb 22 01:55:04 2012 +0000 .gitignore: add autoconf-related files Signed-off-by: Ian Jackson Committed-by: Ian Jackson changeset: 24860:a19c6d90fd41 user: Ian Jackson date: Wed Feb 22 01:55:03 2012 +0000 build: add autoconf to replace custom checks in tools/check Added autotools magic to replace custom check scripts. The previous checks have been ported to autoconf, and some additional ones have been added (plus the suggestions from running autoscan). Two files are created as a result from executing configure script, config/Tools.mk and config.h. conf/Tools.mk is included by tools/Rules.mk, and contains most of the options previously defined in .config, that can now be set passing parameters or defining environment variables when executing configure script. config.h is only used by libxl/xl to detect yajl_version.h. [ tools/config.sub and config.guess copied from autotools-dev 20100122.1 from Debian squeeze i386, which is GPLv2. tools/configure generated using the included ./autogen.sh which ran autoconf 2.67-2 from Debian squeeze i386. autoconf is GPLv3+ but has a special exception for the autoconf output; this exception applies to us and exempts us from complying with GPLv3+ for configure, which is good as Xen is GPL2 only. - Ian Jackson ] Signed-off-by: Roger Pau Monne Tested-by: Ian Jackson Committed-by: Ian Jackson changeset: 24859:6a34a42a2b5d user: Bamvor Jian Zhang date: Tue Feb 21 18:01:04 2012 +0000 libxl: Export libxl_event.h This fixes a compile error in libvirt. Signed-off-by: Bamvor Jian Zhang Acked-by: Ian Jackson Committed-by: Ian Jackson changeset: 24858:a88ba599add1 user: George Dunlap date: Tue Feb 21 17:45:59 2012 +0000 libxl: cleanup: Remove pointless ERRNOVAL Just call LIBXL__LOG rather than passing a meaningless ERRNOVAL. Signed-off-by: George Dunlap Acked-by: Ian Jackson Committed-by: Ian Jackson ======================================== commit 128de2549c5f24e4a437b86bd2e46f023976d50a Author: Jean Guyader Date: Mon Feb 20 16:21:47 2012 +0000 Intel GPU passthrough: Host bridge config space Expose more host bridge config space value to make the driver happy for all the different revisions of the device. Signed-off-by: Jean Guyader