From: osstest service owner <osstest-admin@xenproject.org>
To: xen-devel@lists.xenproject.org, osstest-admin@xenproject.org
Subject: [linux-3.18 test] 120780: tolerable FAIL - PUSHED
Date: Sat, 17 Mar 2018 07:25:58 +0000 [thread overview]
Message-ID: <osstest-120780-mainreport@xen.org> (raw)
flight 120780 linux-3.18 real [real]
http://logs.test-lab.xenproject.org/osstest/logs/120780/
Failures :-/ but no regressions.
Tests which are failing intermittently (not blocking):
test-amd64-amd64-xl-qemuu-ws16-amd64 7 xen-boot fail in 120665 pass in 120780
test-amd64-i386-xl-qemut-stubdom-debianhvm-amd64-xsm 16 guest-localmigrate/x10 fail in 120665 pass in 120780
test-amd64-i386-rumprun-i386 17 rumprun-demo-xenstorels/xenstorels.repeat fail pass in 120665
test-armhf-armhf-xl 16 guest-start/debian.repeat fail pass in 120665
Tests which did not succeed, but are not blocking:
test-arm64-arm64-libvirt-xsm 1 build-check(1) blocked n/a
test-arm64-arm64-xl-credit2 1 build-check(1) blocked n/a
test-arm64-arm64-xl-xsm 1 build-check(1) blocked n/a
test-arm64-arm64-xl 1 build-check(1) blocked n/a
test-arm64-arm64-examine 1 build-check(1) blocked n/a
test-armhf-armhf-libvirt-xsm 14 saverestore-support-check fail like 120276
test-armhf-armhf-libvirt 14 saverestore-support-check fail like 120276
test-armhf-armhf-libvirt-raw 13 saverestore-support-check fail like 120276
test-amd64-amd64-xl-qemut-win7-amd64 17 guest-stop fail like 120276
test-amd64-i386-xl-qemut-win7-amd64 17 guest-stop fail like 120276
test-amd64-i386-xl-qemuu-win7-amd64 17 guest-stop fail like 120276
test-amd64-amd64-xl-qemuu-win7-amd64 17 guest-stop fail like 120276
test-amd64-amd64-xl-pvhv2-intel 12 guest-start fail never pass
test-amd64-amd64-xl-pvhv2-amd 12 guest-start fail never pass
test-amd64-amd64-libvirt-xsm 13 migrate-support-check fail never pass
test-amd64-i386-libvirt 13 migrate-support-check fail never pass
test-amd64-amd64-libvirt 13 migrate-support-check fail never pass
test-amd64-i386-libvirt-xsm 13 migrate-support-check fail never pass
test-amd64-i386-xl-pvshim 12 guest-start fail never pass
test-amd64-amd64-libvirt-qemuu-debianhvm-amd64-xsm 11 migrate-support-check fail never pass
test-amd64-i386-libvirt-qemuu-debianhvm-amd64-xsm 11 migrate-support-check fail never pass
test-armhf-armhf-xl-arndale 13 migrate-support-check fail never pass
test-armhf-armhf-xl-arndale 14 saverestore-support-check fail never pass
test-amd64-amd64-qemuu-nested-amd 17 debian-hvm-install/l1/l2 fail never pass
test-amd64-amd64-libvirt-vhd 12 migrate-support-check fail never pass
test-armhf-armhf-xl-xsm 13 migrate-support-check fail never pass
test-armhf-armhf-xl-xsm 14 saverestore-support-check fail never pass
test-armhf-armhf-xl-multivcpu 13 migrate-support-check fail never pass
test-armhf-armhf-xl-multivcpu 14 saverestore-support-check fail never pass
test-armhf-armhf-xl-rtds 13 migrate-support-check fail never pass
test-armhf-armhf-xl-rtds 14 saverestore-support-check fail never pass
test-armhf-armhf-xl-cubietruck 13 migrate-support-check fail never pass
test-armhf-armhf-xl-cubietruck 14 saverestore-support-check fail never pass
test-armhf-armhf-libvirt-xsm 13 migrate-support-check fail never pass
test-armhf-armhf-libvirt 13 migrate-support-check fail never pass
test-armhf-armhf-xl 13 migrate-support-check fail never pass
test-armhf-armhf-xl 14 saverestore-support-check fail never pass
test-armhf-armhf-xl-credit2 13 migrate-support-check fail never pass
test-armhf-armhf-xl-credit2 14 saverestore-support-check fail never pass
build-arm64-pvops 6 kernel-build fail never pass
test-armhf-armhf-libvirt-raw 12 migrate-support-check fail never pass
test-armhf-armhf-xl-vhd 12 migrate-support-check fail never pass
test-armhf-armhf-xl-vhd 13 saverestore-support-check fail never pass
test-amd64-i386-xl-qemut-ws16-amd64 17 guest-stop fail never pass
test-amd64-amd64-xl-qemuu-ws16-amd64 17 guest-stop fail never pass
test-amd64-i386-xl-qemuu-ws16-amd64 17 guest-stop fail never pass
test-amd64-amd64-xl-qemut-ws16-amd64 17 guest-stop fail never pass
test-amd64-i386-xl-qemut-win10-i386 10 windows-install fail never pass
test-amd64-i386-xl-qemuu-win10-i386 10 windows-install fail never pass
test-amd64-amd64-xl-qemuu-win10-i386 10 windows-install fail never pass
test-amd64-amd64-xl-qemut-win10-i386 10 windows-install fail never pass
version targeted for testing:
linux 89dad4ea47357950b8ba09886e02ff4fd0793f9e
baseline version:
linux 7c017f897e601aced95b71521bb0eb58af9002d5
Last test of basis 120276 2018-03-06 02:59:02 Z 11 days
Testing same since 120486 2018-03-11 16:00:43 Z 5 days 3 attempts
------------------------------------------------------------
People who touched revisions under test:
Alexey Kodanev <alexey.kodanev@oracle.com>
Arnd Bergmann <arnd@arndb.de>
David Ahern <dsahern@gmail.com>
David S. Miller <davem@davemloft.net>
Denis Du <dudenis2000@yahoo.ca>
Erik Veijola <erik.veijola@gmail.com>
Fugang Duan <B38611@freescale.com>
Greg Kroah-Hartman <gregkh@linuxfoundation.org>
Gregory CLEMENT <gregory.clement@bootlin.com>
Guenter Roeck <linux@roeck-us.net>
Guillaume Nault <g.nault@alphalink.fr>
Jacek Anaszewski <j.anaszewski@samsung.com>
Jakub Kicinski <jakub.kicinski@netronome.com>
James Bottomley <James.Bottomley@HansenPartnership.com>
James Morris <james.morris@microsoft.com>
Jarkko Sakkinen <jarkko.sakkinen@linux.intel.com>
Jeremy Boone <jeremy.boone@nccgroup.trust>
Julian Wiedmann <jwi@linux.vnet.ibm.com>
Lucas Stach <l.stach@pengutronix.de>
Marcelo Ricardo Leitner <marcelo.leinter@gmail.com>
Marcelo Ricardo Leitner <marcelo.leitner@gmail.com>
Mike Snitzer <snitzer@redhat.com>
Nathan Sullivan <nathan.sullivan@ni.com>
Neil Horman <nhorman@tuxdriver.com>
Nicolas Dichtel <nicolas.dichtel@6wind.com>
Rafael J. Wysocki <rafael.j.wysocki@intel.com>
Sabrina Dubroca <sd@queasysnail.net>
Stefano Brivio <sbrivio@redhat.com>
Takashi Iwai <tiwai@suse.de>
Ulf Magnusson <ulfalizer@gmail.com>
Viresh Kumar <viresh.kumar@linaro.org>
Xin Long <lucien.xin@gmail.com>
Zach Brown <zach.brown@ni.com>
jobs:
build-amd64-xsm pass
build-arm64-xsm pass
build-armhf-xsm pass
build-i386-xsm pass
build-amd64 pass
build-arm64 pass
build-armhf pass
build-i386 pass
build-amd64-libvirt pass
build-arm64-libvirt pass
build-armhf-libvirt pass
build-i386-libvirt pass
build-amd64-pvops pass
build-arm64-pvops fail
build-armhf-pvops pass
build-i386-pvops pass
build-amd64-rumprun pass
build-i386-rumprun pass
test-amd64-amd64-xl pass
test-arm64-arm64-xl blocked
test-armhf-armhf-xl fail
test-amd64-i386-xl pass
test-amd64-amd64-xl-qemut-debianhvm-amd64-xsm pass
test-amd64-i386-xl-qemut-debianhvm-amd64-xsm pass
test-amd64-amd64-libvirt-qemuu-debianhvm-amd64-xsm pass
test-amd64-i386-libvirt-qemuu-debianhvm-amd64-xsm pass
test-amd64-amd64-xl-qemuu-debianhvm-amd64-xsm pass
test-amd64-i386-xl-qemuu-debianhvm-amd64-xsm pass
test-amd64-amd64-xl-qemut-stubdom-debianhvm-amd64-xsm pass
test-amd64-i386-xl-qemut-stubdom-debianhvm-amd64-xsm pass
test-amd64-amd64-libvirt-xsm pass
test-arm64-arm64-libvirt-xsm blocked
test-armhf-armhf-libvirt-xsm pass
test-amd64-i386-libvirt-xsm pass
test-amd64-amd64-xl-xsm pass
test-arm64-arm64-xl-xsm blocked
test-armhf-armhf-xl-xsm pass
test-amd64-i386-xl-xsm pass
test-amd64-amd64-qemuu-nested-amd fail
test-amd64-amd64-xl-pvhv2-amd fail
test-amd64-i386-qemut-rhel6hvm-amd pass
test-amd64-i386-qemuu-rhel6hvm-amd pass
test-amd64-amd64-xl-qemut-debianhvm-amd64 pass
test-amd64-i386-xl-qemut-debianhvm-amd64 pass
test-amd64-amd64-xl-qemuu-debianhvm-amd64 pass
test-amd64-i386-xl-qemuu-debianhvm-amd64 pass
test-amd64-i386-freebsd10-amd64 pass
test-amd64-amd64-xl-qemuu-ovmf-amd64 pass
test-amd64-i386-xl-qemuu-ovmf-amd64 pass
test-amd64-amd64-rumprun-amd64 pass
test-amd64-amd64-xl-qemut-win7-amd64 fail
test-amd64-i386-xl-qemut-win7-amd64 fail
test-amd64-amd64-xl-qemuu-win7-amd64 fail
test-amd64-i386-xl-qemuu-win7-amd64 fail
test-amd64-amd64-xl-qemut-ws16-amd64 fail
test-amd64-i386-xl-qemut-ws16-amd64 fail
test-amd64-amd64-xl-qemuu-ws16-amd64 fail
test-amd64-i386-xl-qemuu-ws16-amd64 fail
test-armhf-armhf-xl-arndale pass
test-amd64-amd64-xl-credit2 pass
test-arm64-arm64-xl-credit2 blocked
test-armhf-armhf-xl-credit2 pass
test-armhf-armhf-xl-cubietruck pass
test-amd64-amd64-examine pass
test-arm64-arm64-examine blocked
test-armhf-armhf-examine pass
test-amd64-i386-examine pass
test-amd64-i386-freebsd10-i386 pass
test-amd64-i386-rumprun-i386 fail
test-amd64-amd64-xl-qemut-win10-i386 fail
test-amd64-i386-xl-qemut-win10-i386 fail
test-amd64-amd64-xl-qemuu-win10-i386 fail
test-amd64-i386-xl-qemuu-win10-i386 fail
test-amd64-amd64-qemuu-nested-intel pass
test-amd64-amd64-xl-pvhv2-intel fail
test-amd64-i386-qemut-rhel6hvm-intel pass
test-amd64-i386-qemuu-rhel6hvm-intel pass
test-amd64-amd64-libvirt pass
test-armhf-armhf-libvirt pass
test-amd64-i386-libvirt pass
test-amd64-amd64-xl-multivcpu pass
test-armhf-armhf-xl-multivcpu pass
test-amd64-amd64-pair pass
test-amd64-i386-pair pass
test-amd64-amd64-libvirt-pair pass
test-amd64-i386-libvirt-pair pass
test-amd64-amd64-amd64-pvgrub pass
test-amd64-amd64-i386-pvgrub pass
test-amd64-amd64-xl-pvshim pass
test-amd64-i386-xl-pvshim fail
test-amd64-amd64-pygrub pass
test-amd64-amd64-xl-qcow2 pass
test-armhf-armhf-libvirt-raw pass
test-amd64-i386-xl-raw pass
test-amd64-amd64-xl-rtds pass
test-armhf-armhf-xl-rtds pass
test-amd64-amd64-libvirt-vhd pass
test-armhf-armhf-xl-vhd pass
------------------------------------------------------------
sg-report-flight on osstest.test-lab.xenproject.org
logs: /home/logs/logs
images: /home/logs/images
Logs, config files, etc. are available at
http://logs.test-lab.xenproject.org/osstest/logs
Explanation of these reports, and of osstest in general, is at
http://xenbits.xen.org/gitweb/?p=osstest.git;a=blob;f=README.email;hb=master
http://xenbits.xen.org/gitweb/?p=osstest.git;a=blob;f=README;hb=master
Test harness code can be found at
http://xenbits.xen.org/gitweb?p=osstest.git;a=summary
Pushing revision :
To xenbits.xen.org:/home/xen/git/linux-pvops.git
7c017f897e60..89dad4ea4735 89dad4ea47357950b8ba09886e02ff4fd0793f9e -> tested/linux-3.18
_______________________________________________
Xen-devel mailing list
Xen-devel@lists.xenproject.org
https://lists.xenproject.org/mailman/listinfo/xen-devel
reply other threads:[~2018-03-17 7:26 UTC|newest]
Thread overview: [no followups] expand[flat|nested] mbox.gz Atom feed
Reply instructions:
You may reply publicly to this message via plain-text email
using any one of the following methods:
* Save the following mbox file, import it into your mail client,
and reply-to-all from there: mbox
Avoid top-posting and favor interleaved quoting:
https://en.wikipedia.org/wiki/Posting_style#Interleaved_style
* Reply using the --to, --cc, and --in-reply-to
switches of git-send-email(1):
git send-email \
--in-reply-to=osstest-120780-mainreport@xen.org \
--to=osstest-admin@xenproject.org \
--cc=xen-devel@lists.xenproject.org \
/path/to/YOUR_REPLY
https://kernel.org/pub/software/scm/git/docs/git-send-email.html
* If your mail client supports setting the In-Reply-To header
via mailto: links, try the mailto: link
Be sure your reply has a Subject: header at the top and a blank line
before the message body.
This is a public inbox, see mirroring instructions
for how to clone and mirror all data and code used for this inbox;
as well as URLs for NNTP newsgroup(s).