* [xen-4.6-testing test] 120830: regressions - FAIL
@ 2018-03-18 3:02 osstest service owner
0 siblings, 0 replies; only message in thread
From: osstest service owner @ 2018-03-18 3:02 UTC (permalink / raw)
To: xen-devel, osstest-admin
flight 120830 xen-4.6-testing real [real]
http://logs.test-lab.xenproject.org/osstest/logs/120830/
Regressions :-(
Tests which did not succeed and are blocking,
including tests which could not be run:
test-amd64-amd64-libvirt-qemuu-debianhvm-amd64-xsm <job status> broken in 120734
test-amd64-amd64-qemuu-nested-intel 17 debian-hvm-install/l1/l2 fail REGR. vs. 119227
Tests which are failing intermittently (not blocking):
test-amd64-amd64-libvirt-qemuu-debianhvm-amd64-xsm 4 host-install(4) broken in 120734 pass in 120830
test-armhf-armhf-xl-credit2 16 guest-start/debian.repeat fail in 120734 pass in 120830
test-xtf-amd64-amd64-1 50 xtf/test-hvm64-lbr-tsx-vmentry fail pass in 120734
test-amd64-i386-xl-qemuu-debianhvm-amd64 16 guest-localmigrate/x10 fail pass in 120734
Tests which did not succeed, but are not blocking:
test-xtf-amd64-amd64-4 50 xtf/test-hvm64-lbr-tsx-vmentry fail in 120734 like 119227
test-xtf-amd64-amd64-2 50 xtf/test-hvm64-lbr-tsx-vmentry fail like 119187
test-armhf-armhf-xl-rtds 16 guest-start/debian.repeat fail like 119187
test-xtf-amd64-amd64-5 50 xtf/test-hvm64-lbr-tsx-vmentry fail like 119227
test-armhf-armhf-libvirt 14 saverestore-support-check fail like 119227
test-armhf-armhf-libvirt-xsm 14 saverestore-support-check fail like 119227
test-amd64-i386-xl-qemuu-win7-amd64 17 guest-stop fail like 119227
test-amd64-amd64-xl-qemut-win7-amd64 17 guest-stop fail like 119227
test-armhf-armhf-libvirt-raw 13 saverestore-support-check fail like 119227
test-amd64-amd64-xl-qemuu-win7-amd64 17 guest-stop fail like 119227
test-amd64-i386-xl-qemut-win7-amd64 17 guest-stop fail like 119227
test-amd64-i386-xl-qemut-ws16-amd64 17 guest-stop fail like 119227
test-xtf-amd64-amd64-5 37 xtf/test-hvm32pae-memop-seg fail never pass
test-xtf-amd64-amd64-5 52 xtf/test-hvm64-memop-seg fail never pass
test-xtf-amd64-amd64-2 37 xtf/test-hvm32pae-memop-seg fail never pass
test-xtf-amd64-amd64-3 37 xtf/test-hvm32pae-memop-seg fail never pass
test-xtf-amd64-amd64-4 37 xtf/test-hvm32pae-memop-seg fail never pass
test-xtf-amd64-amd64-5 76 xtf/test-pv32pae-xsa-194 fail never pass
test-xtf-amd64-amd64-1 37 xtf/test-hvm32pae-memop-seg fail never pass
test-xtf-amd64-amd64-3 52 xtf/test-hvm64-memop-seg fail never pass
test-xtf-amd64-amd64-2 52 xtf/test-hvm64-memop-seg fail never pass
test-xtf-amd64-amd64-4 52 xtf/test-hvm64-memop-seg fail never pass
test-xtf-amd64-amd64-1 52 xtf/test-hvm64-memop-seg fail never pass
test-xtf-amd64-amd64-2 76 xtf/test-pv32pae-xsa-194 fail never pass
test-xtf-amd64-amd64-3 76 xtf/test-pv32pae-xsa-194 fail never pass
test-xtf-amd64-amd64-4 76 xtf/test-pv32pae-xsa-194 fail never pass
test-xtf-amd64-amd64-1 76 xtf/test-pv32pae-xsa-194 fail never pass
test-amd64-amd64-libvirt 13 migrate-support-check fail never pass
test-amd64-amd64-libvirt-xsm 13 migrate-support-check fail never pass
test-amd64-i386-libvirt-xsm 13 migrate-support-check fail never pass
test-amd64-i386-libvirt 13 migrate-support-check fail never pass
test-amd64-i386-libvirt-qemuu-debianhvm-amd64-xsm 11 migrate-support-check fail never pass
test-armhf-armhf-xl-arndale 13 migrate-support-check fail never pass
test-amd64-amd64-libvirt-qemuu-debianhvm-amd64-xsm 11 migrate-support-check fail never pass
test-armhf-armhf-xl-arndale 14 saverestore-support-check fail never pass
test-amd64-amd64-qemuu-nested-amd 17 debian-hvm-install/l1/l2 fail never pass
test-armhf-armhf-xl-rtds 13 migrate-support-check fail never pass
test-armhf-armhf-xl-rtds 14 saverestore-support-check fail never pass
test-amd64-amd64-libvirt-vhd 12 migrate-support-check fail never pass
test-armhf-armhf-libvirt 13 migrate-support-check fail never pass
test-armhf-armhf-xl-xsm 13 migrate-support-check fail never pass
test-armhf-armhf-xl-xsm 14 saverestore-support-check fail never pass
test-armhf-armhf-xl-cubietruck 13 migrate-support-check fail never pass
test-armhf-armhf-xl 13 migrate-support-check fail never pass
test-armhf-armhf-xl-cubietruck 14 saverestore-support-check fail never pass
test-armhf-armhf-xl-multivcpu 13 migrate-support-check fail never pass
test-armhf-armhf-xl 14 saverestore-support-check fail never pass
test-armhf-armhf-xl-multivcpu 14 saverestore-support-check fail never pass
test-armhf-armhf-xl-credit2 13 migrate-support-check fail never pass
test-armhf-armhf-xl-credit2 14 saverestore-support-check fail never pass
test-armhf-armhf-libvirt-xsm 13 migrate-support-check fail never pass
test-armhf-armhf-libvirt-raw 12 migrate-support-check fail never pass
test-armhf-armhf-xl-vhd 12 migrate-support-check fail never pass
test-armhf-armhf-xl-vhd 13 saverestore-support-check fail never pass
test-amd64-i386-xl-qemuu-ws16-amd64 17 guest-stop fail never pass
test-amd64-amd64-xl-qemuu-ws16-amd64 17 guest-stop fail never pass
test-amd64-amd64-xl-qemut-ws16-amd64 17 guest-stop fail never pass
test-amd64-i386-xl-qemut-win10-i386 10 windows-install fail never pass
test-amd64-amd64-xl-qemuu-win10-i386 10 windows-install fail never pass
test-amd64-i386-xl-qemuu-win10-i386 10 windows-install fail never pass
test-amd64-amd64-xl-qemut-win10-i386 10 windows-install fail never pass
version targeted for testing:
xen 33f70b879f3d0f8ac6322bdd0f58e5b14e251d0a
baseline version:
xen 75bdd693033e6dbd6fe5ae235f79961d2f0aa84d
Last test of basis 119227 2018-02-15 01:44:27 Z 30 days
Failing since 119682 2018-02-19 22:51:35 Z 26 days 19 attempts
Testing same since 120312 2018-03-07 17:07:38 Z 10 days 6 attempts
------------------------------------------------------------
People who touched revisions under test:
Andrew Cooper <andrew.cooper3@citrix.com>
Jan Beulich <jbeulich@suse.com>
Julien Grall <julien.grall@arm.com>
Julien Grall <julien.grall@linaro.org>
Marc Zyngier <marc.zyngier@arm.com>
Stefano Stabellini <sstabellini@kernel.org>
jobs:
build-amd64-xsm pass
build-armhf-xsm pass
build-i386-xsm pass
build-amd64-xtf pass
build-amd64 pass
build-armhf pass
build-i386 pass
build-amd64-libvirt pass
build-armhf-libvirt pass
build-i386-libvirt pass
build-amd64-prev pass
build-i386-prev pass
build-amd64-pvops pass
build-armhf-pvops pass
build-i386-pvops pass
build-amd64-rumprun pass
build-i386-rumprun pass
test-xtf-amd64-amd64-1 pass
test-xtf-amd64-amd64-2 pass
test-xtf-amd64-amd64-3 pass
test-xtf-amd64-amd64-4 pass
test-xtf-amd64-amd64-5 pass
test-amd64-amd64-xl pass
test-armhf-armhf-xl pass
test-amd64-i386-xl pass
test-amd64-amd64-xl-qemut-debianhvm-amd64-xsm pass
test-amd64-i386-xl-qemut-debianhvm-amd64-xsm pass
test-amd64-amd64-libvirt-qemuu-debianhvm-amd64-xsm pass
test-amd64-i386-libvirt-qemuu-debianhvm-amd64-xsm pass
test-amd64-amd64-xl-qemuu-debianhvm-amd64-xsm pass
test-amd64-i386-xl-qemuu-debianhvm-amd64-xsm pass
test-amd64-amd64-xl-qemut-stubdom-debianhvm-amd64-xsm pass
test-amd64-i386-xl-qemut-stubdom-debianhvm-amd64-xsm pass
test-amd64-amd64-libvirt-xsm pass
test-armhf-armhf-libvirt-xsm pass
test-amd64-i386-libvirt-xsm pass
test-amd64-amd64-xl-xsm pass
test-armhf-armhf-xl-xsm pass
test-amd64-i386-xl-xsm pass
test-amd64-amd64-qemuu-nested-amd fail
test-amd64-i386-qemut-rhel6hvm-amd pass
test-amd64-i386-qemuu-rhel6hvm-amd pass
test-amd64-amd64-xl-qemut-debianhvm-amd64 pass
test-amd64-i386-xl-qemut-debianhvm-amd64 pass
test-amd64-amd64-xl-qemuu-debianhvm-amd64 pass
test-amd64-i386-xl-qemuu-debianhvm-amd64 fail
test-amd64-i386-freebsd10-amd64 pass
test-amd64-amd64-xl-qemuu-ovmf-amd64 pass
test-amd64-i386-xl-qemuu-ovmf-amd64 pass
test-amd64-amd64-rumprun-amd64 pass
test-amd64-amd64-xl-qemut-win7-amd64 fail
test-amd64-i386-xl-qemut-win7-amd64 fail
test-amd64-amd64-xl-qemuu-win7-amd64 fail
test-amd64-i386-xl-qemuu-win7-amd64 fail
test-amd64-amd64-xl-qemut-ws16-amd64 fail
test-amd64-i386-xl-qemut-ws16-amd64 fail
test-amd64-amd64-xl-qemuu-ws16-amd64 fail
test-amd64-i386-xl-qemuu-ws16-amd64 fail
test-armhf-armhf-xl-arndale pass
test-amd64-amd64-xl-credit2 pass
test-armhf-armhf-xl-credit2 pass
test-armhf-armhf-xl-cubietruck pass
test-amd64-i386-freebsd10-i386 pass
test-amd64-i386-rumprun-i386 pass
test-amd64-amd64-xl-qemut-win10-i386 fail
test-amd64-i386-xl-qemut-win10-i386 fail
test-amd64-amd64-xl-qemuu-win10-i386 fail
test-amd64-i386-xl-qemuu-win10-i386 fail
test-amd64-amd64-qemuu-nested-intel fail
test-amd64-i386-qemut-rhel6hvm-intel pass
test-amd64-i386-qemuu-rhel6hvm-intel pass
test-amd64-amd64-libvirt pass
test-armhf-armhf-libvirt pass
test-amd64-i386-libvirt pass
test-amd64-amd64-migrupgrade pass
test-amd64-i386-migrupgrade pass
test-amd64-amd64-xl-multivcpu pass
test-armhf-armhf-xl-multivcpu pass
test-amd64-amd64-pair pass
test-amd64-i386-pair pass
test-amd64-amd64-libvirt-pair pass
test-amd64-i386-libvirt-pair pass
test-amd64-amd64-amd64-pvgrub pass
test-amd64-amd64-i386-pvgrub pass
test-amd64-amd64-pygrub pass
test-amd64-amd64-xl-qcow2 pass
test-armhf-armhf-libvirt-raw pass
test-amd64-i386-xl-raw pass
test-amd64-amd64-xl-rtds pass
test-armhf-armhf-xl-rtds fail
test-amd64-amd64-libvirt-vhd pass
test-armhf-armhf-xl-vhd pass
------------------------------------------------------------
sg-report-flight on osstest.test-lab.xenproject.org
logs: /home/logs/logs
images: /home/logs/images
Logs, config files, etc. are available at
http://logs.test-lab.xenproject.org/osstest/logs
Explanation of these reports, and of osstest in general, is at
http://xenbits.xen.org/gitweb/?p=osstest.git;a=blob;f=README.email;hb=master
http://xenbits.xen.org/gitweb/?p=osstest.git;a=blob;f=README;hb=master
Test harness code can be found at
http://xenbits.xen.org/gitweb?p=osstest.git;a=summary
broken-job test-amd64-amd64-libvirt-qemuu-debianhvm-amd64-xsm broken
Not pushing.
(No revision log; it would be 619 lines long.)
_______________________________________________
Xen-devel mailing list
Xen-devel@lists.xenproject.org
https://lists.xenproject.org/mailman/listinfo/xen-devel
^ permalink raw reply [flat|nested] only message in thread
only message in thread, other threads:[~2018-03-18 3:03 UTC | newest]
Thread overview: (only message) (download: mbox.gz follow: Atom feed
-- links below jump to the message on this page --
2018-03-18 3:02 [xen-4.6-testing test] 120830: regressions - FAIL osstest service owner
This is a public inbox, see mirroring instructions
for how to clone and mirror all data and code used for this inbox;
as well as URLs for NNTP newsgroup(s).