* [seabios test] 120867: regressions - FAIL
@ 2018-03-18 22:55 osstest service owner
0 siblings, 0 replies; only message in thread
From: osstest service owner @ 2018-03-18 22:55 UTC (permalink / raw)
To: xen-devel, osstest-admin
[-- Attachment #1: Type: text/plain, Size: 4173 bytes --]
flight 120867 seabios real [real]
http://logs.test-lab.xenproject.org/osstest/logs/120867/
Regressions :-(
Tests which did not succeed and are blocking,
including tests which could not be run:
test-amd64-amd64-xl-qemuu-ws16-amd64 17 guest-stop fail REGR. vs. 115539
Tests which did not succeed, but are not blocking:
test-amd64-i386-xl-qemuu-win7-amd64 17 guest-stop fail like 115539
test-amd64-amd64-xl-qemuu-win7-amd64 17 guest-stop fail like 115539
test-amd64-i386-xl-qemuu-ws16-amd64 17 guest-stop fail like 115539
test-amd64-amd64-libvirt-qemuu-debianhvm-amd64-xsm 11 migrate-support-check fail never pass
test-amd64-i386-libvirt-qemuu-debianhvm-amd64-xsm 11 migrate-support-check fail never pass
test-amd64-amd64-qemuu-nested-amd 17 debian-hvm-install/l1/l2 fail never pass
test-amd64-amd64-xl-qemuu-win10-i386 10 windows-install fail never pass
test-amd64-i386-xl-qemuu-win10-i386 10 windows-install fail never pass
version targeted for testing:
seabios 5adc8bdea6a77bdb457d9cbca9a49a7d01cc25cd
baseline version:
seabios 0ca6d6277dfafc671a5b3718cbeb5c78e2a888ea
Last test of basis 115539 2017-11-03 20:48:58 Z 135 days
Failing since 115733 2017-11-10 17:19:59 Z 128 days 149 attempts
Testing same since 120197 2018-03-03 11:37:53 Z 15 days 9 attempts
------------------------------------------------------------
People who touched revisions under test:
Kevin O'Connor <kevin@koconnor.net>
Marc-André Lureau <marcandre.lureau@redhat.com>
Marcel Apfelbaum <marcel@redhat.com>
Michael S. Tsirkin <mst@redhat.com>
Nikolay Nikolov <nickysn@users.sourceforge.net>
Paul Menzel <pmenzel@molgen.mpg.de>
Stefan Berger <stefanb@linux.vnet.ibm.com>
Stephen Douthit <stephend@silicom-usa.com>
jobs:
build-amd64-xsm pass
build-i386-xsm pass
build-amd64 pass
build-i386 pass
build-amd64-libvirt pass
build-i386-libvirt pass
build-amd64-pvops pass
build-i386-pvops pass
test-amd64-amd64-libvirt-qemuu-debianhvm-amd64-xsm pass
test-amd64-i386-libvirt-qemuu-debianhvm-amd64-xsm pass
test-amd64-amd64-xl-qemuu-debianhvm-amd64-xsm pass
test-amd64-i386-xl-qemuu-debianhvm-amd64-xsm pass
test-amd64-amd64-qemuu-nested-amd fail
test-amd64-i386-qemuu-rhel6hvm-amd pass
test-amd64-amd64-xl-qemuu-debianhvm-amd64 pass
test-amd64-i386-xl-qemuu-debianhvm-amd64 pass
test-amd64-amd64-xl-qemuu-win7-amd64 fail
test-amd64-i386-xl-qemuu-win7-amd64 fail
test-amd64-amd64-xl-qemuu-ws16-amd64 fail
test-amd64-i386-xl-qemuu-ws16-amd64 fail
test-amd64-amd64-xl-qemuu-win10-i386 fail
test-amd64-i386-xl-qemuu-win10-i386 fail
test-amd64-amd64-qemuu-nested-intel pass
test-amd64-i386-qemuu-rhel6hvm-intel pass
------------------------------------------------------------
sg-report-flight on osstest.test-lab.xenproject.org
logs: /home/logs/logs
images: /home/logs/images
Logs, config files, etc. are available at
http://logs.test-lab.xenproject.org/osstest/logs
Explanation of these reports, and of osstest in general, is at
http://xenbits.xen.org/gitweb/?p=osstest.git;a=blob;f=README.email;hb=master
http://xenbits.xen.org/gitweb/?p=osstest.git;a=blob;f=README;hb=master
Test harness code can be found at
http://xenbits.xen.org/gitweb?p=osstest.git;a=summary
Not pushing.
(No revision log; it would be 336 lines long.)
[-- Attachment #2: Type: text/plain, Size: 157 bytes --]
_______________________________________________
Xen-devel mailing list
Xen-devel@lists.xenproject.org
https://lists.xenproject.org/mailman/listinfo/xen-devel
^ permalink raw reply [flat|nested] only message in thread
only message in thread, other threads:[~2018-03-18 22:55 UTC | newest]
Thread overview: (only message) (download: mbox.gz follow: Atom feed
-- links below jump to the message on this page --
2018-03-18 22:55 [seabios test] 120867: regressions - FAIL osstest service owner
This is a public inbox, see mirroring instructions
for how to clone and mirror all data and code used for this inbox;
as well as URLs for NNTP newsgroup(s).