From mboxrd@z Thu Jan 1 00:00:00 1970 From: osstest service owner Subject: [seabios test] 120867: regressions - FAIL Date: Sun, 18 Mar 2018 22:55:29 +0000 Message-ID: Mime-Version: 1.0 Content-Type: multipart/mixed; boundary="===============2135659854991016770==" Return-path: Received: from all-amaz-eas1.inumbo.com ([34.197.232.57]) by lists.xenproject.org with esmtp (Exim 4.84_2) (envelope-from ) id 1exhDG-0006J0-2J for xen-devel@lists.xenproject.org; Sun, 18 Mar 2018 22:55:38 +0000 List-Unsubscribe: , List-Post: List-Help: List-Subscribe: , Errors-To: xen-devel-bounces@lists.xenproject.org Sender: "Xen-devel" To: xen-devel@lists.xenproject.org, osstest-admin@xenproject.org List-Id: xen-devel@lists.xenproject.org --===============2135659854991016770== Content-Type: text/plain flight 120867 seabios real [real] http://logs.test-lab.xenproject.org/osstest/logs/120867/ Regressions :-( Tests which did not succeed and are blocking, including tests which could not be run: test-amd64-amd64-xl-qemuu-ws16-amd64 17 guest-stop fail REGR. vs. 115539 Tests which did not succeed, but are not blocking: test-amd64-i386-xl-qemuu-win7-amd64 17 guest-stop fail like 115539 test-amd64-amd64-xl-qemuu-win7-amd64 17 guest-stop fail like 115539 test-amd64-i386-xl-qemuu-ws16-amd64 17 guest-stop fail like 115539 test-amd64-amd64-libvirt-qemuu-debianhvm-amd64-xsm 11 migrate-support-check fail never pass test-amd64-i386-libvirt-qemuu-debianhvm-amd64-xsm 11 migrate-support-check fail never pass test-amd64-amd64-qemuu-nested-amd 17 debian-hvm-install/l1/l2 fail never pass test-amd64-amd64-xl-qemuu-win10-i386 10 windows-install fail never pass test-amd64-i386-xl-qemuu-win10-i386 10 windows-install fail never pass version targeted for testing: seabios 5adc8bdea6a77bdb457d9cbca9a49a7d01cc25cd baseline version: seabios 0ca6d6277dfafc671a5b3718cbeb5c78e2a888ea Last test of basis 115539 2017-11-03 20:48:58 Z 135 days Failing since 115733 2017-11-10 17:19:59 Z 128 days 149 attempts Testing same since 120197 2018-03-03 11:37:53 Z 15 days 9 attempts ------------------------------------------------------------ People who touched revisions under test: Kevin O'Connor Marc-André Lureau Marcel Apfelbaum Michael S. Tsirkin Nikolay Nikolov Paul Menzel Stefan Berger Stephen Douthit jobs: build-amd64-xsm pass build-i386-xsm pass build-amd64 pass build-i386 pass build-amd64-libvirt pass build-i386-libvirt pass build-amd64-pvops pass build-i386-pvops pass test-amd64-amd64-libvirt-qemuu-debianhvm-amd64-xsm pass test-amd64-i386-libvirt-qemuu-debianhvm-amd64-xsm pass test-amd64-amd64-xl-qemuu-debianhvm-amd64-xsm pass test-amd64-i386-xl-qemuu-debianhvm-amd64-xsm pass test-amd64-amd64-qemuu-nested-amd fail test-amd64-i386-qemuu-rhel6hvm-amd pass test-amd64-amd64-xl-qemuu-debianhvm-amd64 pass test-amd64-i386-xl-qemuu-debianhvm-amd64 pass test-amd64-amd64-xl-qemuu-win7-amd64 fail test-amd64-i386-xl-qemuu-win7-amd64 fail test-amd64-amd64-xl-qemuu-ws16-amd64 fail test-amd64-i386-xl-qemuu-ws16-amd64 fail test-amd64-amd64-xl-qemuu-win10-i386 fail test-amd64-i386-xl-qemuu-win10-i386 fail test-amd64-amd64-qemuu-nested-intel pass test-amd64-i386-qemuu-rhel6hvm-intel pass ------------------------------------------------------------ sg-report-flight on osstest.test-lab.xenproject.org logs: /home/logs/logs images: /home/logs/images Logs, config files, etc. are available at http://logs.test-lab.xenproject.org/osstest/logs Explanation of these reports, and of osstest in general, is at http://xenbits.xen.org/gitweb/?p=osstest.git;a=blob;f=README.email;hb=master http://xenbits.xen.org/gitweb/?p=osstest.git;a=blob;f=README;hb=master Test harness code can be found at http://xenbits.xen.org/gitweb?p=osstest.git;a=summary Not pushing. (No revision log; it would be 336 lines long.) --===============2135659854991016770== Content-Type: text/plain; charset="utf-8" MIME-Version: 1.0 Content-Transfer-Encoding: base64 Content-Disposition: inline X19fX19fX19fX19fX19fX19fX19fX19fX19fX19fX19fX19fX19fX19fX19fX18KWGVuLWRldmVs IG1haWxpbmcgbGlzdApYZW4tZGV2ZWxAbGlzdHMueGVucHJvamVjdC5vcmcKaHR0cHM6Ly9saXN0 cy54ZW5wcm9qZWN0Lm9yZy9tYWlsbWFuL2xpc3RpbmZvL3hlbi1kZXZlbA== --===============2135659854991016770==--