* [qemu-mainline test] 120869: regressions - trouble: broken/fail/pass
@ 2018-03-19 0:43 osstest service owner
0 siblings, 0 replies; only message in thread
From: osstest service owner @ 2018-03-19 0:43 UTC (permalink / raw)
To: xen-devel, osstest-admin
[-- Attachment #1: Type: text/plain, Size: 15110 bytes --]
flight 120869 qemu-mainline real [real]
http://logs.test-lab.xenproject.org/osstest/logs/120869/
Regressions :-(
Tests which did not succeed and are blocking,
including tests which could not be run:
test-amd64-amd64-xl-pvshim <job status> broken
test-amd64-amd64-qemuu-nested-intel 14 xen-boot/l1 fail REGR. vs. 120095
test-amd64-amd64-qemuu-nested-amd 14 xen-boot/l1 fail REGR. vs. 120095
Tests which did not succeed, but are not blocking:
test-amd64-amd64-xl-pvshim 4 host-install(4) broken baseline untested
test-armhf-armhf-libvirt-xsm 14 saverestore-support-check fail like 120095
test-armhf-armhf-libvirt 14 saverestore-support-check fail like 120095
test-amd64-amd64-xl-qemuu-win7-amd64 17 guest-stop fail like 120095
test-amd64-i386-xl-qemuu-win7-amd64 17 guest-stop fail like 120095
test-armhf-armhf-libvirt-raw 13 saverestore-support-check fail like 120095
test-amd64-amd64-xl-qemuu-ws16-amd64 17 guest-stop fail like 120095
test-amd64-i386-xl-pvshim 12 guest-start fail never pass
test-amd64-amd64-xl-pvhv2-intel 12 guest-start fail never pass
test-amd64-amd64-xl-pvhv2-amd 12 guest-start fail never pass
test-amd64-amd64-libvirt 13 migrate-support-check fail never pass
test-amd64-amd64-libvirt-xsm 13 migrate-support-check fail never pass
test-amd64-i386-libvirt 13 migrate-support-check fail never pass
test-amd64-i386-libvirt-xsm 13 migrate-support-check fail never pass
test-arm64-arm64-xl-xsm 13 migrate-support-check fail never pass
test-arm64-arm64-xl-xsm 14 saverestore-support-check fail never pass
test-arm64-arm64-xl 13 migrate-support-check fail never pass
test-arm64-arm64-xl 14 saverestore-support-check fail never pass
test-arm64-arm64-xl-credit2 13 migrate-support-check fail never pass
test-arm64-arm64-xl-credit2 14 saverestore-support-check fail never pass
test-arm64-arm64-libvirt-xsm 13 migrate-support-check fail never pass
test-arm64-arm64-libvirt-xsm 14 saverestore-support-check fail never pass
test-amd64-amd64-libvirt-qemuu-debianhvm-amd64-xsm 11 migrate-support-check fail never pass
test-amd64-i386-libvirt-qemuu-debianhvm-amd64-xsm 11 migrate-support-check fail never pass
test-armhf-armhf-xl-arndale 13 migrate-support-check fail never pass
test-armhf-armhf-xl-arndale 14 saverestore-support-check fail never pass
test-amd64-amd64-libvirt-vhd 12 migrate-support-check fail never pass
test-armhf-armhf-xl-multivcpu 13 migrate-support-check fail never pass
test-armhf-armhf-xl-multivcpu 14 saverestore-support-check fail never pass
test-armhf-armhf-xl-cubietruck 13 migrate-support-check fail never pass
test-armhf-armhf-xl-cubietruck 14 saverestore-support-check fail never pass
test-armhf-armhf-xl-rtds 13 migrate-support-check fail never pass
test-armhf-armhf-xl-credit2 13 migrate-support-check fail never pass
test-armhf-armhf-xl-rtds 14 saverestore-support-check fail never pass
test-armhf-armhf-xl-credit2 14 saverestore-support-check fail never pass
test-armhf-armhf-libvirt-xsm 13 migrate-support-check fail never pass
test-armhf-armhf-libvirt 13 migrate-support-check fail never pass
test-armhf-armhf-libvirt-raw 12 migrate-support-check fail never pass
test-armhf-armhf-xl-vhd 12 migrate-support-check fail never pass
test-armhf-armhf-xl-vhd 13 saverestore-support-check fail never pass
test-armhf-armhf-xl 13 migrate-support-check fail never pass
test-armhf-armhf-xl 14 saverestore-support-check fail never pass
test-armhf-armhf-xl-xsm 13 migrate-support-check fail never pass
test-armhf-armhf-xl-xsm 14 saverestore-support-check fail never pass
test-amd64-i386-xl-qemuu-ws16-amd64 17 guest-stop fail never pass
test-amd64-i386-xl-qemuu-win10-i386 10 windows-install fail never pass
test-amd64-amd64-xl-qemuu-win10-i386 10 windows-install fail never pass
version targeted for testing:
qemuu 2bb39a657abeac3f33ab3298177fb27c35f5b50a
baseline version:
qemuu 6697439794f72b3501ee16bb95d16854f9981421
Last test of basis 120095 2018-02-28 13:46:33 Z 18 days
Failing since 120146 2018-03-02 10:10:57 Z 16 days 9 attempts
Testing same since 120869 2018-03-17 12:32:12 Z 1 days 1 attempts
------------------------------------------------------------
People who touched revisions under test:
Alberto Garcia <berto@igalia.com>
Alex Bennée <alex.bennee@linaro.org>
Alex Bennée <alex.bennee@linaro.org>
Alex Williamson <alex.williamson@redhat.com>
Alexey Kardashevskiy <aik@ozlabs.ru>
Alistair Francis <alistair.francis@xilinx.com>
Alistair Francis <alistair@alistair23.me>
Andrey Smirnov <andrew.smirnov@gmail.com>
Anton Nefedov <anton.nefedov@virtuozzo.com>
BALATON Zoltan <balaton@eik.bme.hu>
Bastian Koppelmann <kbastian@mail.uni-paderborn.de>
Brijesh Singh <brijesh.singh@amd.com>
Bruce Rogers <brogers@suse.com>
Chao Peng <chao.p.peng@linux.intel.com>
Christian Borntraeger <borntraeger@de.ibm.com>
Claudio Imbrenda <imbrenda@linux.vnet.ibm.com>
Collin L. Walling <walling@linux.vnet.ibm.com>
Corey Minyard <cminyard@mvista.com>
Cornelia Huck <cohuck@redhat.com>
Daire McNamara <daire.mcnamara@emdalo.com>
Daniel Henrique Barboza <danielhb@linux.vnet.ibm.com>
Daniel P. Berrange <berrange@redhat.com>
Daniel P. Berrangé <berrange@redhat.com>
David Brenken <david.brenken@efs-auto.de>
David Engraf <david.engraf@sysgo.com>
David Gibson <david@gibson.dropbear.id.au>
David Gibson <david@gibson.dropbear.id.au> (hw/ppc)
David Hildenbrand <david@redhat.com>
Deepa Srinivasan <deepa.srinivasan@oracle.com>
Dr. David Alan Gilbert <dgilbert@redhat.com>
Eduardo Habkost <ehabkost@redhat.com>
Eric Blake <eblake@redhat.com>
Fam Zheng <famz@redhat.com>
Florian Artmeier <florian.artmeier@efs-auto.de>
Francisco Iglesias <frasse.iglesias@gmail.com>
François Revol <revol@free.fr>
Georg Hofstetter <georg.hofstetter@efs-auto.de>
Gerd Hoffmann <kraxel@redhat.com>
Gonglei <arei.gonglei@huawei.com>
Greg Kurz <groug@kaod.org>
Halil Pasic <pasic@linux.vnet.ibm.com>
Ivan Griffin <ivan.griffin@emdalo.com>
Jack Schwartz <jack.schwartz@oracle.com>
Jan Kiszka <jan.kiszka@siemens.com>
Janosch Frank <frankja@linux.vnet.ibm.com>
Jason Wang <jasowang@redhat.com>
Jay Zhou <jianjay.zhou@huawei.com>
Jeff Cody <jcody@redhat.com>
Jia He <hejianet@gmail.com>
Jia He <jia.he@hxt-semitech.com>
John Snow <jsnow@redhat.com>
Julia Suvorova <jusual@mail.ru>
Justin Terry (VM) <juterry@microsoft.com>
Justin Terry (VM) via Qemu-devel <qemu-devel@nongnu.org>
Kashyap Chamarthy <kchamart@redhat.com>
Kevin Wolf <kwolf@redhat.com>
KONRAD Frederic <frederic.konrad@adacore.com>
Konrad Rzeszutek Wilk <konrad.wilk@oracle.com>
Laurent Vivier <laurent@vivier.eu>
Linus Walleij <linus.walleij@linaro.org>
linzhecheng <linzhecheng@huawei.com>
Liran Alon <liran.alon@oracle.com>
Longpeng(Mike) <longpeng2@huawei.com>
Luiz Capitulino <lcapitulino@redhat.com>
Luke Shumaker <lukeshu@parabola.nu>
Luwei Kang <luwei.kang@intel.com>
Marc-André Lureau <marcandre.lureau@redhat.com>
Mark Cave-Ayland <mark.cave-ayland@ilande.co.uk>
Markus Armbruster <armbru@redhat.com>
Matthew Rosato <mjrosato@linux.vnet.ibm.com>
Max Filippov <jcmvbkbc@gmail.com>
Max Reitz <mreitz@redhat.com>
Michael Clark <mjc@sifive.com>
Michael S. Tsirkin <mst@redhat.com>
Nia Alarie <nia.alarie@gmail.com>
Nikunj A Dadhania <nikunj@linux.vnet.ibm.com>
Palmer Dabbelt <palmer@sifive.com>
Paolo Bonzini <pbonzini@redhat.com>
Pavel Dovgalyuk <Pavel.Dovgaluk@ispras.ru>
Peter Lieven <pl@kamp.de>
Peter Maydell <peter.maydell@linaro.org>
Peter Xu <peterx@redhat.com>
Philippe Mathieu-Daudé <f4bug@amsat.org>
Pierre Morel <pmorel@linux.vnet.ibm.com>
Richard Henderson <richard.henderson@linaro.org>
Ross Lagerwall <ross.lagerwall@citrix.com>
Sagar Karandikar <sagark@eecs.berkeley.edu>
Sergio Lopez <slp@redhat.com>
Shea Levy <shea@shealevy.com>
Simon Guo <wei.guo.simon@gmail.com>
Stef O'Rear <sorear2@gmail.com>
Stefan Berger <stefanb@linux.vnet.ibm.com>
Stefan Hajnoczi <stefanha@redhat.com>
Stefan O'Rear <sorear2@gmail.com>
Su Hang <suhang16@mails.ucas.ac.cn>
Suraj Jitindar Singh <sjitindarsingh@gmail.com>
Thomas Huth <thuth@redhat.com>
Tomáš Golembiovský <tgolembi@redhat.com>
Viktor Mihajlovski <mihajlov@linux.vnet.ibm.com>
Vladimir Sementsov-Ogievskiy <vsementsov@virtuozzo.com>
Wanpeng Li <wanpengli@tencent.com>
zhenwei.pi <zhenwei.pi@youruncloud.com>
jobs:
build-amd64-xsm pass
build-arm64-xsm pass
build-armhf-xsm pass
build-i386-xsm pass
build-amd64 pass
build-arm64 pass
build-armhf pass
build-i386 pass
build-amd64-libvirt pass
build-arm64-libvirt pass
build-armhf-libvirt pass
build-i386-libvirt pass
build-amd64-pvops pass
build-arm64-pvops pass
build-armhf-pvops pass
build-i386-pvops pass
test-amd64-amd64-xl pass
test-arm64-arm64-xl pass
test-armhf-armhf-xl pass
test-amd64-i386-xl pass
test-amd64-amd64-libvirt-qemuu-debianhvm-amd64-xsm pass
test-amd64-i386-libvirt-qemuu-debianhvm-amd64-xsm pass
test-amd64-amd64-xl-qemuu-debianhvm-amd64-xsm pass
test-amd64-i386-xl-qemuu-debianhvm-amd64-xsm pass
test-amd64-amd64-libvirt-xsm pass
test-arm64-arm64-libvirt-xsm pass
test-armhf-armhf-libvirt-xsm pass
test-amd64-i386-libvirt-xsm pass
test-amd64-amd64-xl-xsm pass
test-arm64-arm64-xl-xsm pass
test-armhf-armhf-xl-xsm pass
test-amd64-i386-xl-xsm pass
test-amd64-amd64-qemuu-nested-amd fail
test-amd64-amd64-xl-pvhv2-amd fail
test-amd64-i386-qemuu-rhel6hvm-amd pass
test-amd64-amd64-xl-qemuu-debianhvm-amd64 pass
test-amd64-i386-xl-qemuu-debianhvm-amd64 pass
test-amd64-i386-freebsd10-amd64 pass
test-amd64-amd64-xl-qemuu-ovmf-amd64 pass
test-amd64-i386-xl-qemuu-ovmf-amd64 pass
test-amd64-amd64-xl-qemuu-win7-amd64 fail
test-amd64-i386-xl-qemuu-win7-amd64 fail
test-amd64-amd64-xl-qemuu-ws16-amd64 fail
test-amd64-i386-xl-qemuu-ws16-amd64 fail
test-armhf-armhf-xl-arndale pass
test-amd64-amd64-xl-credit2 pass
test-arm64-arm64-xl-credit2 pass
test-armhf-armhf-xl-credit2 pass
test-armhf-armhf-xl-cubietruck pass
test-amd64-i386-freebsd10-i386 pass
test-amd64-amd64-xl-qemuu-win10-i386 fail
test-amd64-i386-xl-qemuu-win10-i386 fail
test-amd64-amd64-qemuu-nested-intel fail
test-amd64-amd64-xl-pvhv2-intel fail
test-amd64-i386-qemuu-rhel6hvm-intel pass
test-amd64-amd64-libvirt pass
test-armhf-armhf-libvirt pass
test-amd64-i386-libvirt pass
test-amd64-amd64-xl-multivcpu pass
test-armhf-armhf-xl-multivcpu pass
test-amd64-amd64-pair pass
test-amd64-i386-pair pass
test-amd64-amd64-libvirt-pair pass
test-amd64-i386-libvirt-pair pass
test-amd64-amd64-amd64-pvgrub pass
test-amd64-amd64-i386-pvgrub pass
test-amd64-amd64-xl-pvshim broken
test-amd64-i386-xl-pvshim fail
test-amd64-amd64-pygrub pass
test-amd64-amd64-xl-qcow2 pass
test-armhf-armhf-libvirt-raw pass
test-amd64-i386-xl-raw pass
test-amd64-amd64-xl-rtds pass
test-armhf-armhf-xl-rtds pass
test-amd64-amd64-libvirt-vhd pass
test-armhf-armhf-xl-vhd pass
------------------------------------------------------------
sg-report-flight on osstest.test-lab.xenproject.org
logs: /home/logs/logs
images: /home/logs/images
Logs, config files, etc. are available at
http://logs.test-lab.xenproject.org/osstest/logs
Explanation of these reports, and of osstest in general, is at
http://xenbits.xen.org/gitweb/?p=osstest.git;a=blob;f=README.email;hb=master
http://xenbits.xen.org/gitweb/?p=osstest.git;a=blob;f=README;hb=master
Test harness code can be found at
http://xenbits.xen.org/gitweb?p=osstest.git;a=summary
broken-job test-amd64-amd64-xl-pvshim broken
broken-step test-amd64-amd64-xl-pvshim host-install(4)
Not pushing.
(No revision log; it would be 13397 lines long.)
[-- Attachment #2: Type: text/plain, Size: 157 bytes --]
_______________________________________________
Xen-devel mailing list
Xen-devel@lists.xenproject.org
https://lists.xenproject.org/mailman/listinfo/xen-devel
^ permalink raw reply [flat|nested] only message in thread
only message in thread, other threads:[~2018-03-19 0:43 UTC | newest]
Thread overview: (only message) (download: mbox.gz follow: Atom feed
-- links below jump to the message on this page --
2018-03-19 0:43 [qemu-mainline test] 120869: regressions - trouble: broken/fail/pass osstest service owner
This is a public inbox, see mirroring instructions
for how to clone and mirror all data and code used for this inbox;
as well as URLs for NNTP newsgroup(s).