From mboxrd@z Thu Jan 1 00:00:00 1970 From: osstest service owner Subject: [qemu-mainline test] 120869: regressions - trouble: broken/fail/pass Date: Mon, 19 Mar 2018 00:43:22 +0000 Message-ID: Mime-Version: 1.0 Content-Type: multipart/mixed; boundary="===============2747989901503189417==" Return-path: Received: from us1-rack-dfw2.inumbo.com ([104.130.134.6]) by lists.xenproject.org with esmtp (Exim 4.84_2) (envelope-from ) id 1exite-0005cj-3y for xen-devel@lists.xenproject.org; Mon, 19 Mar 2018 00:43:30 +0000 List-Unsubscribe: , List-Post: List-Help: List-Subscribe: , Errors-To: xen-devel-bounces@lists.xenproject.org Sender: "Xen-devel" To: xen-devel@lists.xenproject.org, osstest-admin@xenproject.org List-Id: xen-devel@lists.xenproject.org --===============2747989901503189417== Content-Type: text/plain flight 120869 qemu-mainline real [real] http://logs.test-lab.xenproject.org/osstest/logs/120869/ Regressions :-( Tests which did not succeed and are blocking, including tests which could not be run: test-amd64-amd64-xl-pvshim broken test-amd64-amd64-qemuu-nested-intel 14 xen-boot/l1 fail REGR. vs. 120095 test-amd64-amd64-qemuu-nested-amd 14 xen-boot/l1 fail REGR. vs. 120095 Tests which did not succeed, but are not blocking: test-amd64-amd64-xl-pvshim 4 host-install(4) broken baseline untested test-armhf-armhf-libvirt-xsm 14 saverestore-support-check fail like 120095 test-armhf-armhf-libvirt 14 saverestore-support-check fail like 120095 test-amd64-amd64-xl-qemuu-win7-amd64 17 guest-stop fail like 120095 test-amd64-i386-xl-qemuu-win7-amd64 17 guest-stop fail like 120095 test-armhf-armhf-libvirt-raw 13 saverestore-support-check fail like 120095 test-amd64-amd64-xl-qemuu-ws16-amd64 17 guest-stop fail like 120095 test-amd64-i386-xl-pvshim 12 guest-start fail never pass test-amd64-amd64-xl-pvhv2-intel 12 guest-start fail never pass test-amd64-amd64-xl-pvhv2-amd 12 guest-start fail never pass test-amd64-amd64-libvirt 13 migrate-support-check fail never pass test-amd64-amd64-libvirt-xsm 13 migrate-support-check fail never pass test-amd64-i386-libvirt 13 migrate-support-check fail never pass test-amd64-i386-libvirt-xsm 13 migrate-support-check fail never pass test-arm64-arm64-xl-xsm 13 migrate-support-check fail never pass test-arm64-arm64-xl-xsm 14 saverestore-support-check fail never pass test-arm64-arm64-xl 13 migrate-support-check fail never pass test-arm64-arm64-xl 14 saverestore-support-check fail never pass test-arm64-arm64-xl-credit2 13 migrate-support-check fail never pass test-arm64-arm64-xl-credit2 14 saverestore-support-check fail never pass test-arm64-arm64-libvirt-xsm 13 migrate-support-check fail never pass test-arm64-arm64-libvirt-xsm 14 saverestore-support-check fail never pass test-amd64-amd64-libvirt-qemuu-debianhvm-amd64-xsm 11 migrate-support-check fail never pass test-amd64-i386-libvirt-qemuu-debianhvm-amd64-xsm 11 migrate-support-check fail never pass test-armhf-armhf-xl-arndale 13 migrate-support-check fail never pass test-armhf-armhf-xl-arndale 14 saverestore-support-check fail never pass test-amd64-amd64-libvirt-vhd 12 migrate-support-check fail never pass test-armhf-armhf-xl-multivcpu 13 migrate-support-check fail never pass test-armhf-armhf-xl-multivcpu 14 saverestore-support-check fail never pass test-armhf-armhf-xl-cubietruck 13 migrate-support-check fail never pass test-armhf-armhf-xl-cubietruck 14 saverestore-support-check fail never pass test-armhf-armhf-xl-rtds 13 migrate-support-check fail never pass test-armhf-armhf-xl-credit2 13 migrate-support-check fail never pass test-armhf-armhf-xl-rtds 14 saverestore-support-check fail never pass test-armhf-armhf-xl-credit2 14 saverestore-support-check fail never pass test-armhf-armhf-libvirt-xsm 13 migrate-support-check fail never pass test-armhf-armhf-libvirt 13 migrate-support-check fail never pass test-armhf-armhf-libvirt-raw 12 migrate-support-check fail never pass test-armhf-armhf-xl-vhd 12 migrate-support-check fail never pass test-armhf-armhf-xl-vhd 13 saverestore-support-check fail never pass test-armhf-armhf-xl 13 migrate-support-check fail never pass test-armhf-armhf-xl 14 saverestore-support-check fail never pass test-armhf-armhf-xl-xsm 13 migrate-support-check fail never pass test-armhf-armhf-xl-xsm 14 saverestore-support-check fail never pass test-amd64-i386-xl-qemuu-ws16-amd64 17 guest-stop fail never pass test-amd64-i386-xl-qemuu-win10-i386 10 windows-install fail never pass test-amd64-amd64-xl-qemuu-win10-i386 10 windows-install fail never pass version targeted for testing: qemuu 2bb39a657abeac3f33ab3298177fb27c35f5b50a baseline version: qemuu 6697439794f72b3501ee16bb95d16854f9981421 Last test of basis 120095 2018-02-28 13:46:33 Z 18 days Failing since 120146 2018-03-02 10:10:57 Z 16 days 9 attempts Testing same since 120869 2018-03-17 12:32:12 Z 1 days 1 attempts ------------------------------------------------------------ People who touched revisions under test: Alberto Garcia Alex Bennée Alex Bennée Alex Williamson Alexey Kardashevskiy Alistair Francis Alistair Francis Andrey Smirnov Anton Nefedov BALATON Zoltan Bastian Koppelmann Brijesh Singh Bruce Rogers Chao Peng Christian Borntraeger Claudio Imbrenda Collin L. Walling Corey Minyard Cornelia Huck Daire McNamara Daniel Henrique Barboza Daniel P. Berrange Daniel P. Berrangé David Brenken David Engraf David Gibson David Gibson (hw/ppc) David Hildenbrand Deepa Srinivasan Dr. David Alan Gilbert Eduardo Habkost Eric Blake Fam Zheng Florian Artmeier Francisco Iglesias François Revol Georg Hofstetter Gerd Hoffmann Gonglei Greg Kurz Halil Pasic Ivan Griffin Jack Schwartz Jan Kiszka Janosch Frank Jason Wang Jay Zhou Jeff Cody Jia He Jia He John Snow Julia Suvorova Justin Terry (VM) Justin Terry (VM) via Qemu-devel Kashyap Chamarthy Kevin Wolf KONRAD Frederic Konrad Rzeszutek Wilk Laurent Vivier Linus Walleij linzhecheng Liran Alon Longpeng(Mike) Luiz Capitulino Luke Shumaker Luwei Kang Marc-André Lureau Mark Cave-Ayland Markus Armbruster Matthew Rosato Max Filippov Max Reitz Michael Clark Michael S. Tsirkin Nia Alarie Nikunj A Dadhania Palmer Dabbelt Paolo Bonzini Pavel Dovgalyuk Peter Lieven Peter Maydell Peter Xu Philippe Mathieu-Daudé Pierre Morel Richard Henderson Ross Lagerwall Sagar Karandikar Sergio Lopez Shea Levy Simon Guo Stef O'Rear Stefan Berger Stefan Hajnoczi Stefan O'Rear Su Hang Suraj Jitindar Singh Thomas Huth Tomáš Golembiovský Viktor Mihajlovski Vladimir Sementsov-Ogievskiy Wanpeng Li zhenwei.pi jobs: build-amd64-xsm pass build-arm64-xsm pass build-armhf-xsm pass build-i386-xsm pass build-amd64 pass build-arm64 pass build-armhf pass build-i386 pass build-amd64-libvirt pass build-arm64-libvirt pass build-armhf-libvirt pass build-i386-libvirt pass build-amd64-pvops pass build-arm64-pvops pass build-armhf-pvops pass build-i386-pvops pass test-amd64-amd64-xl pass test-arm64-arm64-xl pass test-armhf-armhf-xl pass test-amd64-i386-xl pass test-amd64-amd64-libvirt-qemuu-debianhvm-amd64-xsm pass test-amd64-i386-libvirt-qemuu-debianhvm-amd64-xsm pass test-amd64-amd64-xl-qemuu-debianhvm-amd64-xsm pass test-amd64-i386-xl-qemuu-debianhvm-amd64-xsm pass test-amd64-amd64-libvirt-xsm pass test-arm64-arm64-libvirt-xsm pass test-armhf-armhf-libvirt-xsm pass test-amd64-i386-libvirt-xsm pass test-amd64-amd64-xl-xsm pass test-arm64-arm64-xl-xsm pass test-armhf-armhf-xl-xsm pass test-amd64-i386-xl-xsm pass test-amd64-amd64-qemuu-nested-amd fail test-amd64-amd64-xl-pvhv2-amd fail test-amd64-i386-qemuu-rhel6hvm-amd pass test-amd64-amd64-xl-qemuu-debianhvm-amd64 pass test-amd64-i386-xl-qemuu-debianhvm-amd64 pass test-amd64-i386-freebsd10-amd64 pass test-amd64-amd64-xl-qemuu-ovmf-amd64 pass test-amd64-i386-xl-qemuu-ovmf-amd64 pass test-amd64-amd64-xl-qemuu-win7-amd64 fail test-amd64-i386-xl-qemuu-win7-amd64 fail test-amd64-amd64-xl-qemuu-ws16-amd64 fail test-amd64-i386-xl-qemuu-ws16-amd64 fail test-armhf-armhf-xl-arndale pass test-amd64-amd64-xl-credit2 pass test-arm64-arm64-xl-credit2 pass test-armhf-armhf-xl-credit2 pass test-armhf-armhf-xl-cubietruck pass test-amd64-i386-freebsd10-i386 pass test-amd64-amd64-xl-qemuu-win10-i386 fail test-amd64-i386-xl-qemuu-win10-i386 fail test-amd64-amd64-qemuu-nested-intel fail test-amd64-amd64-xl-pvhv2-intel fail test-amd64-i386-qemuu-rhel6hvm-intel pass test-amd64-amd64-libvirt pass test-armhf-armhf-libvirt pass test-amd64-i386-libvirt pass test-amd64-amd64-xl-multivcpu pass test-armhf-armhf-xl-multivcpu pass test-amd64-amd64-pair pass test-amd64-i386-pair pass test-amd64-amd64-libvirt-pair pass test-amd64-i386-libvirt-pair pass test-amd64-amd64-amd64-pvgrub pass test-amd64-amd64-i386-pvgrub pass test-amd64-amd64-xl-pvshim broken test-amd64-i386-xl-pvshim fail test-amd64-amd64-pygrub pass test-amd64-amd64-xl-qcow2 pass test-armhf-armhf-libvirt-raw pass test-amd64-i386-xl-raw pass test-amd64-amd64-xl-rtds pass test-armhf-armhf-xl-rtds pass test-amd64-amd64-libvirt-vhd pass test-armhf-armhf-xl-vhd pass ------------------------------------------------------------ sg-report-flight on osstest.test-lab.xenproject.org logs: /home/logs/logs images: /home/logs/images Logs, config files, etc. are available at http://logs.test-lab.xenproject.org/osstest/logs Explanation of these reports, and of osstest in general, is at http://xenbits.xen.org/gitweb/?p=osstest.git;a=blob;f=README.email;hb=master http://xenbits.xen.org/gitweb/?p=osstest.git;a=blob;f=README;hb=master Test harness code can be found at http://xenbits.xen.org/gitweb?p=osstest.git;a=summary broken-job test-amd64-amd64-xl-pvshim broken broken-step test-amd64-amd64-xl-pvshim host-install(4) Not pushing. (No revision log; it would be 13397 lines long.) --===============2747989901503189417== Content-Type: text/plain; charset="utf-8" MIME-Version: 1.0 Content-Transfer-Encoding: base64 Content-Disposition: inline X19fX19fX19fX19fX19fX19fX19fX19fX19fX19fX19fX19fX19fX19fX19fX18KWGVuLWRldmVs IG1haWxpbmcgbGlzdApYZW4tZGV2ZWxAbGlzdHMueGVucHJvamVjdC5vcmcKaHR0cHM6Ly9saXN0 cy54ZW5wcm9qZWN0Lm9yZy9tYWlsbWFuL2xpc3RpbmZvL3hlbi1kZXZlbA== --===============2747989901503189417==--