* [linux test] 12374: regressions - FAIL
@ 2012-03-21 8:55 xen.org
0 siblings, 0 replies; only message in thread
From: xen.org @ 2012-03-21 8:55 UTC (permalink / raw)
To: xen-devel; +Cc: ian.jackson
flight 12374 linux real [real]
http://www.chiark.greenend.org.uk/~xensrcts/logs/12374/
Regressions :-(
Tests which did not succeed and are blocking,
including tests which could not be run:
test-amd64-i386-xl 9 guest-start fail REGR. vs. 12226
Regressions which are regarded as allowable (not blocking):
test-amd64-i386-qemuu-rhel6hvm-amd 7 redhat-install fail like 12226
test-i386-i386-xl-win 7 windows-install fail like 12222
Tests which did not succeed, but are not blocking:
test-amd64-amd64-xl-pcipt-intel 9 guest-start fail never pass
test-amd64-i386-rhel6hvm-intel 11 leak-check/check fail never pass
test-amd64-i386-qemuu-rhel6hvm-intel 11 leak-check/check fail never pass
test-amd64-i386-rhel6hvm-amd 11 leak-check/check fail never pass
test-amd64-amd64-xl-win7-amd64 13 guest-stop fail never pass
test-amd64-i386-xl-winxpsp3-vcpus1 13 guest-stop fail never pass
test-amd64-i386-xl-win7-amd64 13 guest-stop fail never pass
test-amd64-i386-xend-winxpsp3 16 leak-check/check fail never pass
test-i386-i386-win 16 leak-check/check fail never pass
test-i386-i386-xl-winxpsp3 13 guest-stop fail never pass
test-amd64-i386-win-vcpus1 16 leak-check/check fail never pass
test-amd64-i386-xl-win-vcpus1 13 guest-stop fail never pass
test-amd64-i386-win 16 leak-check/check fail never pass
test-amd64-amd64-xl-winxpsp3 13 guest-stop fail never pass
test-amd64-amd64-xl-win 13 guest-stop fail never pass
test-i386-i386-xl-qemuu-winxpsp3 7 windows-install fail never pass
test-amd64-amd64-xl-qemuu-winxpsp3 7 windows-install fail never pass
test-amd64-amd64-xl-qemuu-win7-amd64 7 windows-install fail never pass
test-amd64-amd64-win 16 leak-check/check fail never pass
version targeted for testing:
linux a938a246d34912423c560f475ccf1ce0c71d9d00
baseline version:
linux 8326829847694d598382b3c5717f220e30b03137
------------------------------------------------------------
People who touched revisions under test:
------------------------------------------------------------
jobs:
build-amd64 pass
build-i386 pass
build-amd64-pvops pass
build-i386-pvops pass
test-amd64-amd64-xl pass
test-amd64-i386-xl fail
test-i386-i386-xl pass
test-amd64-i386-rhel6hvm-amd fail
test-amd64-i386-qemuu-rhel6hvm-amd fail
test-amd64-amd64-xl-qemuu-win7-amd64 fail
test-amd64-amd64-xl-win7-amd64 fail
test-amd64-i386-xl-win7-amd64 fail
test-amd64-i386-xl-credit2 pass
test-amd64-amd64-xl-pcipt-intel fail
test-amd64-i386-rhel6hvm-intel fail
test-amd64-i386-qemuu-rhel6hvm-intel fail
test-amd64-i386-xl-multivcpu pass
test-amd64-amd64-pair pass
test-amd64-i386-pair pass
test-i386-i386-pair pass
test-amd64-amd64-xl-sedf-pin pass
test-amd64-amd64-pv pass
test-amd64-i386-pv pass
test-i386-i386-pv pass
test-amd64-amd64-xl-sedf pass
test-amd64-i386-win-vcpus1 fail
test-amd64-i386-xl-win-vcpus1 fail
test-amd64-i386-xl-winxpsp3-vcpus1 fail
test-amd64-amd64-win fail
test-amd64-i386-win fail
test-i386-i386-win fail
test-amd64-amd64-xl-win fail
test-i386-i386-xl-win fail
test-amd64-amd64-xl-qemuu-winxpsp3 fail
test-i386-i386-xl-qemuu-winxpsp3 fail
test-amd64-i386-xend-winxpsp3 fail
test-amd64-amd64-xl-winxpsp3 fail
test-i386-i386-xl-winxpsp3 fail
------------------------------------------------------------
sg-report-flight on woking.cam.xci-test.com
logs: /home/xc_osstest/logs
images: /home/xc_osstest/images
Logs, config files, etc. are available at
http://www.chiark.greenend.org.uk/~xensrcts/logs
Test harness code can be found at
http://xenbits.xensource.com/gitweb?p=osstest.git;a=summary
Not pushing.
------------------------------------------------------------
commit a938a246d34912423c560f475ccf1ce0c71d9d00
Merge: 8326829... 1897bf2...
Author: Jeremy Fitzhardinge <jeremy@goop.org>
Date: Mon Mar 19 10:52:00 2012 -0700
Merge commit 'v2.6.32.57' into xen/next-2.6.32
* commit 'v2.6.32.57': (22 commits)
Linux 2.6.32.57
net: sock_queue_err_skb() dont mess with sk_forward_alloc
net: fix sk_forward_alloc corruptions
mmc: cb710 core: Add missing spin_lock_init for irq_lock of struct cb710_chip
USB: usbserial: add new PID number (0xa951) to the ftdi driver
usb: Skip PCI USB quirk handling for Netlogic XLP
usb: gadget: zero: fix bug in loopback autoresume handling
Staging: android: binder: Fix crashes when sharing a binder file between processes
Staging: android: binder: Don't call dump_stack in binder_vma_open
Staging: asus_oled: fix image processing
atmel_lcdfb: fix usage of CONTRAST_CTR in suspend/resume
eCryptfs: Infinite loop due to overflow in ecryptfs_write()
drm/i915: Fix TV Out refresh rate.
udf: Mark LVID buffer as uptodate before marking it dirty
rpc client can not deal with ENOSOCK, so translate it into ENOCONN
NFSv4: Fix open recovery
NFSv4: Handle NFS4ERR_GRACE when recovering an expired lease.
NFSv4: Ensure the state manager handles NFS4ERR_NO_GRACE correctly
NFSv4: The state manager shouldn't exit on errors that were handled
NFSv4: Fix up the callers of nfs4_state_end_reclaim_reboot
...
^ permalink raw reply [flat|nested] only message in thread
only message in thread, other threads:[~2012-03-21 8:55 UTC | newest]
Thread overview: (only message) (download: mbox.gz follow: Atom feed
-- links below jump to the message on this page --
2012-03-21 8:55 [linux test] 12374: regressions - FAIL xen.org
This is a public inbox, see mirroring instructions
for how to clone and mirror all data and code used for this inbox;
as well as URLs for NNTP newsgroup(s).