From mboxrd@z Thu Jan 1 00:00:00 1970 From: xen.org Subject: [xen-unstable test] 12392: regressions - FAIL Date: Thu, 22 Mar 2012 14:25:15 +0000 Message-ID: Mime-Version: 1.0 Content-Type: text/plain; charset="us-ascii" Content-Transfer-Encoding: 7bit Return-path: List-Unsubscribe: , List-Post: List-Help: List-Subscribe: , Sender: xen-devel-bounces@lists.xen.org Errors-To: xen-devel-bounces@lists.xen.org To: xen-devel@lists.xensource.com Cc: ian.jackson@eu.citrix.com List-Id: xen-devel@lists.xenproject.org flight 12392 xen-unstable real [real] http://www.chiark.greenend.org.uk/~xensrcts/logs/12392/ Regressions :-( Tests which did not succeed and are blocking, including tests which could not be run: build-amd64-pvops 4 kernel-build fail REGR. vs. 12352 Regressions which are regarded as allowable (not blocking): test-amd64-i386-qemuu-rhel6hvm-amd 9 guest-start.2 fail like 12377 Tests which did not succeed, but are not blocking: test-amd64-i386-rhel6hvm-intel 11 leak-check/check fail never pass test-amd64-i386-rhel6hvm-amd 11 leak-check/check fail never pass test-amd64-amd64-xl-pcipt-intel 1 xen-build-check(1) blocked n/a test-amd64-amd64-pv 1 xen-build-check(1) blocked n/a test-amd64-i386-qemuu-rhel6hvm-intel 9 guest-start.2 fail never pass test-amd64-amd64-xl-sedf-pin 1 xen-build-check(1) blocked n/a test-amd64-amd64-pair 1 xen-build-check(1) blocked n/a test-amd64-amd64-xl 1 xen-build-check(1) blocked n/a test-amd64-i386-xend-winxpsp3 16 leak-check/check fail never pass test-amd64-i386-xl-win7-amd64 13 guest-stop fail never pass test-amd64-amd64-win 1 xen-build-check(1) blocked n/a test-amd64-amd64-xl-win7-amd64 1 xen-build-check(1) blocked n/a test-amd64-i386-win-vcpus1 16 leak-check/check fail never pass test-amd64-i386-xl-win-vcpus1 13 guest-stop fail never pass test-amd64-amd64-xl-sedf 1 xen-build-check(1) blocked n/a test-i386-i386-xl-winxpsp3 13 guest-stop fail never pass test-amd64-amd64-xl-winxpsp3 1 xen-build-check(1) blocked n/a test-amd64-i386-xl-winxpsp3-vcpus1 13 guest-stop fail never pass test-amd64-i386-win 16 leak-check/check fail never pass test-i386-i386-xl-qemuu-winxpsp3 7 windows-install fail never pass test-amd64-amd64-xl-qemuu-winxpsp3 1 xen-build-check(1) blocked n/a test-i386-i386-win 16 leak-check/check fail never pass test-amd64-amd64-xl-qemuu-win7-amd64 1 xen-build-check(1) blocked n/a test-amd64-amd64-xl-win 1 xen-build-check(1) blocked n/a test-i386-i386-xl-win 13 guest-stop fail never pass version targeted for testing: xen 713bc70e5fe7 baseline version: xen 4e1d091d10d8 ------------------------------------------------------------ People who touched revisions under test: Andrew Cooper Jan Beulich Keir Fraser Stefano Stabellini ------------------------------------------------------------ jobs: build-amd64 pass build-i386 pass build-amd64-oldkern pass build-i386-oldkern pass build-amd64-pvops fail build-i386-pvops pass test-amd64-amd64-xl blocked test-amd64-i386-xl pass test-i386-i386-xl pass test-amd64-i386-rhel6hvm-amd fail test-amd64-i386-qemuu-rhel6hvm-amd fail test-amd64-amd64-xl-qemuu-win7-amd64 blocked test-amd64-amd64-xl-win7-amd64 blocked test-amd64-i386-xl-win7-amd64 fail test-amd64-i386-xl-credit2 pass test-amd64-amd64-xl-pcipt-intel blocked test-amd64-i386-rhel6hvm-intel fail test-amd64-i386-qemuu-rhel6hvm-intel fail test-amd64-i386-xl-multivcpu pass test-amd64-amd64-pair blocked test-amd64-i386-pair pass test-i386-i386-pair pass test-amd64-amd64-xl-sedf-pin blocked test-amd64-amd64-pv blocked test-amd64-i386-pv pass test-i386-i386-pv pass test-amd64-amd64-xl-sedf blocked test-amd64-i386-win-vcpus1 fail test-amd64-i386-xl-win-vcpus1 fail test-amd64-i386-xl-winxpsp3-vcpus1 fail test-amd64-amd64-win blocked test-amd64-i386-win fail test-i386-i386-win fail test-amd64-amd64-xl-win blocked test-i386-i386-xl-win fail test-amd64-amd64-xl-qemuu-winxpsp3 blocked test-i386-i386-xl-qemuu-winxpsp3 fail test-amd64-i386-xend-winxpsp3 fail test-amd64-amd64-xl-winxpsp3 blocked test-i386-i386-xl-winxpsp3 fail ------------------------------------------------------------ sg-report-flight on woking.cam.xci-test.com logs: /home/xc_osstest/logs images: /home/xc_osstest/images Logs, config files, etc. are available at http://www.chiark.greenend.org.uk/~xensrcts/logs Test harness code can be found at http://xenbits.xensource.com/gitweb?p=osstest.git;a=summary Not pushing. ------------------------------------------------------------ changeset: 25071:713bc70e5fe7 tag: tip user: Jan Beulich date: Wed Mar 21 09:37:24 2012 +0100 ia64: fix build (after c/s 25070:4e1d091d10d8) Signed-off-by: Jan Beulich changeset: 25070:4e1d091d10d8 user: Andrew Cooper date: Fri Mar 16 15:24:25 2012 +0000 kexec: Fix printing of paddr_t in 32bit mode. Signed-off-by: Andrew Cooper Committed-by: Keir Fraser ======================================== commit 2503d4d5a29e7af8dffd1e11229e11c1917d2ccf Author: Stefano Stabellini Date: Thu Mar 1 18:58:27 2012 +0000 qemu-xen: ignore console disconnect events for console/0 The first console has a different location compared to other PV devices (console, rather than device/console/0) and doesn't obey the xenstore state protocol. We already special case the first console in con_init and con_initialise, we should also do it in con_disconnect. This patch should be applied to 4.1 too. Signed-off-by: Stefano Stabellini