From: osstest service owner <osstest-admin@xenproject.org>
To: xen-devel@lists.xenproject.org, osstest-admin@xenproject.org
Subject: [qemu-upstream-4.9-testing test] 125062: regressions - FAIL
Date: Wed, 11 Jul 2018 19:09:50 +0000 [thread overview]
Message-ID: <osstest-125062-mainreport@xen.org> (raw)
flight 125062 qemu-upstream-4.9-testing real [real]
http://logs.test-lab.xenproject.org/osstest/logs/125062/
Regressions :-(
Tests which did not succeed and are blocking,
including tests which could not be run:
test-armhf-armhf-xl-arndale 6 xen-install fail REGR. vs. 116784
Regressions which are regarded as allowable (not blocking):
test-armhf-armhf-xl-rtds 12 guest-start fail REGR. vs. 116784
Tests which did not succeed, but are not blocking:
test-amd64-amd64-xl-qemuu-win7-amd64 17 guest-stop fail like 116750
test-amd64-i386-xl-qemuu-win7-amd64 17 guest-stop fail like 116784
test-amd64-amd64-libvirt-xsm 13 migrate-support-check fail never pass
test-amd64-i386-libvirt 13 migrate-support-check fail never pass
test-amd64-amd64-libvirt 13 migrate-support-check fail never pass
test-amd64-i386-libvirt-xsm 13 migrate-support-check fail never pass
test-arm64-arm64-xl-xsm 13 migrate-support-check fail never pass
test-arm64-arm64-xl-xsm 14 saverestore-support-check fail never pass
test-arm64-arm64-xl-credit2 13 migrate-support-check fail never pass
test-arm64-arm64-xl-credit2 14 saverestore-support-check fail never pass
test-arm64-arm64-xl 13 migrate-support-check fail never pass
test-arm64-arm64-xl 14 saverestore-support-check fail never pass
test-arm64-arm64-libvirt-xsm 13 migrate-support-check fail never pass
test-arm64-arm64-libvirt-xsm 14 saverestore-support-check fail never pass
test-amd64-i386-libvirt-qemuu-debianhvm-amd64-xsm 11 migrate-support-check fail never pass
test-amd64-amd64-libvirt-qemuu-debianhvm-amd64-xsm 11 migrate-support-check fail never pass
test-armhf-armhf-xl-xsm 13 migrate-support-check fail never pass
test-armhf-armhf-xl-xsm 14 saverestore-support-check fail never pass
test-armhf-armhf-xl-credit2 13 migrate-support-check fail never pass
test-armhf-armhf-xl-credit2 14 saverestore-support-check fail never pass
test-armhf-armhf-xl 13 migrate-support-check fail never pass
test-armhf-armhf-xl 14 saverestore-support-check fail never pass
test-armhf-armhf-libvirt 13 migrate-support-check fail never pass
test-armhf-armhf-libvirt 14 saverestore-support-check fail never pass
test-armhf-armhf-libvirt-xsm 13 migrate-support-check fail never pass
test-armhf-armhf-libvirt-xsm 14 saverestore-support-check fail never pass
test-armhf-armhf-xl-multivcpu 13 migrate-support-check fail never pass
test-armhf-armhf-xl-multivcpu 14 saverestore-support-check fail never pass
test-amd64-amd64-libvirt-vhd 12 migrate-support-check fail never pass
test-amd64-amd64-qemuu-nested-amd 17 debian-hvm-install/l1/l2 fail never pass
test-armhf-armhf-libvirt-raw 12 migrate-support-check fail never pass
test-armhf-armhf-libvirt-raw 13 saverestore-support-check fail never pass
test-armhf-armhf-xl-cubietruck 13 migrate-support-check fail never pass
test-armhf-armhf-xl-cubietruck 14 saverestore-support-check fail never pass
test-armhf-armhf-xl-vhd 12 migrate-support-check fail never pass
test-armhf-armhf-xl-vhd 13 saverestore-support-check fail never pass
test-amd64-amd64-xl-qemuu-ws16-amd64 17 guest-stop fail never pass
test-amd64-i386-xl-qemuu-ws16-amd64 17 guest-stop fail never pass
test-amd64-amd64-xl-qemuu-win10-i386 10 windows-install fail never pass
test-amd64-i386-xl-qemuu-win10-i386 10 windows-install fail never pass
version targeted for testing:
qemuu aad23066e4b27296d219b9123393fbe2a5a885bb
baseline version:
qemuu b397ed6a586b0a93e9a8b47f5b3008fac34f5f37
Last test of basis 116784 2017-12-02 21:48:33 Z 220 days
Testing same since 125062 2018-07-09 13:38:53 Z 2 days 1 attempts
------------------------------------------------------------
People who touched revisions under test:
Dr. David Alan Gilbert <dgilbert@redhat.com>
Eric Blake <eblake@redhat.com>
Gerd Hoffmann <kraxel@redhat.com>
John Thomson <git@johnthomson.fastmail.com.au>
Max Reitz <mreitz@redhat.com>
Paolo Bonzini <pbonzini@redhat.com>
Samuel Thibault <samuel.thibault@ens-lyon.org>
jobs:
build-amd64-xsm pass
build-arm64-xsm pass
build-armhf-xsm pass
build-i386-xsm pass
build-amd64 pass
build-arm64 pass
build-armhf pass
build-i386 pass
build-amd64-libvirt pass
build-arm64-libvirt pass
build-armhf-libvirt pass
build-i386-libvirt pass
build-amd64-pvops pass
build-arm64-pvops pass
build-armhf-pvops pass
build-i386-pvops pass
test-amd64-amd64-xl pass
test-arm64-arm64-xl pass
test-armhf-armhf-xl pass
test-amd64-i386-xl pass
test-amd64-amd64-libvirt-qemuu-debianhvm-amd64-xsm pass
test-amd64-i386-libvirt-qemuu-debianhvm-amd64-xsm pass
test-amd64-amd64-xl-qemuu-debianhvm-amd64-xsm pass
test-amd64-i386-xl-qemuu-debianhvm-amd64-xsm pass
test-amd64-amd64-libvirt-xsm pass
test-arm64-arm64-libvirt-xsm pass
test-armhf-armhf-libvirt-xsm pass
test-amd64-i386-libvirt-xsm pass
test-amd64-amd64-xl-xsm pass
test-arm64-arm64-xl-xsm pass
test-armhf-armhf-xl-xsm pass
test-amd64-i386-xl-xsm pass
test-amd64-amd64-qemuu-nested-amd fail
test-amd64-i386-qemuu-rhel6hvm-amd pass
test-amd64-amd64-xl-qemuu-debianhvm-amd64 pass
test-amd64-i386-xl-qemuu-debianhvm-amd64 pass
test-amd64-i386-freebsd10-amd64 pass
test-amd64-amd64-xl-qemuu-ovmf-amd64 pass
test-amd64-i386-xl-qemuu-ovmf-amd64 pass
test-amd64-amd64-xl-qemuu-win7-amd64 fail
test-amd64-i386-xl-qemuu-win7-amd64 fail
test-amd64-amd64-xl-qemuu-ws16-amd64 fail
test-amd64-i386-xl-qemuu-ws16-amd64 fail
test-armhf-armhf-xl-arndale fail
test-amd64-amd64-xl-credit2 pass
test-arm64-arm64-xl-credit2 pass
test-armhf-armhf-xl-credit2 pass
test-armhf-armhf-xl-cubietruck pass
test-amd64-i386-freebsd10-i386 pass
test-amd64-amd64-xl-qemuu-win10-i386 fail
test-amd64-i386-xl-qemuu-win10-i386 fail
test-amd64-amd64-qemuu-nested-intel pass
test-amd64-i386-qemuu-rhel6hvm-intel pass
test-amd64-amd64-libvirt pass
test-armhf-armhf-libvirt pass
test-amd64-i386-libvirt pass
test-amd64-amd64-xl-multivcpu pass
test-armhf-armhf-xl-multivcpu pass
test-amd64-amd64-pair pass
test-amd64-i386-pair pass
test-amd64-amd64-libvirt-pair pass
test-amd64-i386-libvirt-pair pass
test-amd64-amd64-amd64-pvgrub pass
test-amd64-amd64-i386-pvgrub pass
test-amd64-amd64-pygrub pass
test-amd64-amd64-xl-qcow2 pass
test-armhf-armhf-libvirt-raw pass
test-amd64-i386-xl-raw pass
test-amd64-amd64-xl-rtds pass
test-armhf-armhf-xl-rtds fail
test-amd64-amd64-xl-qemuu-debianhvm-amd64-shadow pass
test-amd64-i386-xl-qemuu-debianhvm-amd64-shadow pass
test-amd64-amd64-xl-shadow pass
test-amd64-i386-xl-shadow pass
test-amd64-amd64-libvirt-vhd pass
test-armhf-armhf-xl-vhd pass
------------------------------------------------------------
sg-report-flight on osstest.test-lab.xenproject.org
logs: /home/logs/logs
images: /home/logs/images
Logs, config files, etc. are available at
http://logs.test-lab.xenproject.org/osstest/logs
Explanation of these reports, and of osstest in general, is at
http://xenbits.xen.org/gitweb/?p=osstest.git;a=blob;f=README.email;hb=master
http://xenbits.xen.org/gitweb/?p=osstest.git;a=blob;f=README;hb=master
Test harness code can be found at
http://xenbits.xen.org/gitweb?p=osstest.git;a=summary
Not pushing.
------------------------------------------------------------
commit aad23066e4b27296d219b9123393fbe2a5a885bb
Author: Eric Blake <eblake@redhat.com>
Date: Tue Mar 27 15:21:51 2018 -0500
dump: Fix build with newer gcc
gcc 8 on rawhide is picky enough to complain:
/home/dummy/qemu/dump.c: In function 'create_header32':
/home/dummy/qemu/dump.c:817:5: error: 'strncpy' output truncated before terminating nul copying 8 bytes from a string of the same length [-Werror=stringop-truncation]
strncpy(dh->signature, KDUMP_SIGNATURE, strlen(KDUMP_SIGNATURE));
^~~~~~~~~~~~~~~~~~~~~~~~~~~~~~~~~~~~~~~~~~~~~~~~~~~~~~~~~~~~~~~~
But we already have SIG_LEN defined as the right length without needing
to do a strlen(), and memcpy() is better than strncpy() when we know
we do not want a trailing NUL byte.
Signed-off-by: Eric Blake <eblake@redhat.com>
Signed-off-by: Paolo Bonzini <pbonzini@redhat.com>
(cherry picked from commit 84c868f6b8f8c1be9d3d65df93cf00b30821401c)
commit e8044943e8c32beb15313355f7c6b32975d490d6
Author: Dr. David Alan Gilbert <dgilbert@redhat.com>
Date: Fri Apr 7 15:32:54 2017 +0100
slirp/smb: Replace constant strings by glib string
gcc 7 (on fedora 26) objects to many of the snprintf's
in the smb path and command creation because it can't
figure out that the smb_dir (i.e. the /tmp dir for the configuration)
is known to be short.
Replace all these fixed length buffers by g_str* functions that dynamically
allocate and use g_dir_make_tmp to make the directory.
(It's fairly new glib but we have a compat function for it).
Signed-off-by: Dr. David Alan Gilbert <dgilbert@redhat.com>
Reviewed-by: Eric Blake <eblake@redhat.com>
Signed-off-by: Samuel Thibault <samuel.thibault@ens-lyon.org>
(cherry picked from commit f95cc8b6cc3ad8c4b687f305a978d67091c28138)
commit 125b7a551659c6963e2d9b624676411b3651bf22
Author: John Thomson <git@johnthomson.fastmail.com.au>
Date: Thu Apr 5 23:20:46 2018 +1000
Fix libusb-1.0.22 deprecated libusb_set_debug with libusb_set_option
libusb-1.0.22 marked libusb_set_debug deprecated
it is replaced with
libusb_set_option(libusb_context, LIBUSB_OPTION_LOG_LEVEL, libusb_log_level);
details here: https://github.com/libusb/libusb/commit/539f22e2fd916558d11ab9a66f10f461c5593168
Warning here:
CC hw/usb/host-libusb.o
/builds/xen/src/qemu-xen/hw/usb/host-libusb.c: In function 'usb_host_init':
/builds/xen/src/qemu-xen/hw/usb/host-libusb.c:250:5: error: 'libusb_set_debug' is deprecated: Use libusb_set_option instead [-Werror=deprecated-declarations]
libusb_set_debug(ctx, loglevel);
^~~~~~~~~~~~~~~~
In file included from /builds/xen/src/qemu-xen/hw/usb/host-libusb.c:40:0:
/usr/include/libusb-1.0/libusb.h:1300:18: note: declared here
void LIBUSB_CALL libusb_set_debug(libusb_context *ctx, int level);
^~~~~~~~~~~~~~~~
cc1: all warnings being treated as errors
make: *** [/builds/xen/src/qemu-xen/rules.mak:66: hw/usb/host-libusb.o] Error 1
make: Leaving directory '/builds/xen/src/xen/tools/qemu-xen-build'
Signed-off-by: John Thomson <git@johnthomson.fastmail.com.au>
Message-id: 20180405132046.4968-1-git@johnthomson.fastmail.com.au
Signed-off-by: Gerd Hoffmann <kraxel@redhat.com>
(cherry picked from commit 9d8fa0df49af16a208fa961c2968fba4daffcc07)
commit c089583e504df752f98008319a6a48aee16b2059
Author: Eric Blake <eblake@redhat.com>
Date: Mon Jul 17 10:13:34 2017 -0500
usb: Fix build with newer gcc
gcc 7 is pickier about our sources:
hw/usb/bus.c: In function ‘usb_port_location’:
hw/usb/bus.c:410:66: error: ‘%d’ directive output may be truncated writing between 1 and 11 bytes into a region of size between 0 and 15 [-Werror=format-truncation=]
snprintf(downstream->path, sizeof(downstream->path), "%s.%d",
^~
hw/usb/bus.c:410:9: note: ‘snprintf’ output between 3 and 28 bytes into a destination of size 16
snprintf(downstream->path, sizeof(downstream->path), "%s.%d",
^~~~~~~~~~~~~~~~~~~~~~~~~~~~~~~~~~~~~~~~~~~~~~~~~~~~~~~~~~~~~
upstream->path, portnr);
~~~~~~~~~~~~~~~~~~~~~~~
But we know that there are at most 5 levels of USB hubs, with at
most two digits per level; that plus the separating dots means we
use at most 15 bytes (including trailing NUL) of our 16-byte field.
Adding an assertion to show gcc that we checked for truncation is
enough to shut up the false-positive warning.
Inspired by an idea by Dr. David Alan Gilbert <dgilbert@redhat.com>.
Signed-off-by: Eric Blake <eblake@redhat.com>
Reviewed-by: Philippe Mathieu-Daudé <f4bug@amsat.org>
Message-id: 20170717151334.17954-1-eblake@redhat.com
Signed-off-by: Gerd Hoffmann <kraxel@redhat.com>
(cherry picked from commit 121829cb2160e9cd82482c1542699fa589688106)
commit e05274ac9a75e58ffe75cf083ac821bb6079ccee
Author: Max Reitz <mreitz@redhat.com>
Date: Tue Jun 13 19:20:05 2017 +0200
blkdebug: Catch bs->exact_filename overflow
The bs->exact_filename field may not be sufficient to store the full
blkdebug node filename. In this case, we should not generate a filename
at all instead of an unusable one.
Cc: qemu-stable@nongnu.org
Reported-by: Qu Wenruo <quwenruo@cn.fujitsu.com>
Signed-off-by: Max Reitz <mreitz@redhat.com>
Message-id: 20170613172006.19685-2-mreitz@redhat.com
Reviewed-by: Alberto Garcia <berto@igalia.com>
Reviewed-by: Stefan Hajnoczi <stefanha@redhat.com>
Signed-off-by: Max Reitz <mreitz@redhat.com>
(cherry picked from commit de81d72d3d13a19edf4d461be3b0f5a877be0234)
commit 2d4685f6adee0f07fe19c89de61601b91e5874e1
Author: Max Reitz <mreitz@redhat.com>
Date: Tue Jun 13 19:20:06 2017 +0200
blkverify: Catch bs->exact_filename overflow
The bs->exact_filename field may not be sufficient to store the full
blkverify node filename. In this case, we should not generate a filename
at all instead of an unusable one.
Cc: qemu-stable@nongnu.org
Reported-by: Qu Wenruo <quwenruo@cn.fujitsu.com>
Signed-off-by: Max Reitz <mreitz@redhat.com>
Message-id: 20170613172006.19685-3-mreitz@redhat.com
Reviewed-by: Alberto Garcia <berto@igalia.com>
Reviewed-by: Stefan Hajnoczi <stefanha@redhat.com>
Signed-off-by: Max Reitz <mreitz@redhat.com>
(cherry picked from commit 05cc758a3dfc79488d0a8eb7f5830a41871e78d0)
commit 6511713c340c39809fcb6271a487874633939875
Author: Paolo Bonzini <pbonzini@redhat.com>
Date: Tue Nov 28 11:51:27 2017 +0100
memfd: fix configure test
Recent glibc added memfd_create in sys/mman.h. This conflicts with
the definition in util/memfd.c:
/builddir/build/BUILD/qemu-2.11.0-rc1/util/memfd.c:40:12: error: static declaration of memfd_create follows non-static declaration
Fix the configure test, and remove the sys/memfd.h inclusion since the
file actually does not exist---it is a typo in the memfd_create(2) man
page.
Cc: Marc-André Lureau <marcandre.lureau@redhat.com>
Signed-off-by: Paolo Bonzini <pbonzini@redhat.com>
(cherry picked from commit 75e5b70e6b5dcc4f2219992d7cffa462aa406af0)
_______________________________________________
Xen-devel mailing list
Xen-devel@lists.xenproject.org
https://lists.xenproject.org/mailman/listinfo/xen-devel
reply other threads:[~2018-07-11 19:09 UTC|newest]
Thread overview: [no followups] expand[flat|nested] mbox.gz Atom feed
Reply instructions:
You may reply publicly to this message via plain-text email
using any one of the following methods:
* Save the following mbox file, import it into your mail client,
and reply-to-all from there: mbox
Avoid top-posting and favor interleaved quoting:
https://en.wikipedia.org/wiki/Posting_style#Interleaved_style
* Reply using the --to, --cc, and --in-reply-to
switches of git-send-email(1):
git send-email \
--in-reply-to=osstest-125062-mainreport@xen.org \
--to=osstest-admin@xenproject.org \
--cc=xen-devel@lists.xenproject.org \
/path/to/YOUR_REPLY
https://kernel.org/pub/software/scm/git/docs/git-send-email.html
* If your mail client supports setting the In-Reply-To header
via mailto: links, try the mailto: link
Be sure your reply has a Subject: header at the top and a blank line
before the message body.
This is a public inbox, see mirroring instructions
for how to clone and mirror all data and code used for this inbox;
as well as URLs for NNTP newsgroup(s).