xen-devel.lists.xenproject.org archive mirror
 help / color / mirror / Atom feed
From: osstest service owner <osstest-admin@xenproject.org>
To: xen-devel@lists.xenproject.org, osstest-admin@xenproject.org
Subject: [qemu-mainline test] 125070: regressions - trouble: blocked/broken/fail/pass
Date: Thu, 12 Jul 2018 14:44:07 +0000	[thread overview]
Message-ID: <osstest-125070-mainreport@xen.org> (raw)

flight 125070 qemu-mainline real [real]
http://logs.test-lab.xenproject.org/osstest/logs/125070/

Regressions :-(

Tests which did not succeed and are blocking,
including tests which could not be run:
 test-armhf-armhf-xl             <job status>                 broken
 test-armhf-armhf-xl           4 host-install(4)        broken REGR. vs. 124232
 build-i386-libvirt            6 libvirt-build            fail REGR. vs. 124232
 test-amd64-amd64-xl-qemuu-dmrestrict-amd64-dmrestrict 16 depriv-audit-qemu/create/privcmd running
 test-amd64-i386-xl-qemuu-dmrestrict-amd64-dmrestrict 16 depriv-audit-qemu/create/privcmd running
 test-amd64-i386-xl-qemuu-dmrestrict-amd64-dmrestrict 17 depriv-audit-qemu/create/gntdev running
 test-amd64-amd64-xl-qemuu-dmrestrict-amd64-dmrestrict 17 depriv-audit-qemu/create/gntdev running
 test-amd64-amd64-xl-qemuu-dmrestrict-amd64-dmrestrict 18 depriv-audit-qemu/create/evtchn running
 test-amd64-i386-xl-qemuu-dmrestrict-amd64-dmrestrict 18 depriv-audit-qemu/create/evtchn running
 test-amd64-amd64-xl-qemuu-dmrestrict-amd64-dmrestrict 19 depriv-audit-qemu/create/other running
 test-amd64-i386-xl-qemuu-dmrestrict-amd64-dmrestrict 19 depriv-audit-qemu/create/other running
 test-amd64-i386-xl-qemuu-dmrestrict-amd64-dmrestrict 20 depriv-audit-qemu/create/xenstore running
 test-amd64-amd64-xl-qemuu-dmrestrict-amd64-dmrestrict 20 depriv-audit-qemu/create/xenstore running

Tests which did not succeed, but are not blocking:
 test-amd64-i386-libvirt-pair  1 build-check(1)               blocked  n/a
 test-amd64-i386-libvirt-qemuu-debianhvm-amd64-xsm 1 build-check(1) blocked n/a
 test-amd64-i386-libvirt       1 build-check(1)               blocked  n/a
 test-amd64-i386-libvirt-xsm   1 build-check(1)               blocked  n/a
 test-amd64-amd64-xl-qemuu-win7-amd64 17 guest-stop            fail like 124232
 test-armhf-armhf-libvirt     14 saverestore-support-check    fail  like 124232
 test-amd64-i386-xl-qemuu-win7-amd64 17 guest-stop             fail like 124232
 test-armhf-armhf-libvirt-raw 13 saverestore-support-check    fail  like 124232
 test-armhf-armhf-libvirt-xsm 14 saverestore-support-check    fail  like 124232
 test-amd64-amd64-xl-qemuu-ws16-amd64 17 guest-stop            fail like 124232
 test-amd64-i386-xl-pvshim    12 guest-start                  fail   never pass
 test-arm64-arm64-xl-credit2  13 migrate-support-check        fail   never pass
 test-arm64-arm64-xl-credit2  14 saverestore-support-check    fail   never pass
 test-arm64-arm64-xl-xsm      13 migrate-support-check        fail   never pass
 test-arm64-arm64-xl-xsm      14 saverestore-support-check    fail   never pass
 test-amd64-amd64-libvirt-xsm 13 migrate-support-check        fail   never pass
 test-arm64-arm64-xl          13 migrate-support-check        fail   never pass
 test-arm64-arm64-xl          14 saverestore-support-check    fail   never pass
 test-amd64-amd64-libvirt     13 migrate-support-check        fail   never pass
 test-amd64-amd64-libvirt-qemuu-debianhvm-amd64-xsm 11 migrate-support-check fail never pass
 test-amd64-amd64-libvirt-vhd 12 migrate-support-check        fail   never pass
 test-amd64-amd64-xl-qemuu-dmrestrict-amd64-dmrestrict 15 depriv-audit-qemu/create fail never pass
 test-amd64-amd64-qemuu-nested-amd 17 debian-hvm-install/l1/l2  fail never pass
 test-amd64-i386-xl-qemuu-dmrestrict-amd64-dmrestrict 15 depriv-audit-qemu/create fail never pass
 test-armhf-armhf-xl-credit2  13 migrate-support-check        fail   never pass
 test-armhf-armhf-xl-credit2  14 saverestore-support-check    fail   never pass
 test-armhf-armhf-xl-rtds     13 migrate-support-check        fail   never pass
 test-armhf-armhf-xl-rtds     14 saverestore-support-check    fail   never pass
 test-armhf-armhf-xl-cubietruck 13 migrate-support-check        fail never pass
 test-armhf-armhf-xl-cubietruck 14 saverestore-support-check    fail never pass
 test-armhf-armhf-libvirt     13 migrate-support-check        fail   never pass
 test-armhf-armhf-xl-multivcpu 13 migrate-support-check        fail  never pass
 test-armhf-armhf-xl-multivcpu 14 saverestore-support-check    fail  never pass
 test-armhf-armhf-xl-arndale  13 migrate-support-check        fail   never pass
 test-armhf-armhf-xl-arndale  14 saverestore-support-check    fail   never pass
 test-armhf-armhf-libvirt-raw 12 migrate-support-check        fail   never pass
 test-arm64-arm64-libvirt-xsm 13 migrate-support-check        fail   never pass
 test-arm64-arm64-libvirt-xsm 14 saverestore-support-check    fail   never pass
 test-armhf-armhf-xl-vhd      12 migrate-support-check        fail   never pass
 test-armhf-armhf-xl-vhd      13 saverestore-support-check    fail   never pass
 test-armhf-armhf-xl-xsm      13 migrate-support-check        fail   never pass
 test-armhf-armhf-xl-xsm      14 saverestore-support-check    fail   never pass
 test-armhf-armhf-libvirt-xsm 13 migrate-support-check        fail   never pass
 test-amd64-i386-xl-qemuu-ws16-amd64 17 guest-stop              fail never pass
 test-amd64-amd64-xl-qemuu-win10-i386 10 windows-install        fail never pass
 test-amd64-i386-xl-qemuu-win10-i386 10 windows-install         fail never pass

version targeted for testing:
 qemuu                ed811bed4acbb3ad5f52b1880fb741a3030d0fa1
baseline version:
 qemuu                2ef2f16781af9dee6ba6517755e9073ba5799fa2

Last test of basis   124232  2018-06-16 05:04:26 Z   26 days
Failing since        124398  2018-06-19 10:36:52 Z   23 days   13 attempts
Testing same since   125070  2018-07-10 04:23:38 Z    2 days    1 attempts

------------------------------------------------------------
People who touched revisions under test:
  Aapo Vienamo <aapo@tuxera.com>
  Aaron Lindsay <alindsay@codeaurora.org>
  Aleksandar Markovic <aleksandar.markovic@mips.com>
  Alex Bennée <alex.bennee@linaro.org>
  Alexey Kardashevskiy <aik@ozlabs.ru>
  Alistair Francis <alistair.francis@wdc.com>
  Amol Surati <suratiamol@gmail.com>
  Andrew Jeffery <andrew@aj.id.au>
  Anthony PERARD <anthony.perard@citrix.com>
  Anton Nefedov <anton.nefedov@virtuozzo.com>
  Arfrever Frehtes Taifersar Arahesis <arfrever.fta@gmail.com>
  Ari Sundholm <ari@tuxera.com>
  Babu Moger <babu.moger@amd.com>
  BALATON Zoltan <balaton@eik.bme.hu>
  Bastian Koppelmann <kbastian@mail.uni-paderborn.de>
  Bishara AbuHattoum <bishara@daynix.com>
  Chen Hanxiao <chenhanxiao@gmail.com>
  Christian Borntraeger <borntraeger@de.ibm.com>
  Cleber Rosa <crosa@redhat.com>
  Collin Walling <walling@linux.ibm.com>
  Cornelia Huck <cohuck@redhat.com>
  Cédric Le Goater <clg@kaod.org>
  Daniel Henrique Barboza <danielhb413@gmail.com>
  Daniel P. Berrangé <berrange@redhat.com>
  David Gibson <david@gibson.dropbear.id.au>
  David Gibson <david@gibson.dropbear.id.au> (ppc parts)
  David Hildenbrand <david@redhat.com>
  Dou Liyang <douly.fnst@cn.fujitsu.com>
  Doug Gale <doug16k@gmail.com>
  Dr. David Alan Gilbert <dgilbert@redhat.com>
  Edgar E. Iglesias <edgar.iglesias@xilinx.com>
  Eduardo Habkost <ehabkost@redhat.com>
  Emilio G. Cota <cota@braap.org>
  Eric Auger <eric.auger@redhat.com>
  Eric Blake <eblake@redhat.com>
  Fam Zheng <famz@redhat.com>
  Geoffrey McRae <geoff@hostfission.com>
  Gerd Hoffmann <kraxel@redhat.com>
  Greg Kurz <groug@kaod.org>
  Guenter Roeck <linux@roeck-us.net>
  Guido Günther <agx@sigxcpu.org>
  Halil Pasic <pasic@linux.ibm.com>
  Hervé Poussineau <hpoussin@reactos.org>
  Igor Mammedov <imammedo@redhat.com>
  Jan Kiszka <jan.kiszka@siemens.com>
  Jason J. Herne <jjherne@linux.ibm.com>
  Jean-Christophe Dubois <jcd@tribudubois.net>
  Jeff Cody <jcody@redhat.com>
  Jia He <hejianet@gmail.com>
  jia.he@hxt-semitech.com
  Joel Stanley <joel@jms.id.au>
  John Arbuckle <programmingkidx@gmail.com>
  John Snow <jsnow@redhat.com>
  Juan Quintela <quintela@redhat.com>
  Julia Suvorova <jusual@mail.ru>
  Justin Terry (VM) <juterry@microsoft.com>
  Keith Busch <keith.busch@intel.com>
  Keno Fischer <keno@juliacomputing.com>
  Kevin Wolf <kwolf@redhat.com>
  Konrad Rzeszutek Wilk <konrad.wilk@oracle.com>
  Laszlo Ersek <lersek@redhat.com>
  Laurent Vivier <laurent@vivier.eu>
  linzhecheng <linzhecheng@huawei.com>
  liujunjie <liujunjie23@huawei.com>
  Marc-André Lureau <marcandre.lureau@redhat.com>
  Maria Klimushenkova <maria.klimushenkova@ispras.ru>
  Mark Cave-Ayland <mark.cave-ayland@ilande.co.uk>
  Markus Armbruster <armbru@redhat.com>
  Martin Schrodt <martin@schrodt.org>
  Matthias Maier <tamiko@43-1.org>
  Max Filippov <jcmvbkbc@gmail.com>
  Max Reitz <mreitz@redhat.com>
  Michael Roth <mdroth@linux.vnet.ibm.com>
  Michael S. Tsirkin <mst@redhat.com>
  Michael Tokarev <mjt@tls.msk.ru>
  Michael Walle <michael@walle.cc>
  Michal Privoznik <mprivozn@redhat.com>
  Nia Alarie <nia.alarie@gmail.com>
  Nishanth Aravamudan <naravamudan@digitalocean.com>
  Pankaj Gupta <pagupta@redhat.com>
  Paolo Bonzini <pbonzini@redhat.com>
  Pavel Balaev <mail@void.so>
  Pavel Dovgalyuk <Pavel.Dovgaluk@ispras.ru>
  Peter Maydell <peter.maydell@linaro.org>
  Peter Xu <peterx@redhat.com>
  Philippe Mathieu-Daudé <f4bug@amsat.org>
  Philippe Mathieu-Daudé <f4bug@amsat.org>---
  Prasad J Pandit <pjp@fedoraproject.org>
  Richard Henderson <richard.henderson@linaro.org>
  Richard Henderson <rth@twiddle.net>
  Richard W.M. Jones <rjones@redhat.com>
  Sai Pavan Boddu <saipava@xilinx.com>
  Sebastian Bauer <mail@sebastianbauer.info>
  Sergio Lopez <slp@redhat.com>
  Shannon Zhao <zhaoshenglong@huawei.com>
  Stafford Horne <shorne@gmail.com>
  Stefan Hajnoczi <stefanha@redhat.com>
  Suraj Jitindar Singh <sjitindarsingh@gmail.com>
  Thomas Huth <huth@tuxfamily.org>
  Thomas Huth <thuth@redhat.com>
  Tomeu Vizoso <tomeu.vizoso@collabora.com>
  Tomáš Golembiovský <tgolembi@redhat.com>
  Viktor Mihajlovski <mihajlov@linux.vnet.ibm.com>
  Viktor Prutyanov <viktor.prutyanov@virtuozzo.com>
  Vitaly Kuznetsov <vkuznets@redhat.com>
  Vladimir Sementsov-Ogievskiy <vsementsov@virtuozzo.com>
  Weiping Zhang <zhangweiping@didichuxing.com>
  xinhua.Cao <caoxinhua@huawei.com>
  Yongbok Kim <yongbok.kim@mips.com>
  Zheng Xiang <xiang.zheng@linaro.org>

jobs:
 build-amd64-xsm                                              pass    
 build-arm64-xsm                                              pass    
 build-armhf-xsm                                              pass    
 build-i386-xsm                                               pass    
 build-amd64                                                  pass    
 build-arm64                                                  pass    
 build-armhf                                                  pass    
 build-i386                                                   pass    
 build-amd64-libvirt                                          pass    
 build-arm64-libvirt                                          pass    
 build-armhf-libvirt                                          pass    
 build-i386-libvirt                                           fail    
 build-amd64-pvops                                            pass    
 build-arm64-pvops                                            pass    
 build-armhf-pvops                                            pass    
 build-i386-pvops                                             pass    
 test-amd64-amd64-xl                                          pass    
 test-arm64-arm64-xl                                          pass    
 test-armhf-armhf-xl                                          broken  
 test-amd64-i386-xl                                           pass    
 test-amd64-amd64-libvirt-qemuu-debianhvm-amd64-xsm           pass    
 test-amd64-i386-libvirt-qemuu-debianhvm-amd64-xsm            blocked 
 test-amd64-amd64-xl-qemuu-debianhvm-amd64-xsm                pass    
 test-amd64-i386-xl-qemuu-debianhvm-amd64-xsm                 pass    
 test-amd64-amd64-libvirt-xsm                                 pass    
 test-arm64-arm64-libvirt-xsm                                 pass    
 test-armhf-armhf-libvirt-xsm                                 pass    
 test-amd64-i386-libvirt-xsm                                  blocked 
 test-amd64-amd64-xl-xsm                                      pass    
 test-arm64-arm64-xl-xsm                                      pass    
 test-armhf-armhf-xl-xsm                                      pass    
 test-amd64-i386-xl-xsm                                       pass    
 test-amd64-amd64-qemuu-nested-amd                            fail    
 test-amd64-amd64-xl-pvhv2-amd                                pass    
 test-amd64-i386-qemuu-rhel6hvm-amd                           pass    
 test-amd64-amd64-xl-qemuu-debianhvm-amd64                    pass    
 test-amd64-i386-xl-qemuu-debianhvm-amd64                     pass    
 test-amd64-i386-freebsd10-amd64                              pass    
 test-amd64-amd64-xl-qemuu-ovmf-amd64                         pass    
 test-amd64-i386-xl-qemuu-ovmf-amd64                          pass    
 test-amd64-amd64-xl-qemuu-win7-amd64                         fail    
 test-amd64-i386-xl-qemuu-win7-amd64                          fail    
 test-amd64-amd64-xl-qemuu-ws16-amd64                         fail    
 test-amd64-i386-xl-qemuu-ws16-amd64                          fail    
 test-armhf-armhf-xl-arndale                                  pass    
 test-amd64-amd64-xl-credit2                                  pass    
 test-arm64-arm64-xl-credit2                                  pass    
 test-armhf-armhf-xl-credit2                                  pass    
 test-armhf-armhf-xl-cubietruck                               pass    
 test-amd64-amd64-xl-qemuu-dmrestrict-amd64-dmrestrict        fail    
 test-amd64-i386-xl-qemuu-dmrestrict-amd64-dmrestrict         fail    
 test-amd64-i386-freebsd10-i386                               pass    
 test-amd64-amd64-xl-qemuu-win10-i386                         fail    
 test-amd64-i386-xl-qemuu-win10-i386                          fail    
 test-amd64-amd64-qemuu-nested-intel                          pass    
 test-amd64-amd64-xl-pvhv2-intel                              pass    
 test-amd64-i386-qemuu-rhel6hvm-intel                         pass    
 test-amd64-amd64-libvirt                                     pass    
 test-armhf-armhf-libvirt                                     pass    
 test-amd64-i386-libvirt                                      blocked 
 test-amd64-amd64-xl-multivcpu                                pass    
 test-armhf-armhf-xl-multivcpu                                pass    
 test-amd64-amd64-pair                                        pass    
 test-amd64-i386-pair                                         pass    
 test-amd64-amd64-libvirt-pair                                pass    
 test-amd64-i386-libvirt-pair                                 blocked 
 test-amd64-amd64-amd64-pvgrub                                pass    
 test-amd64-amd64-i386-pvgrub                                 pass    
 test-amd64-amd64-xl-pvshim                                   pass    
 test-amd64-i386-xl-pvshim                                    fail    
 test-amd64-amd64-pygrub                                      pass    
 test-amd64-amd64-xl-qcow2                                    pass    
 test-armhf-armhf-libvirt-raw                                 pass    
 test-amd64-i386-xl-raw                                       pass    
 test-amd64-amd64-xl-rtds                                     pass    
 test-armhf-armhf-xl-rtds                                     pass    
 test-amd64-amd64-xl-qemuu-debianhvm-amd64-shadow             pass    
 test-amd64-i386-xl-qemuu-debianhvm-amd64-shadow              pass    
 test-amd64-amd64-xl-shadow                                   pass    
 test-amd64-i386-xl-shadow                                    pass    
 test-amd64-amd64-libvirt-vhd                                 pass    
 test-armhf-armhf-xl-vhd                                      pass    


------------------------------------------------------------
sg-report-flight on osstest.test-lab.xenproject.org
logs: /home/logs/logs
images: /home/logs/images

Logs, config files, etc. are available at
    http://logs.test-lab.xenproject.org/osstest/logs

Explanation of these reports, and of osstest in general, is at
    http://xenbits.xen.org/gitweb/?p=osstest.git;a=blob;f=README.email;hb=master
    http://xenbits.xen.org/gitweb/?p=osstest.git;a=blob;f=README;hb=master

Test harness code can be found at
    http://xenbits.xen.org/gitweb?p=osstest.git;a=summary

broken-job test-armhf-armhf-xl broken
broken-step test-armhf-armhf-xl host-install(4)

Not pushing.

(No revision log; it would be 16959 lines long.)

_______________________________________________
Xen-devel mailing list
Xen-devel@lists.xenproject.org
https://lists.xenproject.org/mailman/listinfo/xen-devel

                 reply	other threads:[~2018-07-12 14:44 UTC|newest]

Thread overview: [no followups] expand[flat|nested]  mbox.gz  Atom feed

Reply instructions:

You may reply publicly to this message via plain-text email
using any one of the following methods:

* Save the following mbox file, import it into your mail client,
  and reply-to-all from there: mbox

  Avoid top-posting and favor interleaved quoting:
  https://en.wikipedia.org/wiki/Posting_style#Interleaved_style

* Reply using the --to, --cc, and --in-reply-to
  switches of git-send-email(1):

  git send-email \
    --in-reply-to=osstest-125070-mainreport@xen.org \
    --to=osstest-admin@xenproject.org \
    --cc=xen-devel@lists.xenproject.org \
    /path/to/YOUR_REPLY

  https://kernel.org/pub/software/scm/git/docs/git-send-email.html

* If your mail client supports setting the In-Reply-To header
  via mailto: links, try the mailto: link
Be sure your reply has a Subject: header at the top and a blank line before the message body.
This is a public inbox, see mirroring instructions
for how to clone and mirror all data and code used for this inbox;
as well as URLs for NNTP newsgroup(s).