From: osstest service owner <osstest-admin@xenproject.org>
To: xen-devel@lists.xenproject.org, osstest-admin@xenproject.org
Subject: [linux-3.18 test] 125072: regressions - trouble: blocked/broken/fail/pass
Date: Thu, 12 Jul 2018 16:47:15 +0000 [thread overview]
Message-ID: <osstest-125072-mainreport@xen.org> (raw)
flight 125072 linux-3.18 real [real]
http://logs.test-lab.xenproject.org/osstest/logs/125072/
Regressions :-(
Tests which did not succeed and are blocking,
including tests which could not be run:
test-amd64-i386-rumprun-i386 <job status> broken
build-i386-libvirt 6 libvirt-build fail REGR. vs. 123837
Tests which are failing intermittently (not blocking):
test-amd64-i386-rumprun-i386 4 host-install(4) broken pass in 125043
test-armhf-armhf-xl-rtds 16 guest-start/debian.repeat fail in 125043 pass in 125072
test-armhf-armhf-libvirt-xsm 16 guest-start/debian.repeat fail in 125043 pass in 125072
test-amd64-i386-qemut-rhel6hvm-amd 12 guest-start/redhat.repeat fail pass in 125043
Tests which did not succeed, but are not blocking:
test-arm64-arm64-examine 1 build-check(1) blocked n/a
test-amd64-i386-libvirt 1 build-check(1) blocked n/a
test-amd64-i386-libvirt-qemuu-debianhvm-amd64-xsm 1 build-check(1) blocked n/a
test-arm64-arm64-libvirt-xsm 1 build-check(1) blocked n/a
test-arm64-arm64-xl 1 build-check(1) blocked n/a
test-arm64-arm64-xl-xsm 1 build-check(1) blocked n/a
test-amd64-i386-libvirt-pair 1 build-check(1) blocked n/a
test-amd64-i386-libvirt-xsm 1 build-check(1) blocked n/a
test-arm64-arm64-xl-credit2 1 build-check(1) blocked n/a
test-armhf-armhf-libvirt-xsm 14 saverestore-support-check fail like 123837
test-armhf-armhf-libvirt 14 saverestore-support-check fail like 123837
test-amd64-amd64-xl-qemuu-win7-amd64 17 guest-stop fail like 123837
test-armhf-armhf-libvirt-raw 13 saverestore-support-check fail like 123837
test-amd64-i386-xl-qemuu-win7-amd64 17 guest-stop fail like 123837
test-amd64-i386-xl-qemut-win7-amd64 17 guest-stop fail like 123837
test-amd64-amd64-xl-qemut-win7-amd64 17 guest-stop fail like 123837
test-amd64-amd64-xl-qemuu-dmrestrict-amd64-dmrestrict 10 debian-hvm-install fail never pass
test-amd64-i386-xl-qemuu-dmrestrict-amd64-dmrestrict 10 debian-hvm-install fail never pass
test-amd64-amd64-xl-pvhv2-intel 12 guest-start fail never pass
test-amd64-amd64-xl-pvhv2-amd 12 guest-start fail never pass
test-amd64-amd64-libvirt 13 migrate-support-check fail never pass
test-amd64-i386-xl-pvshim 12 guest-start fail never pass
test-amd64-amd64-libvirt-xsm 13 migrate-support-check fail never pass
test-amd64-amd64-libvirt-qemuu-debianhvm-amd64-xsm 11 migrate-support-check fail never pass
test-armhf-armhf-xl-arndale 13 migrate-support-check fail never pass
test-armhf-armhf-xl-arndale 14 saverestore-support-check fail never pass
build-arm64-pvops 6 kernel-build fail never pass
test-amd64-amd64-qemuu-nested-amd 17 debian-hvm-install/l1/l2 fail never pass
test-amd64-amd64-libvirt-vhd 12 migrate-support-check fail never pass
test-armhf-armhf-xl-multivcpu 13 migrate-support-check fail never pass
test-armhf-armhf-xl-multivcpu 14 saverestore-support-check fail never pass
test-armhf-armhf-xl 13 migrate-support-check fail never pass
test-armhf-armhf-xl 14 saverestore-support-check fail never pass
test-armhf-armhf-xl-xsm 13 migrate-support-check fail never pass
test-armhf-armhf-xl-rtds 13 migrate-support-check fail never pass
test-armhf-armhf-xl-xsm 14 saverestore-support-check fail never pass
test-armhf-armhf-xl-rtds 14 saverestore-support-check fail never pass
test-armhf-armhf-libvirt-xsm 13 migrate-support-check fail never pass
test-armhf-armhf-xl-credit2 13 migrate-support-check fail never pass
test-armhf-armhf-libvirt 13 migrate-support-check fail never pass
test-armhf-armhf-xl-credit2 14 saverestore-support-check fail never pass
test-armhf-armhf-xl-cubietruck 13 migrate-support-check fail never pass
test-armhf-armhf-xl-cubietruck 14 saverestore-support-check fail never pass
test-amd64-amd64-xl-qemuu-ws16-amd64 17 guest-stop fail never pass
test-armhf-armhf-libvirt-raw 12 migrate-support-check fail never pass
test-amd64-i386-xl-qemut-ws16-amd64 17 guest-stop fail never pass
test-amd64-amd64-xl-qemut-ws16-amd64 17 guest-stop fail never pass
test-armhf-armhf-xl-vhd 12 migrate-support-check fail never pass
test-armhf-armhf-xl-vhd 13 saverestore-support-check fail never pass
test-amd64-i386-xl-qemuu-ws16-amd64 17 guest-stop fail never pass
test-amd64-i386-xl-qemuu-win10-i386 10 windows-install fail never pass
test-amd64-amd64-xl-qemuu-win10-i386 10 windows-install fail never pass
test-amd64-amd64-xl-qemut-win10-i386 10 windows-install fail never pass
test-amd64-i386-xl-qemut-win10-i386 10 windows-install fail never pass
version targeted for testing:
linux e903eb4a70bb4a8601df2a693db9eb3ea97fd632
baseline version:
linux b0b357c20ca6171b8ac698351f5202402b7ad7d5
Last test of basis 123837 2018-06-06 01:50:06 Z 36 days
Failing since 124173 2018-06-13 14:40:49 Z 29 days 15 attempts
Testing same since 124945 2018-07-03 19:49:11 Z 8 days 4 attempts
------------------------------------------------------------
People who touched revisions under test:
"Eric W. Biederman" <ebiederm@xmission.com>
"Richard W.M. Jones" <rjones@redhat.com>
Al Viro <viro@zeniv.linux.org.uk>
Alexander Sverdlin <alexander.sverdlin@gmail.com>
Alexey Kodanev <alexey.kodanev@oracle.com>
Amir Goldstein <amir73il@gmail.com>
Andrew Morton <akpm@linux-foundation.org>
Aneesh Kumar K.V <aneesh.kumar@linux.ibm.com>
Arnaldo Carvalho de Melo <acme@redhat.com>
Arnd Bergmann <arnd@arndb.de>
Baolin Wang <baolin.wang@linaro.org>
Ben Hutchings <ben.hutchings@codethink.co.uk>
Bin Liu <b-liu@ti.com>
Bjorn Helgaas <bhelgaas@google.com>
Bjørn Mork <bjorn@mork.no>
Bo Chen <chenbo@pdx.edu>
Boris Brezillon <boris.brezillon@bootlin.com>
Boris Ostrovsky <boris.ostrovsky@oracle.com>
Catalin Marinas <catalin.marinas@arm.com>
Chengguang Xu <cgxu519@gmx.com>
Chris Leech <cleech@redhat.com>
Colin Ian King <colin.king@canonical.com>
Corey Minyard <cminyard@mvista.com>
Dag Moxnes <dag.moxnes@oracle.com>
Dan Carpenter <dan.carpenter@oracle.com>
Daniel Borkmann <daniel@iogearbox.net>
Daniel Glöckner <dg@emlix.com>
Daniel Thompson <daniel.thompson@linaro.org>
Daniele Palmas <dnlplm@gmail.com>
Dave Airlie <airlied@redhat.com>
David Rivshin <drivshin@allworx.com>
David S. Miller <davem@davemloft.net>
David Sterba <dsterba@suse.com>
Eric Biggers <ebiggers@google.com>
Eric Dumazet <edumazet@google.com>
Eric W. Biederman <ebiederm@xmission.com>
Evgeniy Polyakov <zbr@ioremap.net>
Ewan D. Milne <emilne@redhat.com>
Geert Uytterhoeven <geert@linux-m68k.org>
Govindarajulu Varadarajan <gvaradar@cisco.com>
Greg Kroah-Hartman <gregkh@linuxfoundation.org>
Guenter Roeck <linux@roeck-us.net>
Hans de Goede <hdegoede@redhat.com>
Hans Verkuil <hansverk@cisco.com>
Hauke Mehrtens <hauke@hauke-m.de>
Helge Deller <deller@gmx.de>
Himanshu Madhani <himanshu.madhani@cavium.com>
Huacai Chen <chenhc@lemote.com>
Hugh Dickins <hughd@google.com>
Ilan Peer <ilan.peer@intel.com>
Ingo Molnar <mingo@kernel.org>
J. Bruce Fields <bfields@redhat.com>
Jacek Tomaka <jacek.tomaka@poczta.fm>
jacek.tomaka@poczta.fm <jacek.tomaka@poczta.fm>
Jack Morgenstein <jackm@dev.mellanox.co.il>
Jakob Unterwurzacher <jakob.unterwurzacher@theobroma-systems.com>
James Hogan <jhogan@kernel.org>
Jan Kara <jack@suse.cz>
Jens Axboe <axboe@kernel.dk>
Jim Gill <jgill@vmware.com>
Jingju Hou <Jingju.Hou@synaptics.com>
Jiri Olsa <jolsa@kernel.org>
Jiri Pirko <jiri@mellanox.com>
Jisheng Zhang <Jisheng.Zhang@synaptics.com>
Jitendra Bhivare <jitendra.bhivare@broadcom.com>
Joakim Tjernlund <joakim.tjernlund@infinera.com>
Johan Hovold <johan@kernel.org>
Johannes Berg <johannes.berg@intel.com>
John Fastabend <john.fastabend@gmail.com>
Joonas Lahtinen <joonas.lahtinen@linux.intel.com>
Juergen Gross <jgross@suse.com>
Julia Lawall <Julia.Lawall@lip6.fr>
Kai-Heng Feng <kai.heng.feng@canonical.com>
Kees Cook <keescook@chromium.org>
Keith Busch <keith.busch@intel.com>
Kevin Easton <kevin@guarana.org>
Lee Jones <lee.jones@linaro.org>
Linus Torvalds <torvalds@linux-foundation.org>
Luca Coelho <luciano.coelho@intel.com>
Lukas Czerner <lczerner@redhat.com>
Maciej W. Rozycki <macro@mips.com>
Mahesh Salgaonkar <mahesh@linux.vnet.ibm.com>
Marc Kleine-Budde <mkl@pengutronix.de>
Mark Brown <broonie@kernel.org>
Mark Rutland <mark.rutland@arm.com>
Martin K. Petersen <martin.petersen@oracle.com>
Martin Schwidefsky <schwidefsky@de.ibm.com>
Masami Hiramatsu <mhiramat@kernel.org>
Mathieu Malaterre <malat@debian.org>
Matt Redfearn <matt.redfearn@mips.com>
Matthias Schiffer <mschiffer@universe-factory.net>
Mauro Carvalho Chehab <mchehab@s-opensource.com>
Max Filippov <jcmvbkbc@gmail.com>
Maxim Moseychuk <franchesko.salias.hudro.pedros@gmail.com>
Mel Gorman <mgorman@techsingularity.net>
Michael Ellerman <mpe@ellerman.id.au>
Michael Neuling <mikey@neuling.org>
Michael Schmitz <schmitzmic@gmail.com>
Mika Westerberg <mika.westerberg@linux.intel.com>
Mike Snitzer <snitzer@redhat.com>
Miklos Szeredi <mszeredi@redhat.com>
Mikulas Patocka <mpatocka@redhat.com>
Minchan Kim <minchan@kernel.org>
Neal Cardwell <ncardwell@google.com>
Olof Johansson <olof@lixom.net>
Ondrej Zary <linux@rainbow-software.org>
Paul Burton <paul.burton@mips.com>
Paul Moore <paul@paul-moore.com>
Peter Rosin <peda@axentia.se>
Peter Zijlstra (Intel) <peterz@infradead.org>
Peter Zijlstra <peterz@infradead.org>
Qu Wenruo <wqu@suse.com>
Rabin Vincent <rabin@rab.in>
Richard Kuo <rkuo@codeaurora.org>
Rob Clark <robdclark@gmail.com>
Russell King <rmk+kernel@armlinux.org.uk>
Sabrina Dubroca <sd@queasysnail.net>
Sachin Grover <sgrover@codeaurora.org>
Santosh Shilimkar <santosh.shilimkar@oracle.com>
Santosh Shilimkar <ssantosh@kernel.org>
Sasha Levin <alexander.levin@microsoft.com>
Scott Mayhew <smayhew@redhat.com>
Sean Paul <seanpaul@chromium.org>
Sekhar Nori <nsekhar@ti.com>
Silvio Cesare <silvio.cesare@gmail.com>
Sinan Kaya <okaya@codeaurora.org>
Soheil Hassas Yeganeh <soheil@google.com>
Srinivas Kandagatla <srinivas.kandagatla@linaro.org>
Stefan Potyra <Stefan.Potyra@elektrobit.com>
Steffen Klassert <steffen.klassert@secunet.com>
Steven Rostedt (VMware) <rostedt@goodmis.org>
Takashi Iwai <tiwai@suse.de>
Tariq Toukan <tariqt@mellanox.com>
Tejun Heo <tj@kernel.org>
Tetsuo Handa <penguin-kernel@I-love.SAKURA.ne.jp>
Thadeu Lima de Souza Cascardo <cascardo@canonical.com>
Theodore Ts'o <tytso@mit.edu>
Thomas Gleixner <tglx@linutronix.de>
Tokunori Ikegami <ikegami@allied-telesis.co.jp>
Tom Zanussi <tom.zanussi@linux.intel.com>
Tomi Valkeinen <tomi.valkeinen@ti.com>
Ville Syrjälä <ville.syrjala@linux.intel.com>
Wei Wang <weiwan@google.com>
Wenwen Wang <wang6495@umn.edu>
Will Deacon <will.deacon@arm.com>
Wolfram Sang <wsa@the-dreams.de>
Łukasz Stelmach <l.stelmach@samsung.com>
jobs:
build-amd64-xsm pass
build-arm64-xsm pass
build-armhf-xsm pass
build-i386-xsm pass
build-amd64 pass
build-arm64 pass
build-armhf pass
build-i386 pass
build-amd64-libvirt pass
build-arm64-libvirt pass
build-armhf-libvirt pass
build-i386-libvirt fail
build-amd64-pvops pass
build-arm64-pvops fail
build-armhf-pvops pass
build-i386-pvops pass
build-amd64-rumprun pass
build-i386-rumprun pass
test-amd64-amd64-xl pass
test-arm64-arm64-xl blocked
test-armhf-armhf-xl pass
test-amd64-i386-xl pass
test-amd64-amd64-xl-qemut-debianhvm-amd64-xsm pass
test-amd64-i386-xl-qemut-debianhvm-amd64-xsm pass
test-amd64-amd64-libvirt-qemuu-debianhvm-amd64-xsm pass
test-amd64-i386-libvirt-qemuu-debianhvm-amd64-xsm blocked
test-amd64-amd64-xl-qemuu-debianhvm-amd64-xsm pass
test-amd64-i386-xl-qemuu-debianhvm-amd64-xsm pass
test-amd64-amd64-xl-qemut-stubdom-debianhvm-amd64-xsm pass
test-amd64-i386-xl-qemut-stubdom-debianhvm-amd64-xsm pass
test-amd64-amd64-libvirt-xsm pass
test-arm64-arm64-libvirt-xsm blocked
test-armhf-armhf-libvirt-xsm pass
test-amd64-i386-libvirt-xsm blocked
test-amd64-amd64-xl-xsm pass
test-arm64-arm64-xl-xsm blocked
test-armhf-armhf-xl-xsm pass
test-amd64-i386-xl-xsm pass
test-amd64-amd64-qemuu-nested-amd fail
test-amd64-amd64-xl-pvhv2-amd fail
test-amd64-i386-qemut-rhel6hvm-amd fail
test-amd64-i386-qemuu-rhel6hvm-amd pass
test-amd64-amd64-xl-qemut-debianhvm-amd64 pass
test-amd64-i386-xl-qemut-debianhvm-amd64 pass
test-amd64-amd64-xl-qemuu-debianhvm-amd64 pass
test-amd64-i386-xl-qemuu-debianhvm-amd64 pass
test-amd64-i386-freebsd10-amd64 pass
test-amd64-amd64-xl-qemuu-ovmf-amd64 pass
test-amd64-i386-xl-qemuu-ovmf-amd64 pass
test-amd64-amd64-rumprun-amd64 pass
test-amd64-amd64-xl-qemut-win7-amd64 fail
test-amd64-i386-xl-qemut-win7-amd64 fail
test-amd64-amd64-xl-qemuu-win7-amd64 fail
test-amd64-i386-xl-qemuu-win7-amd64 fail
test-amd64-amd64-xl-qemut-ws16-amd64 fail
test-amd64-i386-xl-qemut-ws16-amd64 fail
test-amd64-amd64-xl-qemuu-ws16-amd64 fail
test-amd64-i386-xl-qemuu-ws16-amd64 fail
test-armhf-armhf-xl-arndale pass
test-amd64-amd64-xl-credit2 pass
test-arm64-arm64-xl-credit2 blocked
test-armhf-armhf-xl-credit2 pass
test-armhf-armhf-xl-cubietruck pass
test-amd64-amd64-xl-qemuu-dmrestrict-amd64-dmrestrict fail
test-amd64-i386-xl-qemuu-dmrestrict-amd64-dmrestrict fail
test-amd64-amd64-examine pass
test-arm64-arm64-examine blocked
test-armhf-armhf-examine pass
test-amd64-i386-examine pass
test-amd64-i386-freebsd10-i386 pass
test-amd64-i386-rumprun-i386 broken
test-amd64-amd64-xl-qemut-win10-i386 fail
test-amd64-i386-xl-qemut-win10-i386 fail
test-amd64-amd64-xl-qemuu-win10-i386 fail
test-amd64-i386-xl-qemuu-win10-i386 fail
test-amd64-amd64-qemuu-nested-intel pass
test-amd64-amd64-xl-pvhv2-intel fail
test-amd64-i386-qemut-rhel6hvm-intel pass
test-amd64-i386-qemuu-rhel6hvm-intel pass
test-amd64-amd64-libvirt pass
test-armhf-armhf-libvirt pass
test-amd64-i386-libvirt blocked
test-amd64-amd64-xl-multivcpu pass
test-armhf-armhf-xl-multivcpu pass
test-amd64-amd64-pair pass
test-amd64-i386-pair pass
test-amd64-amd64-libvirt-pair pass
test-amd64-i386-libvirt-pair blocked
test-amd64-amd64-amd64-pvgrub pass
test-amd64-amd64-i386-pvgrub pass
test-amd64-amd64-xl-pvshim pass
test-amd64-i386-xl-pvshim fail
test-amd64-amd64-pygrub pass
test-amd64-amd64-xl-qcow2 pass
test-armhf-armhf-libvirt-raw pass
test-amd64-i386-xl-raw pass
test-amd64-amd64-xl-rtds pass
test-armhf-armhf-xl-rtds pass
test-amd64-amd64-xl-qemuu-debianhvm-amd64-shadow pass
test-amd64-i386-xl-qemuu-debianhvm-amd64-shadow pass
test-amd64-amd64-xl-shadow pass
test-amd64-i386-xl-shadow pass
test-amd64-amd64-libvirt-vhd pass
test-armhf-armhf-xl-vhd pass
------------------------------------------------------------
sg-report-flight on osstest.test-lab.xenproject.org
logs: /home/logs/logs
images: /home/logs/images
Logs, config files, etc. are available at
http://logs.test-lab.xenproject.org/osstest/logs
Explanation of these reports, and of osstest in general, is at
http://xenbits.xen.org/gitweb/?p=osstest.git;a=blob;f=README.email;hb=master
http://xenbits.xen.org/gitweb/?p=osstest.git;a=blob;f=README;hb=master
Test harness code can be found at
http://xenbits.xen.org/gitweb?p=osstest.git;a=summary
broken-job test-amd64-i386-rumprun-i386 broken
broken-step test-amd64-i386-rumprun-i386 host-install(4)
Not pushing.
(No revision log; it would be 2983 lines long.)
_______________________________________________
Xen-devel mailing list
Xen-devel@lists.xenproject.org
https://lists.xenproject.org/mailman/listinfo/xen-devel
reply other threads:[~2018-07-12 16:47 UTC|newest]
Thread overview: [no followups] expand[flat|nested] mbox.gz Atom feed
Reply instructions:
You may reply publicly to this message via plain-text email
using any one of the following methods:
* Save the following mbox file, import it into your mail client,
and reply-to-all from there: mbox
Avoid top-posting and favor interleaved quoting:
https://en.wikipedia.org/wiki/Posting_style#Interleaved_style
* Reply using the --to, --cc, and --in-reply-to
switches of git-send-email(1):
git send-email \
--in-reply-to=osstest-125072-mainreport@xen.org \
--to=osstest-admin@xenproject.org \
--cc=xen-devel@lists.xenproject.org \
/path/to/YOUR_REPLY
https://kernel.org/pub/software/scm/git/docs/git-send-email.html
* If your mail client supports setting the In-Reply-To header
via mailto: links, try the mailto: link
Be sure your reply has a Subject: header at the top and a blank line
before the message body.
This is a public inbox, see mirroring instructions
for how to clone and mirror all data and code used for this inbox;
as well as URLs for NNTP newsgroup(s).