* [xen-unstable-smoke test] 125074: tolerable all pass - PUSHED
@ 2018-07-10 11:24 osstest service owner
0 siblings, 0 replies; only message in thread
From: osstest service owner @ 2018-07-10 11:24 UTC (permalink / raw)
To: xen-devel, osstest-admin
flight 125074 xen-unstable-smoke real [real]
http://logs.test-lab.xenproject.org/osstest/logs/125074/
Failures :-/ but no regressions.
Tests which did not succeed, but are not blocking:
test-amd64-amd64-libvirt 13 migrate-support-check fail never pass
test-arm64-arm64-xl-xsm 13 migrate-support-check fail never pass
test-arm64-arm64-xl-xsm 14 saverestore-support-check fail never pass
test-armhf-armhf-xl 13 migrate-support-check fail never pass
test-armhf-armhf-xl 14 saverestore-support-check fail never pass
version targeted for testing:
xen f5f4c68733c9ed7d795ec79445a00053de7a94ae
baseline version:
xen 139a84f9ae85bad79527b930b7aef77195cdd3ec
Last test of basis 125067 2018-07-09 19:00:26 Z 0 days
Testing same since 125074 2018-07-10 09:00:37 Z 0 days 1 attempts
------------------------------------------------------------
People who touched revisions under test:
Doug Goldstein <cardoe@cardoe.com>
Ian Jackson <ian.jackson@eu.citrix.com>
Lars Kurth <lars.kurth@citrix.com>
Oleksandr Grytsov <oleksandr_grytsov@epam.com>
Roger Pau Monne <roger.pau@citrix.com>
Roger Pau Monné <roger.pau@citrix.com>
Wei Liu <wei.liu2@citrix.com>
jobs:
build-arm64-xsm pass
build-amd64 pass
build-armhf pass
build-amd64-libvirt pass
test-armhf-armhf-xl pass
test-arm64-arm64-xl-xsm pass
test-amd64-amd64-xl-qemuu-debianhvm-i386 pass
test-amd64-amd64-libvirt pass
------------------------------------------------------------
sg-report-flight on osstest.test-lab.xenproject.org
logs: /home/logs/logs
images: /home/logs/images
Logs, config files, etc. are available at
http://logs.test-lab.xenproject.org/osstest/logs
Explanation of these reports, and of osstest in general, is at
http://xenbits.xen.org/gitweb/?p=osstest.git;a=blob;f=README.email;hb=master
http://xenbits.xen.org/gitweb/?p=osstest.git;a=blob;f=README;hb=master
Test harness code can be found at
http://xenbits.xen.org/gitweb?p=osstest.git;a=summary
Pushing revision :
To xenbits.xen.org:/home/xen/git/xen.git
139a84f9ae..f5f4c68733 f5f4c68733c9ed7d795ec79445a00053de7a94ae -> smoke
_______________________________________________
Xen-devel mailing list
Xen-devel@lists.xenproject.org
https://lists.xenproject.org/mailman/listinfo/xen-devel
^ permalink raw reply [flat|nested] only message in thread
only message in thread, other threads:[~2018-07-10 11:24 UTC | newest]
Thread overview: (only message) (download: mbox.gz follow: Atom feed
-- links below jump to the message on this page --
2018-07-10 11:24 [xen-unstable-smoke test] 125074: tolerable all pass - PUSHED osstest service owner
This is a public inbox, see mirroring instructions
for how to clone and mirror all data and code used for this inbox;
as well as URLs for NNTP newsgroup(s).