xen-devel.lists.xenproject.org archive mirror
 help / color / mirror / Atom feed
* [xen-unstable-smoke test] 125135: tolerable all pass - PUSHED
@ 2018-07-12 17:30 osstest service owner
  0 siblings, 0 replies; only message in thread
From: osstest service owner @ 2018-07-12 17:30 UTC (permalink / raw)
  To: xen-devel, osstest-admin

flight 125135 xen-unstable-smoke real [real]
http://logs.test-lab.xenproject.org/osstest/logs/125135/

Failures :-/ but no regressions.

Tests which did not succeed, but are not blocking:
 test-arm64-arm64-xl-xsm      13 migrate-support-check        fail   never pass
 test-arm64-arm64-xl-xsm      14 saverestore-support-check    fail   never pass
 test-amd64-amd64-libvirt     13 migrate-support-check        fail   never pass
 test-armhf-armhf-xl          13 migrate-support-check        fail   never pass
 test-armhf-armhf-xl          14 saverestore-support-check    fail   never pass

version targeted for testing:
 xen                  b9a3c9535622c78d04c3d548513af81c8e64d0f1
baseline version:
 xen                  e21ba44f771226a5f6f0ce269aabcfb019eae539

Last test of basis   125125  2018-07-12 09:00:30 Z    0 days
Testing same since   125135  2018-07-12 15:00:31 Z    0 days    1 attempts

------------------------------------------------------------
People who touched revisions under test:
  Doug Goldstein <cardoe@cardoe.com>
  Wei Liu <wei.liu2@citrix.com>

jobs:
 build-arm64-xsm                                              pass    
 build-amd64                                                  pass    
 build-armhf                                                  pass    
 build-amd64-libvirt                                          pass    
 test-armhf-armhf-xl                                          pass    
 test-arm64-arm64-xl-xsm                                      pass    
 test-amd64-amd64-xl-qemuu-debianhvm-i386                     pass    
 test-amd64-amd64-libvirt                                     pass    


------------------------------------------------------------
sg-report-flight on osstest.test-lab.xenproject.org
logs: /home/logs/logs
images: /home/logs/images

Logs, config files, etc. are available at
    http://logs.test-lab.xenproject.org/osstest/logs

Explanation of these reports, and of osstest in general, is at
    http://xenbits.xen.org/gitweb/?p=osstest.git;a=blob;f=README.email;hb=master
    http://xenbits.xen.org/gitweb/?p=osstest.git;a=blob;f=README;hb=master

Test harness code can be found at
    http://xenbits.xen.org/gitweb?p=osstest.git;a=summary


Pushing revision :

To xenbits.xen.org:/home/xen/git/xen.git
   e21ba44f77..b9a3c95356  b9a3c9535622c78d04c3d548513af81c8e64d0f1 -> smoke

_______________________________________________
Xen-devel mailing list
Xen-devel@lists.xenproject.org
https://lists.xenproject.org/mailman/listinfo/xen-devel

^ permalink raw reply	[flat|nested] only message in thread

only message in thread, other threads:[~2018-07-12 17:30 UTC | newest]

Thread overview: (only message) (download: mbox.gz follow: Atom feed
-- links below jump to the message on this page --
2018-07-12 17:30 [xen-unstable-smoke test] 125135: tolerable all pass - PUSHED osstest service owner

This is a public inbox, see mirroring instructions
for how to clone and mirror all data and code used for this inbox;
as well as URLs for NNTP newsgroup(s).