xen-devel.lists.xenproject.org archive mirror
 help / color / mirror / Atom feed
From: osstest service owner <osstest-admin@xenproject.org>
To: xen-devel@lists.xenproject.org, osstest-admin@xenproject.org
Subject: [xen-unstable-smoke test] 125140: regressions - FAIL
Date: Thu, 12 Jul 2018 19:55:45 +0000	[thread overview]
Message-ID: <osstest-125140-mainreport@xen.org> (raw)

flight 125140 xen-unstable-smoke real [real]
http://logs.test-lab.xenproject.org/osstest/logs/125140/

Regressions :-(

Tests which did not succeed and are blocking,
including tests which could not be run:
 build-armhf                   6 xen-build                fail REGR. vs. 125135

Tests which did not succeed, but are not blocking:
 test-armhf-armhf-xl           1 build-check(1)               blocked  n/a
 test-arm64-arm64-xl-xsm      13 migrate-support-check        fail   never pass
 test-arm64-arm64-xl-xsm      14 saverestore-support-check    fail   never pass
 test-amd64-amd64-libvirt     13 migrate-support-check        fail   never pass

version targeted for testing:
 xen                  41cb2db62627a7438d938aae487550c3f4acb1da
baseline version:
 xen                  b9a3c9535622c78d04c3d548513af81c8e64d0f1

Last test of basis   125135  2018-07-12 15:00:31 Z    0 days
Testing same since   125140  2018-07-12 18:00:57 Z    0 days    1 attempts

------------------------------------------------------------
People who touched revisions under test:
  George Dunlap <dunlapg@umich.edu
  Ian Jackson <Ian.Jackson@eu.citrix.com>
  Jan Beulich <JBeulich@suse.com>
  Lars Kurth <lars.kurth.xen@gmail.com>
  Wei Liu <wei.liu2@citrix.com>

jobs:
 build-arm64-xsm                                              pass    
 build-amd64                                                  pass    
 build-armhf                                                  fail    
 build-amd64-libvirt                                          pass    
 test-armhf-armhf-xl                                          blocked 
 test-arm64-arm64-xl-xsm                                      pass    
 test-amd64-amd64-xl-qemuu-debianhvm-i386                     pass    
 test-amd64-amd64-libvirt                                     pass    


------------------------------------------------------------
sg-report-flight on osstest.test-lab.xenproject.org
logs: /home/logs/logs
images: /home/logs/images

Logs, config files, etc. are available at
    http://logs.test-lab.xenproject.org/osstest/logs

Explanation of these reports, and of osstest in general, is at
    http://xenbits.xen.org/gitweb/?p=osstest.git;a=blob;f=README.email;hb=master
    http://xenbits.xen.org/gitweb/?p=osstest.git;a=blob;f=README;hb=master

Test harness code can be found at
    http://xenbits.xen.org/gitweb?p=osstest.git;a=summary


Not pushing.

------------------------------------------------------------
commit 41cb2db62627a7438d938aae487550c3f4acb1da
Author: Ian Jackson <ian.jackson@eu.citrix.com>
Date:   Thu Jul 12 15:36:11 2018 +0100

    xen: oprofile/nmi_int.c: Drop unwanted sexual reference
    
    This is not really very nice.
    
    This line doesn't have much value in itself.  The rest of this comment
    block is pretty clear what it wants to convey.  So delete it.
    
    (While we are here, adopt the CODING_STYLE-mandated formatting.)
    
    Signed-off-by: Ian Jackson <Ian.Jackson@eu.citrix.com>
    Acked-by: Wei Liu <wei.liu2@citrix.com>
    Acked-by: Lars Kurth <lars.kurth.xen@gmail.com>
    Acked-by: George Dunlap <dunlapg@umich.edu
    Acked-by: Jan Beulich <JBeulich@suse.com>
    ---
    v3: Restore erroneously-dropped tab.
    v2: Delete the comment entirely.
(qemu changes not included)

_______________________________________________
Xen-devel mailing list
Xen-devel@lists.xenproject.org
https://lists.xenproject.org/mailman/listinfo/xen-devel

                 reply	other threads:[~2018-07-12 19:55 UTC|newest]

Thread overview: [no followups] expand[flat|nested]  mbox.gz  Atom feed

Reply instructions:

You may reply publicly to this message via plain-text email
using any one of the following methods:

* Save the following mbox file, import it into your mail client,
  and reply-to-all from there: mbox

  Avoid top-posting and favor interleaved quoting:
  https://en.wikipedia.org/wiki/Posting_style#Interleaved_style

* Reply using the --to, --cc, and --in-reply-to
  switches of git-send-email(1):

  git send-email \
    --in-reply-to=osstest-125140-mainreport@xen.org \
    --to=osstest-admin@xenproject.org \
    --cc=xen-devel@lists.xenproject.org \
    /path/to/YOUR_REPLY

  https://kernel.org/pub/software/scm/git/docs/git-send-email.html

* If your mail client supports setting the In-Reply-To header
  via mailto: links, try the mailto: link
Be sure your reply has a Subject: header at the top and a blank line before the message body.
This is a public inbox, see mirroring instructions
for how to clone and mirror all data and code used for this inbox;
as well as URLs for NNTP newsgroup(s).