* [xen-unstable-smoke test] 125140: regressions - FAIL
@ 2018-07-12 19:55 osstest service owner
0 siblings, 0 replies; only message in thread
From: osstest service owner @ 2018-07-12 19:55 UTC (permalink / raw)
To: xen-devel, osstest-admin
flight 125140 xen-unstable-smoke real [real]
http://logs.test-lab.xenproject.org/osstest/logs/125140/
Regressions :-(
Tests which did not succeed and are blocking,
including tests which could not be run:
build-armhf 6 xen-build fail REGR. vs. 125135
Tests which did not succeed, but are not blocking:
test-armhf-armhf-xl 1 build-check(1) blocked n/a
test-arm64-arm64-xl-xsm 13 migrate-support-check fail never pass
test-arm64-arm64-xl-xsm 14 saverestore-support-check fail never pass
test-amd64-amd64-libvirt 13 migrate-support-check fail never pass
version targeted for testing:
xen 41cb2db62627a7438d938aae487550c3f4acb1da
baseline version:
xen b9a3c9535622c78d04c3d548513af81c8e64d0f1
Last test of basis 125135 2018-07-12 15:00:31 Z 0 days
Testing same since 125140 2018-07-12 18:00:57 Z 0 days 1 attempts
------------------------------------------------------------
People who touched revisions under test:
George Dunlap <dunlapg@umich.edu
Ian Jackson <Ian.Jackson@eu.citrix.com>
Jan Beulich <JBeulich@suse.com>
Lars Kurth <lars.kurth.xen@gmail.com>
Wei Liu <wei.liu2@citrix.com>
jobs:
build-arm64-xsm pass
build-amd64 pass
build-armhf fail
build-amd64-libvirt pass
test-armhf-armhf-xl blocked
test-arm64-arm64-xl-xsm pass
test-amd64-amd64-xl-qemuu-debianhvm-i386 pass
test-amd64-amd64-libvirt pass
------------------------------------------------------------
sg-report-flight on osstest.test-lab.xenproject.org
logs: /home/logs/logs
images: /home/logs/images
Logs, config files, etc. are available at
http://logs.test-lab.xenproject.org/osstest/logs
Explanation of these reports, and of osstest in general, is at
http://xenbits.xen.org/gitweb/?p=osstest.git;a=blob;f=README.email;hb=master
http://xenbits.xen.org/gitweb/?p=osstest.git;a=blob;f=README;hb=master
Test harness code can be found at
http://xenbits.xen.org/gitweb?p=osstest.git;a=summary
Not pushing.
------------------------------------------------------------
commit 41cb2db62627a7438d938aae487550c3f4acb1da
Author: Ian Jackson <ian.jackson@eu.citrix.com>
Date: Thu Jul 12 15:36:11 2018 +0100
xen: oprofile/nmi_int.c: Drop unwanted sexual reference
This is not really very nice.
This line doesn't have much value in itself. The rest of this comment
block is pretty clear what it wants to convey. So delete it.
(While we are here, adopt the CODING_STYLE-mandated formatting.)
Signed-off-by: Ian Jackson <Ian.Jackson@eu.citrix.com>
Acked-by: Wei Liu <wei.liu2@citrix.com>
Acked-by: Lars Kurth <lars.kurth.xen@gmail.com>
Acked-by: George Dunlap <dunlapg@umich.edu
Acked-by: Jan Beulich <JBeulich@suse.com>
---
v3: Restore erroneously-dropped tab.
v2: Delete the comment entirely.
(qemu changes not included)
_______________________________________________
Xen-devel mailing list
Xen-devel@lists.xenproject.org
https://lists.xenproject.org/mailman/listinfo/xen-devel
^ permalink raw reply [flat|nested] only message in thread
only message in thread, other threads:[~2018-07-12 19:55 UTC | newest]
Thread overview: (only message) (download: mbox.gz follow: Atom feed
-- links below jump to the message on this page --
2018-07-12 19:55 [xen-unstable-smoke test] 125140: regressions - FAIL osstest service owner
This is a public inbox, see mirroring instructions
for how to clone and mirror all data and code used for this inbox;
as well as URLs for NNTP newsgroup(s).