* [qemu-upstream-unstable test] 12550: regressions - FAIL
@ 2012-04-03 10:13 xen.org
0 siblings, 0 replies; only message in thread
From: xen.org @ 2012-04-03 10:13 UTC (permalink / raw)
To: xen-devel; +Cc: ian.jackson
flight 12550 qemu-upstream-unstable real [real]
http://www.chiark.greenend.org.uk/~xensrcts/logs/12550/
Regressions :-(
Tests which did not succeed and are blocking,
including tests which could not be run:
build-amd64-oldkern 4 xen-build fail REGR. vs. 11890
build-amd64 4 xen-build fail REGR. vs. 11890
build-amd64-pvops 4 kernel-build fail REGR. vs. 11890
test-amd64-amd64-xl-win 7 windows-install fail in 12547 REGR. vs. 11890
Tests which are failing intermittently (not blocking):
test-i386-i386-xl-winxpsp3 7 windows-install fail pass in 12547
Regressions which are regarded as allowable (not blocking):
test-amd64-i386-qemuu-rhel6hvm-amd 9 guest-start.2 fail in 12547 blocked in 11890
Tests which did not succeed, but are not blocking:
test-amd64-i386-rhel6hvm-intel 1 xen-build-check(1) blocked n/a
test-amd64-i386-rhel6hvm-amd 1 xen-build-check(1) blocked n/a
test-amd64-i386-xl-multivcpu 1 xen-build-check(1) blocked n/a
test-amd64-amd64-pv 1 xen-build-check(1) blocked n/a
test-amd64-amd64-xl-sedf-pin 1 xen-build-check(1) blocked n/a
test-amd64-amd64-xl-sedf 1 xen-build-check(1) blocked n/a
test-amd64-i386-xl-credit2 1 xen-build-check(1) blocked n/a
test-amd64-i386-qemuu-rhel6hvm-amd 1 xen-build-check(1) blocked n/a
test-amd64-amd64-xl-winxpsp3 1 xen-build-check(1) blocked n/a
test-amd64-i386-xl-win7-amd64 1 xen-build-check(1) blocked n/a
test-amd64-i386-qemuu-rhel6hvm-intel 1 xen-build-check(1) blocked n/a
test-amd64-i386-pv 1 xen-build-check(1) blocked n/a
test-amd64-amd64-xl-pcipt-intel 1 xen-build-check(1) blocked n/a
test-amd64-i386-xl-winxpsp3-vcpus1 1 xen-build-check(1) blocked n/a
test-amd64-i386-pair 1 xen-build-check(1) blocked n/a
test-amd64-amd64-xl 1 xen-build-check(1) blocked n/a
test-amd64-i386-xl 1 xen-build-check(1) blocked n/a
test-amd64-amd64-xl-win7-amd64 1 xen-build-check(1) blocked n/a
test-amd64-amd64-pair 1 xen-build-check(1) blocked n/a
test-amd64-i386-xl-win-vcpus1 1 xen-build-check(1) blocked n/a
test-amd64-i386-win-vcpus1 1 xen-build-check(1) blocked n/a
test-i386-i386-win 16 leak-check/check fail never pass
test-i386-i386-xl-win 13 guest-stop fail never pass
test-amd64-i386-win 1 xen-build-check(1) blocked n/a
test-amd64-i386-xend-winxpsp3 1 xen-build-check(1) blocked n/a
test-amd64-amd64-win 1 xen-build-check(1) blocked n/a
test-amd64-amd64-xl-qemuu-win7-amd64 1 xen-build-check(1) blocked n/a
test-amd64-amd64-xl-win 1 xen-build-check(1) blocked n/a
test-i386-i386-xl-qemuu-winxpsp3 7 windows-install fail never pass
test-amd64-amd64-xl-qemuu-winxpsp3 1 xen-build-check(1) blocked n/a
test-amd64-i386-rhel6hvm-intel 11 leak-check/check fail in 12547 never pass
test-amd64-i386-rhel6hvm-amd 11 leak-check/check fail in 12547 never pass
test-amd64-amd64-xl-winxpsp3 13 guest-stop fail in 12547 never pass
test-amd64-i386-xl-win7-amd64 13 guest-stop fail in 12547 never pass
test-amd64-i386-qemuu-rhel6hvm-intel 9 guest-start.2 fail in 12547 never pass
test-amd64-amd64-xl-pcipt-intel 9 guest-start fail in 12547 never pass
test-amd64-i386-xl-winxpsp3-vcpus1 13 guest-stop fail in 12547 never pass
test-amd64-amd64-xl-win7-amd64 13 guest-stop fail in 12547 never pass
test-amd64-i386-xl-win-vcpus1 13 guest-stop fail in 12547 never pass
test-amd64-i386-win-vcpus1 16 leak-check/check fail in 12547 never pass
test-amd64-i386-win 16 leak-check/check fail in 12547 never pass
test-amd64-i386-xend-winxpsp3 16 leak-check/check fail in 12547 never pass
test-amd64-amd64-win 16 leak-check/check fail in 12547 never pass
test-amd64-amd64-xl-qemuu-win7-amd64 7 windows-install fail in 12547 never pass
test-i386-i386-xl-winxpsp3 13 guest-stop fail in 12547 never pass
test-amd64-amd64-xl-qemuu-winxpsp3 7 windows-install fail in 12547 never pass
version targeted for testing:
qemuu e1615984e765751b430f86be679c0b74b5d5cd15
baseline version:
qemuu 86a8d63bc11431509506b95c1481e1a023302cbc
jobs:
build-amd64 fail
build-i386 pass
build-amd64-oldkern fail
build-i386-oldkern pass
build-amd64-pvops fail
build-i386-pvops pass
test-amd64-amd64-xl blocked
test-amd64-i386-xl blocked
test-i386-i386-xl pass
test-amd64-i386-rhel6hvm-amd blocked
test-amd64-i386-qemuu-rhel6hvm-amd blocked
test-amd64-amd64-xl-qemuu-win7-amd64 blocked
test-amd64-amd64-xl-win7-amd64 blocked
test-amd64-i386-xl-win7-amd64 blocked
test-amd64-i386-xl-credit2 blocked
test-amd64-amd64-xl-pcipt-intel blocked
test-amd64-i386-rhel6hvm-intel blocked
test-amd64-i386-qemuu-rhel6hvm-intel blocked
test-amd64-i386-xl-multivcpu blocked
test-amd64-amd64-pair blocked
test-amd64-i386-pair blocked
test-i386-i386-pair pass
test-amd64-amd64-xl-sedf-pin blocked
test-amd64-amd64-pv blocked
test-amd64-i386-pv blocked
test-i386-i386-pv pass
test-amd64-amd64-xl-sedf blocked
test-amd64-i386-win-vcpus1 blocked
test-amd64-i386-xl-win-vcpus1 blocked
test-amd64-i386-xl-winxpsp3-vcpus1 blocked
test-amd64-amd64-win blocked
test-amd64-i386-win blocked
test-i386-i386-win fail
test-amd64-amd64-xl-win blocked
test-i386-i386-xl-win fail
test-amd64-amd64-xl-qemuu-winxpsp3 blocked
test-i386-i386-xl-qemuu-winxpsp3 fail
test-amd64-i386-xend-winxpsp3 blocked
test-amd64-amd64-xl-winxpsp3 blocked
test-i386-i386-xl-winxpsp3 fail
------------------------------------------------------------
sg-report-flight on woking.cam.xci-test.com
logs: /home/xc_osstest/logs
images: /home/xc_osstest/images
Logs, config files, etc. are available at
http://www.chiark.greenend.org.uk/~xensrcts/logs
Test harness code can be found at
http://xenbits.xensource.com/gitweb?p=osstest.git;a=summary
Not pushing.
^ permalink raw reply [flat|nested] only message in thread
only message in thread, other threads:[~2012-04-03 10:13 UTC | newest]
Thread overview: (only message) (download: mbox.gz follow: Atom feed
-- links below jump to the message on this page --
2012-04-03 10:13 [qemu-upstream-unstable test] 12550: regressions - FAIL xen.org
This is a public inbox, see mirroring instructions
for how to clone and mirror all data and code used for this inbox;
as well as URLs for NNTP newsgroup(s).