* [xen-4.9-testing test] 125506: regressions - trouble: blocked/broken/fail/pass
@ 2018-07-23 20:02 osstest service owner
0 siblings, 0 replies; only message in thread
From: osstest service owner @ 2018-07-23 20:02 UTC (permalink / raw)
To: xen-devel, osstest-admin
flight 125506 xen-4.9-testing real [real]
http://logs.test-lab.xenproject.org/osstest/logs/125506/
Regressions :-(
Tests which did not succeed and are blocking,
including tests which could not be run:
build-arm64-pvops <job status> broken
test-armhf-armhf-xl-vhd <job status> broken
build-arm64-pvops 4 host-install(4) broken REGR. vs. 124328
test-arm64-arm64-xl <job status> broken in 125487
build-arm64-xsm <job status> broken in 125487
build-arm64-libvirt <job status> broken in 125487
build-arm64-libvirt 4 host-install(4) broken in 125487 REGR. vs. 124328
build-arm64-xsm 4 host-install(4) broken in 125487 REGR. vs. 124328
test-amd64-i386-xl-qemut-ws16-amd64 17 guest-stop fail REGR. vs. 124248
test-amd64-amd64-libvirt-pair 23 guest-migrate/dst_host/src_host fail in 125253 REGR. vs. 124328
Tests which are failing intermittently (not blocking):
test-arm64-arm64-xl 4 host-install(4) broken in 125487 pass in 125416
test-armhf-armhf-xl-vhd 4 host-install(4) broken pass in 125487
test-arm64-arm64-xl-credit2 7 xen-boot fail in 125171 pass in 125487
test-amd64-amd64-xl-qemut-debianhvm-amd64 7 xen-boot fail in 125253 pass in 125506
test-amd64-i386-rumprun-i386 17 rumprun-demo-xenstorels/xenstorels.repeat fail in 125487 pass in 125506
test-armhf-armhf-xl-rtds 12 guest-start fail in 125487 pass in 125506
test-amd64-amd64-xl-qemut-debianhvm-amd64 10 debian-hvm-install fail pass in 125171
test-amd64-i386-libvirt-xsm 10 debian-install fail pass in 125171
test-amd64-i386-xl-raw 10 debian-di-install fail pass in 125171
test-amd64-amd64-libvirt-pair 22 guest-migrate/src_host/dst_host fail pass in 125253
test-armhf-armhf-xl-arndale 6 xen-install fail pass in 125487
test-amd64-amd64-xl-qemut-ws16-amd64 16 guest-localmigrate/x10 fail pass in 125487
test-amd64-i386-qemut-rhel6hvm-amd 10 redhat-install fail pass in 125487
Tests which did not succeed, but are not blocking:
test-arm64-arm64-xl-xsm 1 build-check(1) blocked n/a
test-arm64-arm64-xl 1 build-check(1) blocked n/a
test-arm64-arm64-libvirt-xsm 1 build-check(1) blocked n/a
test-arm64-arm64-xl-credit2 1 build-check(1) blocked n/a
test-amd64-amd64-xl-qemut-win7-amd64 17 guest-stop fail in 125171 blocked in 124328
test-amd64-i386-xl-qemuu-ws16-amd64 18 guest-start/win.repeat fail in 125171 blocked in 124328
test-amd64-i386-libvirt-xsm 13 migrate-support-check fail in 125171 never pass
test-amd64-amd64-xl-qemuu-ws16-amd64 14 guest-localmigrate fail in 125416 like 124248
test-arm64-arm64-xl 13 migrate-support-check fail in 125416 never pass
test-arm64-arm64-xl 14 saverestore-support-check fail in 125416 never pass
test-arm64-arm64-libvirt-xsm 13 migrate-support-check fail in 125416 never pass
test-arm64-arm64-libvirt-xsm 14 saverestore-support-check fail in 125416 never pass
test-arm64-arm64-xl-xsm 13 migrate-support-check fail in 125416 never pass
test-arm64-arm64-xl-xsm 14 saverestore-support-check fail in 125416 never pass
test-amd64-amd64-xl-qemuu-ws16-amd64 17 guest-stop fail in 125487 blocked in 124328
test-amd64-i386-xl-qemuu-win7-amd64 16 guest-localmigrate/x10 fail in 125487 like 124248
test-amd64-amd64-xl-qemut-ws16-amd64 17 guest-stop fail in 125487 like 124328
test-amd64-i386-xl-qemut-ws16-amd64 16 guest-localmigrate/x10 fail in 125487 like 124328
test-arm64-arm64-xl-credit2 13 migrate-support-check fail in 125487 never pass
test-arm64-arm64-xl-credit2 14 saverestore-support-check fail in 125487 never pass
test-armhf-armhf-xl-arndale 13 migrate-support-check fail in 125487 never pass
test-armhf-armhf-xl-arndale 14 saverestore-support-check fail in 125487 never pass
test-armhf-armhf-xl-vhd 12 migrate-support-check fail in 125487 never pass
test-armhf-armhf-xl-vhd 13 saverestore-support-check fail in 125487 never pass
test-amd64-i386-xl-qemut-win7-amd64 17 guest-stop fail like 124248
test-amd64-i386-libvirt-pair 22 guest-migrate/src_host/dst_host fail like 124248
test-amd64-i386-xl-qemuu-ws16-amd64 16 guest-localmigrate/x10 fail like 124248
test-amd64-amd64-xl-qemuu-ws16-amd64 16 guest-localmigrate/x10 fail like 124328
test-amd64-amd64-xl-qemuu-win7-amd64 16 guest-localmigrate/x10 fail like 124328
test-amd64-amd64-xl-qemut-win7-amd64 16 guest-localmigrate/x10 fail like 124328
test-amd64-i386-xl-qemuu-win7-amd64 17 guest-stop fail like 124328
test-armhf-armhf-xl-rtds 16 guest-start/debian.repeat fail like 124328
test-amd64-i386-libvirt 13 migrate-support-check fail never pass
test-amd64-amd64-libvirt-xsm 13 migrate-support-check fail never pass
test-amd64-amd64-libvirt 13 migrate-support-check fail never pass
test-amd64-amd64-libvirt-qemuu-debianhvm-amd64-xsm 11 migrate-support-check fail never pass
test-amd64-i386-libvirt-qemuu-debianhvm-amd64-xsm 11 migrate-support-check fail never pass
test-amd64-amd64-qemuu-nested-amd 17 debian-hvm-install/l1/l2 fail never pass
test-amd64-amd64-libvirt-vhd 12 migrate-support-check fail never pass
test-armhf-armhf-xl-cubietruck 13 migrate-support-check fail never pass
test-armhf-armhf-xl-cubietruck 14 saverestore-support-check fail never pass
test-armhf-armhf-xl-multivcpu 13 migrate-support-check fail never pass
test-armhf-armhf-xl-credit2 13 migrate-support-check fail never pass
test-armhf-armhf-xl-multivcpu 14 saverestore-support-check fail never pass
test-armhf-armhf-xl-credit2 14 saverestore-support-check fail never pass
test-armhf-armhf-libvirt-raw 12 migrate-support-check fail never pass
test-armhf-armhf-libvirt-raw 13 saverestore-support-check fail never pass
test-armhf-armhf-libvirt 13 migrate-support-check fail never pass
test-armhf-armhf-libvirt 14 saverestore-support-check fail never pass
test-armhf-armhf-xl-rtds 13 migrate-support-check fail never pass
test-armhf-armhf-xl-rtds 14 saverestore-support-check fail never pass
test-amd64-amd64-xl-qemut-win10-i386 10 windows-install fail never pass
test-amd64-amd64-xl-qemuu-win10-i386 10 windows-install fail never pass
test-amd64-i386-xl-qemuu-win10-i386 10 windows-install fail never pass
test-amd64-i386-xl-qemut-win10-i386 10 windows-install fail never pass
test-armhf-armhf-xl 13 migrate-support-check fail never pass
test-armhf-armhf-xl 14 saverestore-support-check fail never pass
version targeted for testing:
xen f5c692acb81219d817e97ea8499f44f9f2764af5
baseline version:
xen 238007d6fae9447bf5e8e73d67ae9fb844e7ff2a
Last test of basis 124328 2018-06-17 23:39:07 Z 35 days
Failing since 124807 2018-06-28 17:38:04 Z 25 days 14 attempts
Testing same since 125144 2018-07-13 01:29:33 Z 10 days 7 attempts
------------------------------------------------------------
People who touched revisions under test:
Andrew Cooper <andrew.cooper3@citrix.com>
Ian Jackson <Ian.Jackson@eu.citrix.com>
Jan Beulich <jbeulich@suse.com>
Juergen Gross <jgross@suse.com>
Kevin Tian <kevin.tian@intel.com>
Paul Durrant <paul.durrant@citrix.com>
Stewart Hildebrand <stewart.hildebrand@dornerworks.com>
jobs:
build-amd64-xsm pass
build-arm64-xsm pass
build-i386-xsm pass
build-amd64-xtf pass
build-amd64 pass
build-arm64 pass
build-armhf pass
build-i386 pass
build-amd64-libvirt pass
build-arm64-libvirt pass
build-armhf-libvirt pass
build-i386-libvirt pass
build-amd64-prev pass
build-i386-prev pass
build-amd64-pvops pass
build-arm64-pvops broken
build-armhf-pvops pass
build-i386-pvops pass
build-amd64-rumprun pass
build-i386-rumprun pass
test-xtf-amd64-amd64-1 pass
test-xtf-amd64-amd64-2 pass
test-xtf-amd64-amd64-3 pass
test-xtf-amd64-amd64-4 pass
test-xtf-amd64-amd64-5 pass
test-amd64-amd64-xl pass
test-arm64-arm64-xl blocked
test-armhf-armhf-xl pass
test-amd64-i386-xl pass
test-amd64-amd64-xl-qemut-debianhvm-amd64-xsm pass
test-amd64-i386-xl-qemut-debianhvm-amd64-xsm pass
test-amd64-amd64-libvirt-qemuu-debianhvm-amd64-xsm pass
test-amd64-i386-libvirt-qemuu-debianhvm-amd64-xsm pass
test-amd64-amd64-xl-qemuu-debianhvm-amd64-xsm pass
test-amd64-i386-xl-qemuu-debianhvm-amd64-xsm pass
test-amd64-amd64-xl-qemut-stubdom-debianhvm-amd64-xsm pass
test-amd64-i386-xl-qemut-stubdom-debianhvm-amd64-xsm pass
test-amd64-amd64-libvirt-xsm pass
test-arm64-arm64-libvirt-xsm blocked
test-amd64-i386-libvirt-xsm fail
test-amd64-amd64-xl-xsm pass
test-arm64-arm64-xl-xsm blocked
test-amd64-i386-xl-xsm pass
test-amd64-amd64-qemuu-nested-amd fail
test-amd64-i386-qemut-rhel6hvm-amd fail
test-amd64-i386-qemuu-rhel6hvm-amd pass
test-amd64-amd64-xl-qemut-debianhvm-amd64 fail
test-amd64-i386-xl-qemut-debianhvm-amd64 pass
test-amd64-amd64-xl-qemuu-debianhvm-amd64 pass
test-amd64-i386-xl-qemuu-debianhvm-amd64 pass
test-amd64-i386-freebsd10-amd64 pass
test-amd64-amd64-xl-qemuu-ovmf-amd64 pass
test-amd64-i386-xl-qemuu-ovmf-amd64 pass
test-amd64-amd64-rumprun-amd64 pass
test-amd64-amd64-xl-qemut-win7-amd64 fail
test-amd64-i386-xl-qemut-win7-amd64 fail
test-amd64-amd64-xl-qemuu-win7-amd64 fail
test-amd64-i386-xl-qemuu-win7-amd64 fail
test-amd64-amd64-xl-qemut-ws16-amd64 fail
test-amd64-i386-xl-qemut-ws16-amd64 fail
test-amd64-amd64-xl-qemuu-ws16-amd64 fail
test-amd64-i386-xl-qemuu-ws16-amd64 fail
test-armhf-armhf-xl-arndale fail
test-amd64-amd64-xl-credit2 pass
test-arm64-arm64-xl-credit2 blocked
test-armhf-armhf-xl-credit2 pass
test-armhf-armhf-xl-cubietruck pass
test-amd64-i386-freebsd10-i386 pass
test-amd64-i386-rumprun-i386 pass
test-amd64-amd64-xl-qemut-win10-i386 fail
test-amd64-i386-xl-qemut-win10-i386 fail
test-amd64-amd64-xl-qemuu-win10-i386 fail
test-amd64-i386-xl-qemuu-win10-i386 fail
test-amd64-amd64-qemuu-nested-intel pass
test-amd64-i386-qemut-rhel6hvm-intel pass
test-amd64-i386-qemuu-rhel6hvm-intel pass
test-amd64-amd64-libvirt pass
test-armhf-armhf-libvirt pass
test-amd64-i386-libvirt pass
test-amd64-amd64-livepatch pass
test-amd64-i386-livepatch pass
test-amd64-amd64-migrupgrade pass
test-amd64-i386-migrupgrade pass
test-amd64-amd64-xl-multivcpu pass
test-armhf-armhf-xl-multivcpu pass
test-amd64-amd64-pair pass
test-amd64-i386-pair pass
test-amd64-amd64-libvirt-pair fail
test-amd64-i386-libvirt-pair fail
test-amd64-amd64-amd64-pvgrub pass
test-amd64-amd64-i386-pvgrub pass
test-amd64-amd64-pygrub pass
test-amd64-amd64-xl-qcow2 pass
test-armhf-armhf-libvirt-raw pass
test-amd64-i386-xl-raw fail
test-amd64-amd64-xl-rtds pass
test-armhf-armhf-xl-rtds fail
test-amd64-amd64-xl-qemuu-debianhvm-amd64-shadow pass
test-amd64-i386-xl-qemuu-debianhvm-amd64-shadow pass
test-amd64-amd64-xl-shadow pass
test-amd64-i386-xl-shadow pass
test-amd64-amd64-libvirt-vhd pass
test-armhf-armhf-xl-vhd broken
------------------------------------------------------------
sg-report-flight on osstest.test-lab.xenproject.org
logs: /home/logs/logs
images: /home/logs/images
Logs, config files, etc. are available at
http://logs.test-lab.xenproject.org/osstest/logs
Explanation of these reports, and of osstest in general, is at
http://xenbits.xen.org/gitweb/?p=osstest.git;a=blob;f=README.email;hb=master
http://xenbits.xen.org/gitweb/?p=osstest.git;a=blob;f=README;hb=master
Test harness code can be found at
http://xenbits.xen.org/gitweb?p=osstest.git;a=summary
broken-job build-arm64-pvops broken
broken-job test-armhf-armhf-xl-vhd broken
broken-step build-arm64-pvops host-install(4)
broken-step test-armhf-armhf-xl-vhd host-install(4)
broken-job test-arm64-arm64-xl broken
broken-job build-arm64-xsm broken
broken-job build-arm64-libvirt broken
Not pushing.
(No revision log; it would be 307 lines long.)
_______________________________________________
Xen-devel mailing list
Xen-devel@lists.xenproject.org
https://lists.xenproject.org/mailman/listinfo/xen-devel
^ permalink raw reply [flat|nested] only message in thread
only message in thread, other threads:[~2018-07-23 20:02 UTC | newest]
Thread overview: (only message) (download: mbox.gz follow: Atom feed
-- links below jump to the message on this page --
2018-07-23 20:02 [xen-4.9-testing test] 125506: regressions - trouble: blocked/broken/fail/pass osstest service owner
This is a public inbox, see mirroring instructions
for how to clone and mirror all data and code used for this inbox;
as well as URLs for NNTP newsgroup(s).