xen-devel.lists.xenproject.org archive mirror
 help / color / mirror / Atom feed
* [linux-4.14 test] 125536: regressions - FAIL
@ 2018-08-06 15:31 osstest service owner
  0 siblings, 0 replies; only message in thread
From: osstest service owner @ 2018-08-06 15:31 UTC (permalink / raw)
  To: xen-devel, osstest-admin

flight 125536 linux-4.14 real [real]
http://logs.test-lab.xenproject.org/osstest/logs/125536/

Regressions :-(

Tests which did not succeed and are blocking,
including tests which could not be run:
 test-armhf-armhf-xl-credit2     <job status>                 broken  in 125509
 test-amd64-amd64-xl-qemuu-debianhvm-amd64-shadow 10 debian-hvm-install fail REGR. vs. 125175
 test-amd64-amd64-xl-pvshim   10 debian-install           fail REGR. vs. 125175
 test-amd64-amd64-xl-pvhv2-amd 10 debian-install          fail REGR. vs. 125175
 test-amd64-i386-qemut-rhel6hvm-amd 10 redhat-install     fail REGR. vs. 125175
 test-amd64-i386-xl           10 debian-install           fail REGR. vs. 125175
 test-amd64-amd64-xl-qemuu-debianhvm-amd64-xsm 10 debian-hvm-install fail in 125509 REGR. vs. 125175

Tests which are failing intermittently (not blocking):
 test-armhf-armhf-xl-credit2  4 host-install(4) broken in 125509 pass in 125536
 test-arm64-arm64-examine      2 hosts-allocate           broken pass in 125509
 test-amd64-amd64-xl-qemuu-debianhvm-amd64-xsm  7 xen-boot  fail pass in 125509

Tests which did not succeed, but are not blocking:
 test-amd64-amd64-xl-qemuu-dmrestrict-amd64-dmrestrict 10 debian-hvm-install fail never pass
 test-amd64-i386-xl-qemuu-dmrestrict-amd64-dmrestrict 10 debian-hvm-install fail never pass
 test-amd64-i386-libvirt      13 migrate-support-check        fail   never pass
 test-amd64-amd64-libvirt     13 migrate-support-check        fail   never pass
 test-amd64-i386-libvirt-qemuu-debianhvm-amd64-xsm 11 migrate-support-check fail never pass
 test-amd64-i386-xl-pvshim    12 guest-start                  fail   never pass
 test-amd64-amd64-libvirt-xsm 13 migrate-support-check        fail   never pass
 test-arm64-arm64-xl-credit2  13 migrate-support-check        fail   never pass
 test-arm64-arm64-xl-credit2  14 saverestore-support-check    fail   never pass
 test-arm64-arm64-xl          13 migrate-support-check        fail   never pass
 test-arm64-arm64-xl          14 saverestore-support-check    fail   never pass
 test-arm64-arm64-xl-xsm      13 migrate-support-check        fail   never pass
 test-arm64-arm64-xl-xsm      14 saverestore-support-check    fail   never pass
 test-arm64-arm64-libvirt-xsm 13 migrate-support-check        fail   never pass
 test-arm64-arm64-libvirt-xsm 14 saverestore-support-check    fail   never pass
 test-amd64-i386-libvirt-xsm  13 migrate-support-check        fail   never pass
 test-amd64-amd64-libvirt-qemuu-debianhvm-amd64-xsm 11 migrate-support-check fail never pass
 test-amd64-amd64-libvirt-vhd 12 migrate-support-check        fail   never pass
 test-armhf-armhf-xl-multivcpu 13 migrate-support-check        fail  never pass
 test-armhf-armhf-xl-multivcpu 14 saverestore-support-check    fail  never pass
 test-armhf-armhf-xl-arndale  13 migrate-support-check        fail   never pass
 test-armhf-armhf-xl-arndale  14 saverestore-support-check    fail   never pass
 test-armhf-armhf-xl-rtds     13 migrate-support-check        fail   never pass
 test-armhf-armhf-xl-rtds     14 saverestore-support-check    fail   never pass
 test-armhf-armhf-xl-credit2  13 migrate-support-check        fail   never pass
 test-armhf-armhf-xl-credit2  14 saverestore-support-check    fail   never pass
 test-armhf-armhf-xl          13 migrate-support-check        fail   never pass
 test-armhf-armhf-xl          14 saverestore-support-check    fail   never pass
 test-armhf-armhf-libvirt     13 migrate-support-check        fail   never pass
 test-armhf-armhf-libvirt     14 saverestore-support-check    fail   never pass
 test-amd64-amd64-qemuu-nested-amd 17 debian-hvm-install/l1/l2  fail never pass
 test-armhf-armhf-libvirt-raw 12 migrate-support-check        fail   never pass
 test-armhf-armhf-libvirt-raw 13 saverestore-support-check    fail   never pass
 test-armhf-armhf-xl-cubietruck 13 migrate-support-check        fail never pass
 test-armhf-armhf-xl-cubietruck 14 saverestore-support-check    fail never pass
 test-amd64-i386-xl-qemut-win7-amd64 17 guest-stop              fail never pass
 test-armhf-armhf-xl-vhd      12 migrate-support-check        fail   never pass
 test-armhf-armhf-xl-vhd      13 saverestore-support-check    fail   never pass
 test-amd64-amd64-xl-qemuu-win7-amd64 17 guest-stop             fail never pass
 test-amd64-amd64-xl-qemuu-ws16-amd64 17 guest-stop             fail never pass
 test-amd64-i386-xl-qemuu-win7-amd64 17 guest-stop              fail never pass
 test-amd64-amd64-xl-qemut-win7-amd64 17 guest-stop             fail never pass
 test-amd64-i386-xl-qemuu-ws16-amd64 17 guest-stop              fail never pass
 test-amd64-amd64-xl-qemut-ws16-amd64 17 guest-stop             fail never pass
 test-amd64-i386-xl-qemut-ws16-amd64 17 guest-stop              fail never pass
 test-amd64-i386-xl-qemut-win10-i386 10 windows-install         fail never pass
 test-amd64-amd64-xl-qemut-win10-i386 10 windows-install        fail never pass
 test-amd64-amd64-xl-qemuu-win10-i386 10 windows-install        fail never pass
 test-amd64-i386-xl-qemuu-win10-i386 10 windows-install         fail never pass

version targeted for testing:
 linux                ecc160ece609498c946e73710e5c7c54c62b966a
baseline version:
 linux                1e92e813554a93741666e9f378a83d70405b9076

Last test of basis   125175  2018-07-15 08:04:36 Z   22 days
Failing since        125270  2018-07-17 10:10:13 Z   20 days    6 attempts
Testing same since   125509  2018-07-22 20:11:58 Z   14 days    2 attempts

------------------------------------------------------------
People who touched revisions under test:
  Alan Jenkins <alan.christopher.jenkins@gmail.com>
  Aleksander Morgado <aleksander@aleksander.es>
  Alex Chen <alex.chen@huawei.com>
  Alex Vesker <valex@mellanox.com>
  Amit Pundir <amit.pundir@linaro.org>
  Andreas Schwab <schwab@linux-m68k.org>
  Andrew Morton <akpm@linux-foundation.org>
  Anna Schumaker <Anna.Schumaker@Netapp.com>
  Antoine Tenart <antoine.tenart@bootlin.com>
  Ard Biesheuvel <ard.biesheuvel@linaro.org>
  Artem Bityutskiy <artem.bityutskiy@intel.com>
  Bhadram Varka <vbhadram@nvidia.com>
  Bjorn Helgaas <bhelgaas@google.com>
  Bjørn Mork <bjorn@mork.no>
  Boris Brezillon <boris.brezillon@bootlin.com>
  Catalin Marinas <catalin.marinas@arm.com>
  Changwei Ge <ge.changwei@h3c.com>
  Chris Wilson <chris@chris-wilson.co.uk>
  Christian Borntraeger <borntraeger@de.ibm.com>
  Christian Brauner <christian.brauner@ubuntu.com>
  Christian Lamparter <chunkeey@googlemail.com>
  Christoffer Dall <cdall@linaro.org>
  Christoffer Dall <christoffer.dall@arm.com>
  Christoffer Dall <christoffer.dall@linaro.org>
  Christoph Hellwig <hch@lst.de>
  Chuck Lever <chuck.lever@oracle.com>
  Claudio Imbrenda <imbrenda@linux.vnet.ibm.com>
  Damien Le Moal <damien.lemoal@wdc.com>
  Dan Carpenter <dan.carpenter@oracle.com>
  Dave Watson <davejwatson@fb.com>
  David Ahern <dsahern@gmail.com>
  David S. Miller <davem@davemloft.net>
  David Sterba <dsterba@suse.com>
  David Woodhouse <dwmw2@infradead.org>
  Dennis Dalessandro <dennis.dalessandro@intel.com>
  Dexuan Cui <decui@microsoft.com>
  Diego Viola <diego.viola@gmail.com>
  Doron Roberts-Kedes <doronrk@fb.com>
  Eli Cohen <eli@mellanox.com>
  Eli Cohen <eli@melloanox.com>
  Eric Biggers <ebiggers@google.com>
  Eric Dumazet <edumazet@google.com>
  Evgeny Kapun <abacabadabacaba@gmail.com> # 8723DE
  Filipe Manana <fdmanana@suse.com>
  Florian Westphal <fw@strlen.de>
  Floris Bos <bos@je-eigen-domein.nl>
  Greg Kroah-Hartman <gregkh@linuxfoundation.org>
  Gustavo A. R. Silva <gustavo@embeddedor.com>
  H. Peter Anvin <hpa@linux.intel.com>
  Haiyang Zhang <haiyangz@microsoft.com>
  Hans de Goede <hdegoede@redhat.com>
  Harini Katakam <harini.katakam@xilinx.com>
  Herbert Xu <herbert@gondor.apana.org.au>
  Hui Wang <hui.wang@canonical.com>
  Ian Kent <raven@themaw.net>
  Ilpo Järvinen <ilpo.jarvinen@helsinki.fi>
  Ingo Molnar <mingo@kernel.org>
  Jaegeuk Kim <jaegeuk@kernel.org>
  Jaehoon Chung <jh80.chung@samsung.com>
  James Morse <james.morse@arm.com>
  Jan Kara <jack@suse.cz>
  Jann Horn <jannh@google.com>
  Jason Gunthorpe <jgg@mellanox.com>
  Jason Wang <jasowang@redhat.com>
  Jens Axboe <axboe@kernel.dk>
  Jesper Dangaard Brouer <brouer@redhat.com>
  Jian-Hong Pan <jian-hong@endlessm.com>
  Jiri Benc <jbenc@redhat.com>
  Jiri Slaby <jslaby@suse.cz>
  Joel Fernandes (Google) <joel@joelfernandes.org>
  Johan Hovold <johan@kernel.org>
  Jon Hunter <jonathanh@nvidia.com>
  Jonas Gorski <jonas.gorski@gmail.com>
  Jordan Glover <Golden_Miller83@protonmail.ch>
  Juergen Gross <jgross@suse.com>
  Kai Chieh Chuang <kaichieh.chuang@mediatek.com>
  KaiChieh Chuang <kaichieh.chuang@mediatek.com>
  Kalle Valo <kvalo@codeaurora.org>
  Kashyap Desai <kashyap.desai@broadcom.com>
  Kees Cook <keescook@chromium.org>
  Keith Busch <keith.busch@intel.com>
  Kevin Darbyshire-Bryant <ldir@darbyshire-bryant.me.uk>
  Konstantin Khlebnikov <khlebnikov@yandex-team.ru>
  Leon Romanovsky <leonro@mellanox.com>
  Linus Torvalds <torvalds@linux-foundation.org>
  Lorenzo Pieralisi <lorenzo.pieralisi@arm.com>
  Marc Zyngier <marc.zyngier@arm.com>
  Mark Brown <broonie@kernel.org>
  Martin K. Petersen <martin.petersen@oracle.com>
  Masahiro Yamada <yamada.masahiro@socionext.com>
  Mathias Nyman <mathias.nyman@linux.intel.com>
  Mauro Carvalho Chehab <mchehab@s-opensource.com>
  Michael J. Ruhl <michael.j.ruhl@intel.com>
  Michal Hocko <mhocko@suse.com>
  Michal Kalderon <Michal.Kalderon@cavium.com>
  Ming Lei <ming.lei@redhat.com>
  Murray McAllister <murray.mcallister@insomniasec.com>
  Nadav Amit <namit@vmware.com>
  Neal Cardwell <ncardwell@google.com>
  Nick Desaulniers <ndesaulniers@google.com>
  Nico Sneck <snecknico@gmail.com>
  Nicolas Ferre <nicolas.ferre@microchip.com>
  Oleg Nesterov <oleg@redhat.com>
  Olli Salonen <olli.salonen@iki.fi>
  Or Gerlitz <ogerlitz@mellanox.com>
  Oscar Salvador <osalvador@suse.de>
  Pablo Neira Ayuso <pablo@netfilter.org>
  Paul Burton <paul.burton@mips.com>
  Paul Menzel <pmenzel@molgen.mpg.de>
  Peter Zijlstra (Intel) <peterz@infradead.org>
  Peter Zijlstra <peterz@infradead.org>
  Ping-Ke Shih <pkshih@realtek.com>
  Prashanth Prakash <pprakash@codeaurora.org>
  Qing Xia <xiaqing17@hisilicon.com>
  Rafael J. Wysocki <rafael.j.wysocki@intel.com>
  Randy Dunlap <rdunlap@infradead.org>
  Renato Westphal <renato@opensourcerouting.org>
  Richard Weinberger <richard@nod.at>
  Sabrina Dubroca <sd@queasysnail.net>
  Saeed Mahameed <saeedm@mellanox.com>
  Santosh Shilimkar <santosh.shilimkar@oracle.com>
  Scott Bauer <scott.bauer@intel.com>
  Sean Young <sean@mess.org>
  Sedat Dilek <sedat.dilek@gmail.com>
  Serge Semin <fancer.lancer@gmail.com>
  Shay Agroskin <shayag@mellanox.com>
  Shivam Kakkar <shivam543@gmail.com> # 8723BE on 4.18-rc1
  Shivasharan S <shivasharan.srikanteshwara@broadcom.com>
  Stefan Agner <stefan@agner.ch>
  Stefan Haberland <sth@linux.vnet.ibm.com>
  Stefan Wahren <stefan.wahren@i2se.com>
  Stephan Mueller <smueller@chronox.de>
  Stephen Hemminger <sthemmin@microsoft.com>
  Steve Wise <swise@opengridcomputing.com>
  Steven Rostedt (VMware) <rostedt@goodmis.org>
  Sudarsana Reddy Kalluru <Sudarsana.Kalluru@cavium.com>
  Sudip Mukherjee <sudipm.mukherjee@gmail.com>
  Takashi Iwai <tiwai@suse.de>
  Tejun Heo <tj@kernel.org>
  Tetsuo Handa <penguin-kernel@i-love.sakura.ne.jp>
  Theodore Ts'o <tytso@mit.edu>
  Thierry Reding <treding@nvidia.com>
  Thomas Gleixner <tglx@linutronix.de>
  Tomas Bortoli <tomasbortoli@gmail.com>
  Ulf Hansson <ulf.hansson@linaro.org>
  Vlastimil Babka <vbabka@suse.cz>
  Will Deacon <will.deacon@arm.com>
  Willem de Bruijn <willemb@google.com>
  Wolfram Sang <wsa@the-dreams.de>
  x00270170 <xiaqing17@hisilicon.com>
  Xin Long <lucien.xin@gmail.com>
  Yandong Zhao <yandong77520@gmail.com>
  Yuchung Cheng <ycheng@google.com>

jobs:
 build-amd64-xsm                                              pass    
 build-arm64-xsm                                              pass    
 build-i386-xsm                                               pass    
 build-amd64                                                  pass    
 build-arm64                                                  pass    
 build-armhf                                                  pass    
 build-i386                                                   pass    
 build-amd64-libvirt                                          pass    
 build-arm64-libvirt                                          pass    
 build-armhf-libvirt                                          pass    
 build-i386-libvirt                                           pass    
 build-amd64-pvops                                            pass    
 build-arm64-pvops                                            pass    
 build-armhf-pvops                                            pass    
 build-i386-pvops                                             pass    
 build-amd64-rumprun                                          pass    
 build-i386-rumprun                                           pass    
 test-amd64-amd64-xl                                          pass    
 test-arm64-arm64-xl                                          pass    
 test-armhf-armhf-xl                                          pass    
 test-amd64-i386-xl                                           fail    
 test-amd64-amd64-xl-qemut-debianhvm-amd64-xsm                pass    
 test-amd64-i386-xl-qemut-debianhvm-amd64-xsm                 pass    
 test-amd64-amd64-libvirt-qemuu-debianhvm-amd64-xsm           pass    
 test-amd64-i386-libvirt-qemuu-debianhvm-amd64-xsm            pass    
 test-amd64-amd64-xl-qemuu-debianhvm-amd64-xsm                fail    
 test-amd64-i386-xl-qemuu-debianhvm-amd64-xsm                 pass    
 test-amd64-amd64-xl-qemut-stubdom-debianhvm-amd64-xsm        pass    
 test-amd64-i386-xl-qemut-stubdom-debianhvm-amd64-xsm         pass    
 test-amd64-amd64-libvirt-xsm                                 pass    
 test-arm64-arm64-libvirt-xsm                                 pass    
 test-amd64-i386-libvirt-xsm                                  pass    
 test-amd64-amd64-xl-xsm                                      pass    
 test-arm64-arm64-xl-xsm                                      pass    
 test-amd64-i386-xl-xsm                                       pass    
 test-amd64-amd64-qemuu-nested-amd                            fail    
 test-amd64-amd64-xl-pvhv2-amd                                fail    
 test-amd64-i386-qemut-rhel6hvm-amd                           fail    
 test-amd64-i386-qemuu-rhel6hvm-amd                           pass    
 test-amd64-amd64-xl-qemut-debianhvm-amd64                    pass    
 test-amd64-i386-xl-qemut-debianhvm-amd64                     pass    
 test-amd64-amd64-xl-qemuu-debianhvm-amd64                    pass    
 test-amd64-i386-xl-qemuu-debianhvm-amd64                     pass    
 test-amd64-i386-freebsd10-amd64                              pass    
 test-amd64-amd64-xl-qemuu-ovmf-amd64                         pass    
 test-amd64-i386-xl-qemuu-ovmf-amd64                          pass    
 test-amd64-amd64-rumprun-amd64                               pass    
 test-amd64-amd64-xl-qemut-win7-amd64                         fail    
 test-amd64-i386-xl-qemut-win7-amd64                          fail    
 test-amd64-amd64-xl-qemuu-win7-amd64                         fail    
 test-amd64-i386-xl-qemuu-win7-amd64                          fail    
 test-amd64-amd64-xl-qemut-ws16-amd64                         fail    
 test-amd64-i386-xl-qemut-ws16-amd64                          fail    
 test-amd64-amd64-xl-qemuu-ws16-amd64                         fail    
 test-amd64-i386-xl-qemuu-ws16-amd64                          fail    
 test-armhf-armhf-xl-arndale                                  pass    
 test-amd64-amd64-xl-credit2                                  pass    
 test-arm64-arm64-xl-credit2                                  pass    
 test-armhf-armhf-xl-credit2                                  pass    
 test-armhf-armhf-xl-cubietruck                               pass    
 test-amd64-amd64-xl-qemuu-dmrestrict-amd64-dmrestrict        fail    
 test-amd64-i386-xl-qemuu-dmrestrict-amd64-dmrestrict         fail    
 test-amd64-amd64-examine                                     pass    
 test-arm64-arm64-examine                                     fail    
 test-armhf-armhf-examine                                     pass    
 test-amd64-i386-examine                                      pass    
 test-amd64-i386-freebsd10-i386                               pass    
 test-amd64-i386-rumprun-i386                                 pass    
 test-amd64-amd64-xl-qemut-win10-i386                         fail    
 test-amd64-i386-xl-qemut-win10-i386                          fail    
 test-amd64-amd64-xl-qemuu-win10-i386                         fail    
 test-amd64-i386-xl-qemuu-win10-i386                          fail    
 test-amd64-amd64-qemuu-nested-intel                          pass    
 test-amd64-amd64-xl-pvhv2-intel                              pass    
 test-amd64-i386-qemut-rhel6hvm-intel                         pass    
 test-amd64-i386-qemuu-rhel6hvm-intel                         pass    
 test-amd64-amd64-libvirt                                     pass    
 test-armhf-armhf-libvirt                                     pass    
 test-amd64-i386-libvirt                                      pass    
 test-amd64-amd64-xl-multivcpu                                pass    
 test-armhf-armhf-xl-multivcpu                                pass    
 test-amd64-amd64-pair                                        pass    
 test-amd64-i386-pair                                         pass    
 test-amd64-amd64-libvirt-pair                                pass    
 test-amd64-i386-libvirt-pair                                 pass    
 test-amd64-amd64-amd64-pvgrub                                pass    
 test-amd64-amd64-i386-pvgrub                                 pass    
 test-amd64-amd64-xl-pvshim                                   fail    
 test-amd64-i386-xl-pvshim                                    fail    
 test-amd64-amd64-pygrub                                      pass    
 test-amd64-amd64-xl-qcow2                                    pass    
 test-armhf-armhf-libvirt-raw                                 pass    
 test-amd64-i386-xl-raw                                       pass    
 test-amd64-amd64-xl-rtds                                     pass    
 test-armhf-armhf-xl-rtds                                     pass    
 test-amd64-amd64-xl-qemuu-debianhvm-amd64-shadow             fail    
 test-amd64-i386-xl-qemuu-debianhvm-amd64-shadow              pass    
 test-amd64-amd64-xl-shadow                                   pass    
 test-amd64-i386-xl-shadow                                    pass    
 test-amd64-amd64-libvirt-vhd                                 pass    
 test-armhf-armhf-xl-vhd                                      pass    


------------------------------------------------------------
sg-report-flight on osstest.test-lab.xenproject.org
logs: /home/logs/logs
images: /home/logs/images

Logs, config files, etc. are available at
    http://logs.test-lab.xenproject.org/osstest/logs

Explanation of these reports, and of osstest in general, is at
    http://xenbits.xen.org/gitweb/?p=osstest.git;a=blob;f=README.email;hb=master
    http://xenbits.xen.org/gitweb/?p=osstest.git;a=blob;f=README;hb=master

Test harness code can be found at
    http://xenbits.xen.org/gitweb?p=osstest.git;a=summary

broken-step test-arm64-arm64-examine hosts-allocate
broken-job test-armhf-armhf-xl-credit2 broken

Not pushing.

(No revision log; it would be 4657 lines long.)

_______________________________________________
Xen-devel mailing list
Xen-devel@lists.xenproject.org
https://lists.xenproject.org/mailman/listinfo/xen-devel

^ permalink raw reply	[flat|nested] only message in thread

only message in thread, other threads:[~2018-08-06 15:31 UTC | newest]

Thread overview: (only message) (download: mbox.gz follow: Atom feed
-- links below jump to the message on this page --
2018-08-06 15:31 [linux-4.14 test] 125536: regressions - FAIL osstest service owner

This is a public inbox, see mirroring instructions
for how to clone and mirror all data and code used for this inbox;
as well as URLs for NNTP newsgroup(s).