* [linux-4.9 test] 125544: regressions - FAIL
@ 2018-08-06 14:29 osstest service owner
0 siblings, 0 replies; only message in thread
From: osstest service owner @ 2018-08-06 14:29 UTC (permalink / raw)
To: xen-devel, osstest-admin
flight 125544 linux-4.9 real [real]
http://logs.test-lab.xenproject.org/osstest/logs/125544/
Regressions :-(
Tests which did not succeed and are blocking,
including tests which could not be run:
test-amd64-i386-xl-qemuu-ovmf-amd64 10 debian-hvm-install fail REGR. vs. 125183
Tests which are failing intermittently (not blocking):
test-arm64-arm64-examine 2 hosts-allocate broken pass in 125511
test-amd64-i386-qemut-rhel6hvm-amd 12 guest-start/redhat.repeat fail in 125511 pass in 125544
test-amd64-i386-qemuu-rhel6hvm-amd 10 redhat-install fail pass in 125511
test-amd64-amd64-xl-qemuu-debianhvm-amd64-shadow 14 guest-localmigrate fail pass in 125511
Tests which did not succeed, but are not blocking:
test-amd64-amd64-xl-qemuu-debianhvm-amd64-xsm 16 guest-localmigrate/x10 fail in 125511 like 125156
test-amd64-amd64-xl-qemut-win7-amd64 17 guest-stop fail like 125183
test-amd64-i386-xl-qemuu-win7-amd64 17 guest-stop fail like 125183
test-amd64-i386-xl-qemut-win7-amd64 17 guest-stop fail like 125183
test-amd64-amd64-xl-qemuu-win7-amd64 17 guest-stop fail like 125183
test-amd64-amd64-xl-qemuu-ws16-amd64 17 guest-stop fail like 125183
test-amd64-amd64-xl-qemuu-dmrestrict-amd64-dmrestrict 10 debian-hvm-install fail never pass
test-amd64-amd64-libvirt-xsm 13 migrate-support-check fail never pass
test-amd64-amd64-libvirt 13 migrate-support-check fail never pass
test-amd64-amd64-xl-pvhv2-intel 12 guest-start fail never pass
test-amd64-i386-libvirt 13 migrate-support-check fail never pass
test-amd64-i386-xl-qemuu-dmrestrict-amd64-dmrestrict 10 debian-hvm-install fail never pass
test-amd64-amd64-xl-pvhv2-amd 12 guest-start fail never pass
test-amd64-i386-libvirt-xsm 13 migrate-support-check fail never pass
test-amd64-i386-xl-pvshim 12 guest-start fail never pass
test-arm64-arm64-xl 13 migrate-support-check fail never pass
test-arm64-arm64-xl 14 saverestore-support-check fail never pass
test-arm64-arm64-xl-xsm 13 migrate-support-check fail never pass
test-arm64-arm64-xl-xsm 14 saverestore-support-check fail never pass
test-arm64-arm64-xl-credit2 13 migrate-support-check fail never pass
test-arm64-arm64-xl-credit2 14 saverestore-support-check fail never pass
test-arm64-arm64-libvirt-xsm 13 migrate-support-check fail never pass
test-arm64-arm64-libvirt-xsm 14 saverestore-support-check fail never pass
test-amd64-amd64-libvirt-qemuu-debianhvm-amd64-xsm 11 migrate-support-check fail never pass
test-amd64-i386-libvirt-qemuu-debianhvm-amd64-xsm 11 migrate-support-check fail never pass
test-armhf-armhf-xl-rtds 13 migrate-support-check fail never pass
test-armhf-armhf-xl-rtds 14 saverestore-support-check fail never pass
test-armhf-armhf-xl 13 migrate-support-check fail never pass
test-armhf-armhf-xl 14 saverestore-support-check fail never pass
test-armhf-armhf-xl-multivcpu 13 migrate-support-check fail never pass
test-armhf-armhf-xl-arndale 13 migrate-support-check fail never pass
test-armhf-armhf-xl-multivcpu 14 saverestore-support-check fail never pass
test-armhf-armhf-xl-arndale 14 saverestore-support-check fail never pass
test-armhf-armhf-libvirt 13 migrate-support-check fail never pass
test-armhf-armhf-libvirt 14 saverestore-support-check fail never pass
test-amd64-amd64-libvirt-vhd 12 migrate-support-check fail never pass
test-amd64-amd64-qemuu-nested-amd 17 debian-hvm-install/l1/l2 fail never pass
test-armhf-armhf-xl-cubietruck 13 migrate-support-check fail never pass
test-armhf-armhf-xl-cubietruck 14 saverestore-support-check fail never pass
test-armhf-armhf-xl-credit2 13 migrate-support-check fail never pass
test-armhf-armhf-xl-credit2 14 saverestore-support-check fail never pass
test-amd64-amd64-xl-qemut-ws16-amd64 17 guest-stop fail never pass
test-amd64-i386-xl-qemut-ws16-amd64 17 guest-stop fail never pass
test-amd64-i386-xl-qemuu-ws16-amd64 17 guest-stop fail never pass
test-armhf-armhf-libvirt-raw 12 migrate-support-check fail never pass
test-armhf-armhf-libvirt-raw 13 saverestore-support-check fail never pass
test-armhf-armhf-xl-vhd 12 migrate-support-check fail never pass
test-armhf-armhf-xl-vhd 13 saverestore-support-check fail never pass
test-amd64-amd64-xl-qemut-win10-i386 10 windows-install fail never pass
test-amd64-amd64-xl-qemuu-win10-i386 10 windows-install fail never pass
test-amd64-i386-xl-qemuu-win10-i386 10 windows-install fail never pass
test-amd64-i386-xl-qemut-win10-i386 10 windows-install fail never pass
version targeted for testing:
linux 19e5f4da1240dcc32cda9b9022308c1b4c72e1f1
baseline version:
linux 060744011e93679f03932f050619744be895b772
Last test of basis 125183 2018-07-15 16:46:53 Z 21 days
Failing since 125271 2018-07-17 10:12:19 Z 20 days 6 attempts
Testing same since 125511 2018-07-23 01:09:34 Z 14 days 2 attempts
------------------------------------------------------------
People who touched revisions under test:
Aleksander Morgado <aleksander@aleksander.es>
Alex Chen <alex.chen@huawei.com>
Alex Vesker <valex@mellanox.com>
Amit Pundir <amit.pundir@linaro.org>
Amit Shah <aams@amazon.com>
Andreas Schwab <schwab@linux-m68k.org>
Andrew Morton <akpm@linux-foundation.org>
Benjamin Tissoires <benjamin.tissoires@redhat.com>
Bjørn Mork <bjorn@mork.no>
Catalin Marinas <catalin.marinas@arm.com>
Changwei Ge <ge.changwei@h3c.com>
Chris Wilson <chris@chris-wilson.co.uk>
Christian Lamparter <chunkeey@googlemail.com>
Christoffer Dall <cdall@linaro.org>
Christoffer Dall <christoffer.dall@arm.com>
Christoffer Dall <christoffer.dall@linaro.org>
Christoph Hellwig <hch@lst.de>
Cyrille Pitchen <cyrille.pitchen@atmel.com>
Damien Le Moal <damien.lemoal@wdc.com>
Dan Carpenter <dan.carpenter@oracle.com>
David Rientjes <rientjes@google.com>
David S. Miller <davem@davemloft.net>
David Woodhouse <dwmw@amazon.co.uk>
Eric Biggers <ebiggers@google.com>
Eric Dumazet <edumazet@google.com>
Florian Westphal <fw@strlen.de>
Floris Bos <bos@je-eigen-domein.nl>
Greg Kroah-Hartman <gregkh@linuxfoundation.org>
Gustavo A. R. Silva <gustavo@embeddedor.com>
H. Peter Anvin <hpa@linux.intel.com>
Hans de Goede <hdegoede@redhat.com>
Heiner Kallweit <hkallweit1@gmail.com>
Herbert Xu <herbert@gondor.apana.org.au>
Huacai Chen <chenhc@lemote.com>
Ilpo Järvinen <ilpo.jarvinen@helsinki.fi>
Ingo Molnar <mingo@kernel.org>
James Morse <james.morse@arm.com>
Jann Horn <jannh@google.com>
Jason Gunthorpe <jgg@mellanox.com>
Jason Wang <jasowang@redhat.com>
Jens Axboe <axboe@kernel.dk>
Jiri Kosina <jkosina@suse.cz>
Jiri Slaby <jslaby@suse.cz>
Johan Hovold <johan@kernel.org>
Jon Hunter <jonathanh@nvidia.com>
Jonas Gorski <jonas.gorski@gmail.com>
Juergen Gross <jgross@suse.com>
Kalle Valo <kvalo@codeaurora.org>
Kees Cook <keescook@chromium.org>
Keith Busch <keith.busch@intel.com>
Konstantin Khlebnikov <khlebnikov@yandex-team.ru>
Laura Abbott <labbott@redhat.com>
Leon Romanovsky <leonro@mellanox.com>
Linus Torvalds <torvalds@linux-foundation.org>
Marc Zyngier <marc.zyngier@arm.com>
Mark Rutland <mark.rutland@arm.com>
Masahiro Yamada <yamada.masahiro@socionext.com>
Matthias Kaehlcke <mka@chromium.org>
Michal Kalderon <Michal.Kalderon@cavium.com>
Nadav Amit <namit@vmware.com>
Neal Cardwell <ncardwell@google.com>
Nick Desaulniers <ndesaulniers@google.com>
Nico Sneck <snecknico@gmail.com>
Oleg Nesterov <oleg@redhat.com>
Olli Salonen <olli.salonen@iki.fi>
Oscar Salvador <osalvador@suse.de>
Pablo Neira Ayuso <pablo@netfilter.org>
Paul Burton <paul.burton@mips.com>
Paul Menzel <pmenzel@molgen.mpg.de>
Ping-Ke Shih <pkshih@realtek.com>
Qing Xia <xiaqing17@hisilicon.com>
Rafael J. Wysocki <rafael.j.wysocki@intel.com>
Saeed Mahameed <saeedm@mellanox.com>
Santosh Shilimkar <santosh.shilimkar@oracle.com>
Scott Bauer <scott.bauer@intel.com>
Sedat Dilek <sedat.dilek@gmail.com>
Serge Semin <fancer.lancer@gmail.com>
Shay Agroskin <shayag@mellanox.com>
Simon Veith <sveith@amazon.de>
Sodagudi Prasad <psodagud@codeaurora.org>
Stefan Wahren <stefan.wahren@i2se.com>
Steve Wise <swise@opengridcomputing.com>
Sudarsana Reddy Kalluru <Sudarsana.Kalluru@cavium.com>
Takashi Iwai <tiwai@suse.de>
Tejun Heo <tj@kernel.org>
Tetsuo Handa <penguin-kernel@i-love.sakura.ne.jp>
Theodore Ts'o <tytso@mit.edu>
Thierry Reding <treding@nvidia.com>
Tomasz Kramkowski <tk@the-tk.com>
Ulf Hansson <ulf.hansson@linaro.org>
Will Deacon <will.deacon@arm.com>
Wolfram Sang <wsa@the-dreams.de>
x00270170 <xiaqing17@hisilicon.com>
Xin Long <lucien.xin@gmail.com>
Yuchung Cheng <ycheng@google.com>
jobs:
build-amd64-xsm pass
build-arm64-xsm pass
build-i386-xsm pass
build-amd64 pass
build-arm64 pass
build-armhf pass
build-i386 pass
build-amd64-libvirt pass
build-arm64-libvirt pass
build-armhf-libvirt pass
build-i386-libvirt pass
build-amd64-pvops pass
build-arm64-pvops pass
build-armhf-pvops pass
build-i386-pvops pass
build-amd64-rumprun pass
build-i386-rumprun pass
test-amd64-amd64-xl pass
test-arm64-arm64-xl pass
test-armhf-armhf-xl pass
test-amd64-i386-xl pass
test-amd64-amd64-xl-qemut-debianhvm-amd64-xsm pass
test-amd64-i386-xl-qemut-debianhvm-amd64-xsm pass
test-amd64-amd64-libvirt-qemuu-debianhvm-amd64-xsm pass
test-amd64-i386-libvirt-qemuu-debianhvm-amd64-xsm pass
test-amd64-amd64-xl-qemuu-debianhvm-amd64-xsm pass
test-amd64-i386-xl-qemuu-debianhvm-amd64-xsm pass
test-amd64-amd64-xl-qemut-stubdom-debianhvm-amd64-xsm pass
test-amd64-i386-xl-qemut-stubdom-debianhvm-amd64-xsm pass
test-amd64-amd64-libvirt-xsm pass
test-arm64-arm64-libvirt-xsm pass
test-amd64-i386-libvirt-xsm pass
test-amd64-amd64-xl-xsm pass
test-arm64-arm64-xl-xsm pass
test-amd64-i386-xl-xsm pass
test-amd64-amd64-qemuu-nested-amd fail
test-amd64-amd64-xl-pvhv2-amd fail
test-amd64-i386-qemut-rhel6hvm-amd pass
test-amd64-i386-qemuu-rhel6hvm-amd fail
test-amd64-amd64-xl-qemut-debianhvm-amd64 pass
test-amd64-i386-xl-qemut-debianhvm-amd64 pass
test-amd64-amd64-xl-qemuu-debianhvm-amd64 pass
test-amd64-i386-xl-qemuu-debianhvm-amd64 pass
test-amd64-i386-freebsd10-amd64 pass
test-amd64-amd64-xl-qemuu-ovmf-amd64 pass
test-amd64-i386-xl-qemuu-ovmf-amd64 fail
test-amd64-amd64-rumprun-amd64 pass
test-amd64-amd64-xl-qemut-win7-amd64 fail
test-amd64-i386-xl-qemut-win7-amd64 fail
test-amd64-amd64-xl-qemuu-win7-amd64 fail
test-amd64-i386-xl-qemuu-win7-amd64 fail
test-amd64-amd64-xl-qemut-ws16-amd64 fail
test-amd64-i386-xl-qemut-ws16-amd64 fail
test-amd64-amd64-xl-qemuu-ws16-amd64 fail
test-amd64-i386-xl-qemuu-ws16-amd64 fail
test-armhf-armhf-xl-arndale pass
test-amd64-amd64-xl-credit2 pass
test-arm64-arm64-xl-credit2 pass
test-armhf-armhf-xl-credit2 pass
test-armhf-armhf-xl-cubietruck pass
test-amd64-amd64-xl-qemuu-dmrestrict-amd64-dmrestrict fail
test-amd64-i386-xl-qemuu-dmrestrict-amd64-dmrestrict fail
test-amd64-amd64-examine pass
test-arm64-arm64-examine fail
test-armhf-armhf-examine pass
test-amd64-i386-examine pass
test-amd64-i386-freebsd10-i386 pass
test-amd64-i386-rumprun-i386 pass
test-amd64-amd64-xl-qemut-win10-i386 fail
test-amd64-i386-xl-qemut-win10-i386 fail
test-amd64-amd64-xl-qemuu-win10-i386 fail
test-amd64-i386-xl-qemuu-win10-i386 fail
test-amd64-amd64-qemuu-nested-intel pass
test-amd64-amd64-xl-pvhv2-intel fail
test-amd64-i386-qemut-rhel6hvm-intel pass
test-amd64-i386-qemuu-rhel6hvm-intel pass
test-amd64-amd64-libvirt pass
test-armhf-armhf-libvirt pass
test-amd64-i386-libvirt pass
test-amd64-amd64-xl-multivcpu pass
test-armhf-armhf-xl-multivcpu pass
test-amd64-amd64-pair pass
test-amd64-i386-pair pass
test-amd64-amd64-libvirt-pair pass
test-amd64-i386-libvirt-pair pass
test-amd64-amd64-amd64-pvgrub pass
test-amd64-amd64-i386-pvgrub pass
test-amd64-amd64-xl-pvshim pass
test-amd64-i386-xl-pvshim fail
test-amd64-amd64-pygrub pass
test-amd64-amd64-xl-qcow2 pass
test-armhf-armhf-libvirt-raw pass
test-amd64-i386-xl-raw pass
test-amd64-amd64-xl-rtds pass
test-armhf-armhf-xl-rtds pass
test-amd64-amd64-xl-qemuu-debianhvm-amd64-shadow fail
test-amd64-i386-xl-qemuu-debianhvm-amd64-shadow pass
test-amd64-amd64-xl-shadow pass
test-amd64-i386-xl-shadow pass
test-amd64-amd64-libvirt-vhd pass
test-armhf-armhf-xl-vhd pass
------------------------------------------------------------
sg-report-flight on osstest.test-lab.xenproject.org
logs: /home/logs/logs
images: /home/logs/images
Logs, config files, etc. are available at
http://logs.test-lab.xenproject.org/osstest/logs
Explanation of these reports, and of osstest in general, is at
http://xenbits.xen.org/gitweb/?p=osstest.git;a=blob;f=README.email;hb=master
http://xenbits.xen.org/gitweb/?p=osstest.git;a=blob;f=README;hb=master
Test harness code can be found at
http://xenbits.xen.org/gitweb?p=osstest.git;a=summary
broken-step test-arm64-arm64-examine hosts-allocate
Not pushing.
(No revision log; it would be 2935 lines long.)
_______________________________________________
Xen-devel mailing list
Xen-devel@lists.xenproject.org
https://lists.xenproject.org/mailman/listinfo/xen-devel
^ permalink raw reply [flat|nested] only message in thread
only message in thread, other threads:[~2018-08-06 14:29 UTC | newest]
Thread overview: (only message) (download: mbox.gz follow: Atom feed
-- links below jump to the message on this page --
2018-08-06 14:29 [linux-4.9 test] 125544: regressions - FAIL osstest service owner
This is a public inbox, see mirroring instructions
for how to clone and mirror all data and code used for this inbox;
as well as URLs for NNTP newsgroup(s).