* [xen-4.8-testing test] 125582: regressions - FAIL
@ 2018-07-27 9:57 osstest service owner
0 siblings, 0 replies; only message in thread
From: osstest service owner @ 2018-07-27 9:57 UTC (permalink / raw)
To: xen-devel, osstest-admin
flight 125582 xen-4.8-testing real [real]
http://logs.test-lab.xenproject.org/osstest/logs/125582/
Regressions :-(
Tests which did not succeed and are blocking,
including tests which could not be run:
build-armhf-libvirt <job status> broken in 125165
build-armhf-libvirt 5 host-build-prep fail in 125165 REGR. vs. 125065
build-i386-pvops 6 kernel-build fail in 125512 REGR. vs. 125065
Tests which are failing intermittently (not blocking):
test-armhf-armhf-xl-vhd 6 xen-install fail in 125165 pass in 125582
test-armhf-armhf-xl-multivcpu 7 xen-boot fail in 125165 pass in 125582
test-amd64-i386-xl-qemuu-debianhvm-amd64 16 guest-localmigrate/x10 fail in 125218 pass in 125582
test-armhf-armhf-xl-rtds 12 guest-start fail in 125512 pass in 125582
test-amd64-i386-xl-qemuu-ovmf-amd64 10 debian-hvm-install fail pass in 125165
test-amd64-i386-xl-qemuu-debianhvm-amd64-xsm 10 debian-hvm-install fail pass in 125218
test-amd64-i386-qemut-rhel6hvm-amd 10 redhat-install fail pass in 125365
test-amd64-amd64-xl-qemuu-debianhvm-amd64-xsm 10 debian-hvm-install fail pass in 125512
Tests which did not succeed, but are not blocking:
test-armhf-armhf-libvirt 1 build-check(1) blocked in 125165 n/a
test-armhf-armhf-libvirt-raw 1 build-check(1) blocked in 125165 n/a
test-amd64-i386-qemut-rhel6hvm-intel 1 build-check(1) blocked in 125512 n/a
test-amd64-i386-xl-qemuu-debianhvm-amd64-shadow 1 build-check(1) blocked in 125512 n/a
test-amd64-i386-xl-raw 1 build-check(1) blocked in 125512 n/a
test-amd64-i386-xl-xsm 1 build-check(1) blocked in 125512 n/a
test-amd64-i386-xl-qemut-debianhvm-amd64-xsm 1 build-check(1) blocked in 125512 n/a
test-amd64-i386-xl-qemut-win10-i386 1 build-check(1) blocked in 125512 n/a
test-amd64-i386-xl-qemut-win7-amd64 1 build-check(1) blocked in 125512 n/a
test-amd64-i386-qemut-rhel6hvm-amd 1 build-check(1) blocked in 125512 n/a
test-amd64-i386-xl-qemut-debianhvm-amd64 1 build-check(1) blocked in 125512 n/a
test-amd64-i386-libvirt-qemuu-debianhvm-amd64-xsm 1 build-check(1) blocked in 125512 n/a
test-amd64-i386-rumprun-i386 1 build-check(1) blocked in 125512 n/a
test-amd64-i386-pair 1 build-check(1) blocked in 125512 n/a
test-amd64-i386-xl-qemut-stubdom-debianhvm-amd64-xsm 1 build-check(1) blocked in 125512 n/a
test-amd64-i386-xl-qemuu-ws16-amd64 1 build-check(1) blocked in 125512 n/a
test-amd64-i386-freebsd10-amd64 1 build-check(1) blocked in 125512 n/a
test-amd64-i386-xl-qemuu-win7-amd64 1 build-check(1) blocked in 125512 n/a
test-amd64-i386-libvirt-pair 1 build-check(1) blocked in 125512 n/a
test-amd64-i386-migrupgrade 1 build-check(1) blocked in 125512 n/a
test-amd64-i386-xl-qemuu-debianhvm-amd64 1 build-check(1) blocked in 125512 n/a
test-amd64-i386-qemuu-rhel6hvm-intel 1 build-check(1) blocked in 125512 n/a
test-amd64-i386-qemuu-rhel6hvm-amd 1 build-check(1) blocked in 125512 n/a
test-amd64-i386-livepatch 1 build-check(1) blocked in 125512 n/a
test-amd64-i386-xl-qemuu-win10-i386 1 build-check(1) blocked in 125512 n/a
test-amd64-i386-libvirt-xsm 1 build-check(1) blocked in 125512 n/a
test-amd64-i386-xl-shadow 1 build-check(1) blocked in 125512 n/a
test-amd64-i386-xl-qemut-ws16-amd64 1 build-check(1) blocked in 125512 n/a
test-amd64-i386-freebsd10-i386 1 build-check(1) blocked in 125512 n/a
test-amd64-i386-xl 1 build-check(1) blocked in 125512 n/a
test-amd64-i386-xl-qemuu-ovmf-amd64 1 build-check(1) blocked in 125512 n/a
test-amd64-i386-libvirt 1 build-check(1) blocked in 125512 n/a
test-amd64-i386-xl-qemuu-debianhvm-amd64-xsm 1 build-check(1) blocked in 125512 n/a
test-xtf-amd64-amd64-2 50 xtf/test-hvm64-lbr-tsx-vmentry fail in 125218 like 125040
test-xtf-amd64-amd64-4 50 xtf/test-hvm64-lbr-tsx-vmentry fail in 125365 like 124942
test-xtf-amd64-amd64-5 50 xtf/test-hvm64-lbr-tsx-vmentry fail in 125365 like 125040
test-amd64-amd64-rumprun-amd64 17 rumprun-demo-xenstorels/xenstorels.repeat fail in 125365 like 125040
test-armhf-armhf-xl-rtds 16 guest-start/debian.repeat fail in 125365 like 125065
test-xtf-amd64-amd64-1 50 xtf/test-hvm64-lbr-tsx-vmentry fail in 125512 like 125040
test-xtf-amd64-amd64-3 50 xtf/test-hvm64-lbr-tsx-vmentry fail in 125512 like 125065
test-amd64-i386-libvirt-pair 22 guest-migrate/src_host/dst_host fail like 124996
test-amd64-amd64-libvirt-pair 22 guest-migrate/src_host/dst_host fail like 124996
test-amd64-amd64-xl-qemut-win7-amd64 17 guest-stop fail like 125065
test-amd64-i386-xl-qemut-win7-amd64 17 guest-stop fail like 125065
test-amd64-i386-xl-qemuu-win7-amd64 17 guest-stop fail like 125065
test-amd64-amd64-xl-qemuu-win7-amd64 17 guest-stop fail like 125065
test-amd64-i386-xl-qemuu-ws16-amd64 17 guest-stop fail like 125065
test-amd64-amd64-xl-rtds 10 debian-install fail like 125065
test-amd64-amd64-xl-qemuu-ws16-amd64 17 guest-stop fail like 125065
test-amd64-amd64-xl-qemut-ws16-amd64 17 guest-stop fail like 125065
test-amd64-i386-xl-qemut-ws16-amd64 17 guest-stop fail like 125065
test-amd64-i386-libvirt 13 migrate-support-check fail never pass
build-i386-prev 7 xen-build/dist-test fail never pass
test-amd64-amd64-libvirt 13 migrate-support-check fail never pass
build-amd64-prev 7 xen-build/dist-test fail never pass
test-arm64-arm64-xl-credit2 13 migrate-support-check fail never pass
test-arm64-arm64-xl-credit2 14 saverestore-support-check fail never pass
test-arm64-arm64-xl-xsm 13 migrate-support-check fail never pass
test-amd64-i386-libvirt-xsm 13 migrate-support-check fail never pass
test-arm64-arm64-libvirt-xsm 13 migrate-support-check fail never pass
test-arm64-arm64-xl-xsm 14 saverestore-support-check fail never pass
test-arm64-arm64-libvirt-xsm 14 saverestore-support-check fail never pass
test-arm64-arm64-xl 13 migrate-support-check fail never pass
test-arm64-arm64-xl 14 saverestore-support-check fail never pass
test-amd64-amd64-libvirt-xsm 13 migrate-support-check fail never pass
test-amd64-amd64-libvirt-qemuu-debianhvm-amd64-xsm 11 migrate-support-check fail never pass
test-armhf-armhf-xl-arndale 13 migrate-support-check fail never pass
test-armhf-armhf-xl-arndale 14 saverestore-support-check fail never pass
test-amd64-i386-libvirt-qemuu-debianhvm-amd64-xsm 11 migrate-support-check fail never pass
test-amd64-amd64-qemuu-nested-amd 17 debian-hvm-install/l1/l2 fail never pass
test-amd64-amd64-libvirt-vhd 12 migrate-support-check fail never pass
test-armhf-armhf-xl-credit2 13 migrate-support-check fail never pass
test-armhf-armhf-xl-credit2 14 saverestore-support-check fail never pass
test-armhf-armhf-xl 13 migrate-support-check fail never pass
test-armhf-armhf-xl 14 saverestore-support-check fail never pass
test-armhf-armhf-xl-cubietruck 13 migrate-support-check fail never pass
test-armhf-armhf-xl-cubietruck 14 saverestore-support-check fail never pass
test-armhf-armhf-libvirt 13 migrate-support-check fail never pass
test-armhf-armhf-libvirt 14 saverestore-support-check fail never pass
test-armhf-armhf-xl-multivcpu 13 migrate-support-check fail never pass
test-armhf-armhf-xl-multivcpu 14 saverestore-support-check fail never pass
test-armhf-armhf-xl-rtds 13 migrate-support-check fail never pass
test-armhf-armhf-xl-rtds 14 saverestore-support-check fail never pass
test-armhf-armhf-libvirt-raw 12 migrate-support-check fail never pass
test-armhf-armhf-libvirt-raw 13 saverestore-support-check fail never pass
test-armhf-armhf-xl-vhd 12 migrate-support-check fail never pass
test-armhf-armhf-xl-vhd 13 saverestore-support-check fail never pass
test-amd64-amd64-xl-qemut-win10-i386 10 windows-install fail never pass
test-amd64-i386-xl-qemut-win10-i386 10 windows-install fail never pass
test-amd64-amd64-xl-qemuu-win10-i386 10 windows-install fail never pass
test-amd64-i386-xl-qemuu-win10-i386 10 windows-install fail never pass
version targeted for testing:
xen 4801bf528c01deed7a315cfe7ff59e8fc94d9733
baseline version:
xen e39ff386f626ba44f8a9a9608d8f5f13ff7945ef
Last test of basis 125065 2018-07-09 15:16:23 Z 17 days
Testing same since 125123 2018-07-12 07:36:15 Z 15 days 10 attempts
------------------------------------------------------------
People who touched revisions under test:
Jan Beulich <jbeulich@suse.com>
jobs:
build-amd64-xsm pass
build-arm64-xsm pass
build-i386-xsm pass
build-amd64-xtf pass
build-amd64 pass
build-arm64 pass
build-armhf pass
build-i386 pass
build-amd64-libvirt pass
build-arm64-libvirt pass
build-armhf-libvirt pass
build-i386-libvirt pass
build-amd64-prev pass
build-i386-prev pass
build-amd64-pvops pass
build-arm64-pvops pass
build-armhf-pvops pass
build-i386-pvops pass
build-amd64-rumprun pass
build-i386-rumprun pass
test-xtf-amd64-amd64-1 pass
test-xtf-amd64-amd64-2 pass
test-xtf-amd64-amd64-3 pass
test-xtf-amd64-amd64-4 pass
test-xtf-amd64-amd64-5 pass
test-amd64-amd64-xl pass
test-arm64-arm64-xl pass
test-armhf-armhf-xl pass
test-amd64-i386-xl pass
test-amd64-amd64-xl-qemut-debianhvm-amd64-xsm pass
test-amd64-i386-xl-qemut-debianhvm-amd64-xsm pass
test-amd64-amd64-libvirt-qemuu-debianhvm-amd64-xsm pass
test-amd64-i386-libvirt-qemuu-debianhvm-amd64-xsm pass
test-amd64-amd64-xl-qemuu-debianhvm-amd64-xsm fail
test-amd64-i386-xl-qemuu-debianhvm-amd64-xsm fail
test-amd64-amd64-xl-qemut-stubdom-debianhvm-amd64-xsm pass
test-amd64-i386-xl-qemut-stubdom-debianhvm-amd64-xsm pass
test-amd64-amd64-libvirt-xsm pass
test-arm64-arm64-libvirt-xsm pass
test-amd64-i386-libvirt-xsm pass
test-amd64-amd64-xl-xsm pass
test-arm64-arm64-xl-xsm pass
test-amd64-i386-xl-xsm pass
test-amd64-amd64-qemuu-nested-amd fail
test-amd64-i386-qemut-rhel6hvm-amd fail
test-amd64-i386-qemuu-rhel6hvm-amd pass
test-amd64-amd64-xl-qemut-debianhvm-amd64 pass
test-amd64-i386-xl-qemut-debianhvm-amd64 pass
test-amd64-amd64-xl-qemuu-debianhvm-amd64 pass
test-amd64-i386-xl-qemuu-debianhvm-amd64 pass
test-amd64-i386-freebsd10-amd64 pass
test-amd64-amd64-xl-qemuu-ovmf-amd64 pass
test-amd64-i386-xl-qemuu-ovmf-amd64 fail
test-amd64-amd64-rumprun-amd64 pass
test-amd64-amd64-xl-qemut-win7-amd64 fail
test-amd64-i386-xl-qemut-win7-amd64 fail
test-amd64-amd64-xl-qemuu-win7-amd64 fail
test-amd64-i386-xl-qemuu-win7-amd64 fail
test-amd64-amd64-xl-qemut-ws16-amd64 fail
test-amd64-i386-xl-qemut-ws16-amd64 fail
test-amd64-amd64-xl-qemuu-ws16-amd64 fail
test-amd64-i386-xl-qemuu-ws16-amd64 fail
test-armhf-armhf-xl-arndale pass
test-amd64-amd64-xl-credit2 pass
test-arm64-arm64-xl-credit2 pass
test-armhf-armhf-xl-credit2 pass
test-armhf-armhf-xl-cubietruck pass
test-amd64-i386-freebsd10-i386 pass
test-amd64-i386-rumprun-i386 pass
test-amd64-amd64-xl-qemut-win10-i386 fail
test-amd64-i386-xl-qemut-win10-i386 fail
test-amd64-amd64-xl-qemuu-win10-i386 fail
test-amd64-i386-xl-qemuu-win10-i386 fail
test-amd64-amd64-qemuu-nested-intel pass
test-amd64-i386-qemut-rhel6hvm-intel pass
test-amd64-i386-qemuu-rhel6hvm-intel pass
test-amd64-amd64-libvirt pass
test-armhf-armhf-libvirt pass
test-amd64-i386-libvirt pass
test-amd64-amd64-livepatch pass
test-amd64-i386-livepatch pass
test-amd64-amd64-migrupgrade pass
test-amd64-i386-migrupgrade pass
test-amd64-amd64-xl-multivcpu pass
test-armhf-armhf-xl-multivcpu pass
test-amd64-amd64-pair pass
test-amd64-i386-pair pass
test-amd64-amd64-libvirt-pair fail
test-amd64-i386-libvirt-pair fail
test-amd64-amd64-amd64-pvgrub pass
test-amd64-amd64-i386-pvgrub pass
test-amd64-amd64-pygrub pass
test-amd64-amd64-xl-qcow2 pass
test-armhf-armhf-libvirt-raw pass
test-amd64-i386-xl-raw pass
test-amd64-amd64-xl-rtds fail
test-armhf-armhf-xl-rtds pass
test-amd64-amd64-xl-qemuu-debianhvm-amd64-shadow pass
test-amd64-i386-xl-qemuu-debianhvm-amd64-shadow pass
test-amd64-amd64-xl-shadow pass
test-amd64-i386-xl-shadow pass
test-amd64-amd64-libvirt-vhd pass
test-armhf-armhf-xl-vhd pass
------------------------------------------------------------
sg-report-flight on osstest.test-lab.xenproject.org
logs: /home/logs/logs
images: /home/logs/images
Logs, config files, etc. are available at
http://logs.test-lab.xenproject.org/osstest/logs
Explanation of these reports, and of osstest in general, is at
http://xenbits.xen.org/gitweb/?p=osstest.git;a=blob;f=README.email;hb=master
http://xenbits.xen.org/gitweb/?p=osstest.git;a=blob;f=README;hb=master
Test harness code can be found at
http://xenbits.xen.org/gitweb?p=osstest.git;a=summary
broken-job build-armhf-libvirt broken
Not pushing.
------------------------------------------------------------
commit 4801bf528c01deed7a315cfe7ff59e8fc94d9733
Author: Jan Beulich <jbeulich@suse.com>
Date: Thu Jul 12 09:22:14 2018 +0200
update Xen version to 4.8.4
(qemu changes not included)
_______________________________________________
Xen-devel mailing list
Xen-devel@lists.xenproject.org
https://lists.xenproject.org/mailman/listinfo/xen-devel
^ permalink raw reply [flat|nested] only message in thread
only message in thread, other threads:[~2018-07-27 9:57 UTC | newest]
Thread overview: (only message) (download: mbox.gz follow: Atom feed
-- links below jump to the message on this page --
2018-07-27 9:57 [xen-4.8-testing test] 125582: regressions - FAIL osstest service owner
This is a public inbox, see mirroring instructions
for how to clone and mirror all data and code used for this inbox;
as well as URLs for NNTP newsgroup(s).