From: osstest service owner <osstest-admin@xenproject.org>
To: xen-devel@lists.xenproject.org, osstest-admin@xenproject.org,
royger@FreeBSD.org
Subject: [freebsd-master test] 125620: regressions - trouble: blocked/fail
Date: Fri, 27 Jul 2018 11:10:20 +0000 [thread overview]
Message-ID: <osstest-125620-mainreport@xen.org> (raw)
flight 125620 freebsd-master real [real]
http://logs.test-lab.xenproject.org/osstest/logs/125620/
Regressions :-(
Tests which did not succeed and are blocking,
including tests which could not be run:
build-amd64-freebsd 7 freebsd-build fail REGR. vs. 125317
Tests which did not succeed, but are not blocking:
build-amd64-freebsd-again 1 build-check(1) blocked n/a
version targeted for testing:
freebsd 8a828b24a5b06cd4c742fd8dbe5484970a3485f0
baseline version:
freebsd bf65d05707104df94117a293327d797d71a0118d
Last test of basis 125317 2018-07-18 09:19:47 Z 9 days
Failing since 125467 2018-07-20 09:19:59 Z 7 days 4 attempts
Testing same since 125620 2018-07-27 09:19:00 Z 0 days 1 attempts
------------------------------------------------------------
People who touched revisions under test:
0mp <0mp@FreeBSD.org>
alc <alc@FreeBSD.org>
allanjude <allanjude@FreeBSD.org>
andrew <andrew@FreeBSD.org>
asomers <asomers@FreeBSD.org>
avg <avg@FreeBSD.org>
bde <bde@FreeBSD.org>
br <br@FreeBSD.org>
brd <brd@FreeBSD.org>
bz <bz@FreeBSD.org>
cem <cem@FreeBSD.org>
cperciva <cperciva@FreeBSD.org>
cy <cy@FreeBSD.org>
dab <dab@FreeBSD.org>
daichi <daichi@FreeBSD.org>
davidcs <davidcs@FreeBSD.org>
delphij <delphij@FreeBSD.org>
dim <dim@FreeBSD.org>
eadler <eadler@FreeBSD.org>
emaste <emaste@FreeBSD.org>
eugen <eugen@FreeBSD.org>
ganbold <ganbold@FreeBSD.org>
gavin <gavin@FreeBSD.org>
gjb <gjb@FreeBSD.org>
hselasky <hselasky@FreeBSD.org>
ian <ian@FreeBSD.org>
imp <imp@FreeBSD.org>
jhb <jhb@FreeBSD.org>
jhibbits <jhibbits@FreeBSD.org>
jhixson <jhixson@FreeBSD.org>
kib <kib@FreeBSD.org>
leitao <leitao@FreeBSD.org>
lwhsu <lwhsu@FreeBSD.org>
manu <manu@FreeBSD.org>
marius <marius@FreeBSD.org>
markj <markj@FreeBSD.org>
mav <mav@FreeBSD.org>
mmacy <mmacy@FreeBSD.org>
mmel <mmel@FreeBSD.org>
np <np@FreeBSD.org>
oshogbo <oshogbo@FreeBSD.org>
pkelsey <pkelsey@FreeBSD.org>
pstef <pstef@FreeBSD.org>
rmacklem <rmacklem@FreeBSD.org>
royger <royger@FreeBSD.org>
rpokala <rpokala@FreeBSD.org>
rrs <rrs@FreeBSD.org>
sef <sef@FreeBSD.org>
shurd <shurd@FreeBSD.org>
trasz <trasz@FreeBSD.org>
tuexen <tuexen@FreeBSD.org>
uqs <uqs@FreeBSD.org>
woodsb02 <woodsb02@FreeBSD.org>
wulf <wulf@FreeBSD.org>
zleslie <zleslie@FreeBSD.org>
jobs:
build-amd64-freebsd-again blocked
build-amd64-freebsd fail
------------------------------------------------------------
sg-report-flight on osstest.test-lab.xenproject.org
logs: /home/logs/logs
images: /home/logs/images
Logs, config files, etc. are available at
http://logs.test-lab.xenproject.org/osstest/logs
Explanation of these reports, and of osstest in general, is at
http://xenbits.xen.org/gitweb/?p=osstest.git;a=blob;f=README.email;hb=master
http://xenbits.xen.org/gitweb/?p=osstest.git;a=blob;f=README;hb=master
Test harness code can be found at
http://xenbits.xen.org/gitweb?p=osstest.git;a=summary
Not pushing.
(No revision log; it would be 2992 lines long.)
_______________________________________________
Xen-devel mailing list
Xen-devel@lists.xenproject.org
https://lists.xenproject.org/mailman/listinfo/xen-devel
reply other threads:[~2018-07-27 11:10 UTC|newest]
Thread overview: [no followups] expand[flat|nested] mbox.gz Atom feed
Reply instructions:
You may reply publicly to this message via plain-text email
using any one of the following methods:
* Save the following mbox file, import it into your mail client,
and reply-to-all from there: mbox
Avoid top-posting and favor interleaved quoting:
https://en.wikipedia.org/wiki/Posting_style#Interleaved_style
* Reply using the --to, --cc, and --in-reply-to
switches of git-send-email(1):
git send-email \
--in-reply-to=osstest-125620-mainreport@xen.org \
--to=osstest-admin@xenproject.org \
--cc=royger@FreeBSD.org \
--cc=xen-devel@lists.xenproject.org \
/path/to/YOUR_REPLY
https://kernel.org/pub/software/scm/git/docs/git-send-email.html
* If your mail client supports setting the In-Reply-To header
via mailto: links, try the mailto: link
Be sure your reply has a Subject: header at the top and a blank line
before the message body.
This is a public inbox, see mirroring instructions
for how to clone and mirror all data and code used for this inbox;
as well as URLs for NNTP newsgroup(s).