* [freebsd-master test] 125673: regressions - trouble: blocked/fail
@ 2018-07-30 11:06 osstest service owner
0 siblings, 0 replies; only message in thread
From: osstest service owner @ 2018-07-30 11:06 UTC (permalink / raw)
To: xen-devel, osstest-admin, royger
flight 125673 freebsd-master real [real]
http://logs.test-lab.xenproject.org/osstest/logs/125673/
Regressions :-(
Tests which did not succeed and are blocking,
including tests which could not be run:
build-amd64-freebsd 7 freebsd-build fail REGR. vs. 125317
Tests which did not succeed, but are not blocking:
build-amd64-freebsd-again 1 build-check(1) blocked n/a
version targeted for testing:
freebsd 48e7325363c5117801df79dd30d869b06fe60d30
baseline version:
freebsd bf65d05707104df94117a293327d797d71a0118d
Last test of basis 125317 2018-07-18 09:19:47 Z 12 days
Failing since 125467 2018-07-20 09:19:59 Z 10 days 5 attempts
Testing same since 125673 2018-07-30 09:18:54 Z 0 days 1 attempts
------------------------------------------------------------
People who touched revisions under test:
0mp <0mp@FreeBSD.org>
alc <alc@FreeBSD.org>
allanjude <allanjude@FreeBSD.org>
andrew <andrew@FreeBSD.org>
antoine <antoine@FreeBSD.org>
asomers <asomers@FreeBSD.org>
avg <avg@FreeBSD.org>
bde <bde@FreeBSD.org>
br <br@FreeBSD.org>
brd <brd@FreeBSD.org>
bz <bz@FreeBSD.org>
cem <cem@FreeBSD.org>
cperciva <cperciva@FreeBSD.org>
cy <cy@FreeBSD.org>
dab <dab@FreeBSD.org>
daichi <daichi@FreeBSD.org>
davidcs <davidcs@FreeBSD.org>
delphij <delphij@FreeBSD.org>
dim <dim@FreeBSD.org>
eadler <eadler@FreeBSD.org>
emaste <emaste@FreeBSD.org>
eugen <eugen@FreeBSD.org>
ganbold <ganbold@FreeBSD.org>
gavin <gavin@FreeBSD.org>
gjb <gjb@FreeBSD.org>
hselasky <hselasky@FreeBSD.org>
ian <ian@FreeBSD.org>
imp <imp@FreeBSD.org>
jhb <jhb@FreeBSD.org>
jhibbits <jhibbits@FreeBSD.org>
jhixson <jhixson@FreeBSD.org>
kevans <kevans@FreeBSD.org>
kib <kib@FreeBSD.org>
leitao <leitao@FreeBSD.org>
luporl <luporl@FreeBSD.org>
lwhsu <lwhsu@FreeBSD.org>
manu <manu@FreeBSD.org>
marius <marius@FreeBSD.org>
markj <markj@FreeBSD.org>
mav <mav@FreeBSD.org>
mm <mm@FreeBSD.org>
mmacy <mmacy@FreeBSD.org>
mmel <mmel@FreeBSD.org>
np <np@FreeBSD.org>
obrien <obrien@FreeBSD.org>
oshogbo <oshogbo@FreeBSD.org>
pkelsey <pkelsey@FreeBSD.org>
pstef <pstef@FreeBSD.org>
rmacklem <rmacklem@FreeBSD.org>
royger <royger@FreeBSD.org>
rpokala <rpokala@FreeBSD.org>
rrs <rrs@FreeBSD.org>
sef <sef@FreeBSD.org>
shurd <shurd@FreeBSD.org>
trasz <trasz@FreeBSD.org>
truckman <truckman@FreeBSD.org>
tuexen <tuexen@FreeBSD.org>
uqs <uqs@FreeBSD.org>
will <will@FreeBSD.org>
woodsb02 <woodsb02@FreeBSD.org>
wulf <wulf@FreeBSD.org>
zleslie <zleslie@FreeBSD.org>
jobs:
build-amd64-freebsd-again blocked
build-amd64-freebsd fail
------------------------------------------------------------
sg-report-flight on osstest.test-lab.xenproject.org
logs: /home/logs/logs
images: /home/logs/images
Logs, config files, etc. are available at
http://logs.test-lab.xenproject.org/osstest/logs
Explanation of these reports, and of osstest in general, is at
http://xenbits.xen.org/gitweb/?p=osstest.git;a=blob;f=README.email;hb=master
http://xenbits.xen.org/gitweb/?p=osstest.git;a=blob;f=README;hb=master
Test harness code can be found at
http://xenbits.xen.org/gitweb?p=osstest.git;a=summary
Not pushing.
(No revision log; it would be 4025 lines long.)
_______________________________________________
Xen-devel mailing list
Xen-devel@lists.xenproject.org
https://lists.xenproject.org/mailman/listinfo/xen-devel
^ permalink raw reply [flat|nested] only message in thread
only message in thread, other threads:[~2018-07-30 11:06 UTC | newest]
Thread overview: (only message) (download: mbox.gz follow: Atom feed
-- links below jump to the message on this page --
2018-07-30 11:06 [freebsd-master test] 125673: regressions - trouble: blocked/fail osstest service owner
This is a public inbox, see mirroring instructions
for how to clone and mirror all data and code used for this inbox;
as well as URLs for NNTP newsgroup(s).