* [qemu-mainline test] 125675: trouble: broken/fail/pass
@ 2018-07-31 9:33 osstest service owner
0 siblings, 0 replies; only message in thread
From: osstest service owner @ 2018-07-31 9:33 UTC (permalink / raw)
To: xen-devel, osstest-admin
flight 125675 qemu-mainline real [real]
http://logs.test-lab.xenproject.org/osstest/logs/125675/
Failures and problems with tests :-(
Tests which did not succeed and are blocking,
including tests which could not be run:
test-armhf-armhf-libvirt <job status> broken
test-armhf-armhf-libvirt 4 host-install(4) broken REGR. vs. 125640
Tests which did not succeed, but are not blocking:
test-amd64-amd64-xl-qemuu-win7-amd64 17 guest-stop fail like 125640
test-amd64-i386-xl-qemuu-win7-amd64 17 guest-stop fail like 125640
test-armhf-armhf-libvirt-raw 13 saverestore-support-check fail like 125640
test-amd64-amd64-xl-qemuu-ws16-amd64 17 guest-stop fail like 125640
test-amd64-i386-xl-pvshim 12 guest-start fail never pass
test-amd64-amd64-libvirt 13 migrate-support-check fail never pass
test-amd64-i386-libvirt-xsm 13 migrate-support-check fail never pass
test-amd64-i386-libvirt 13 migrate-support-check fail never pass
test-arm64-arm64-xl 13 migrate-support-check fail never pass
test-arm64-arm64-xl 14 saverestore-support-check fail never pass
test-arm64-arm64-xl-credit2 13 migrate-support-check fail never pass
test-arm64-arm64-xl-credit2 14 saverestore-support-check fail never pass
test-arm64-arm64-xl-xsm 13 migrate-support-check fail never pass
test-arm64-arm64-xl-xsm 14 saverestore-support-check fail never pass
test-arm64-arm64-libvirt-xsm 13 migrate-support-check fail never pass
test-arm64-arm64-libvirt-xsm 14 saverestore-support-check fail never pass
test-amd64-amd64-libvirt-xsm 13 migrate-support-check fail never pass
test-amd64-i386-libvirt-qemuu-debianhvm-amd64-xsm 11 migrate-support-check fail never pass
test-amd64-amd64-libvirt-qemuu-debianhvm-amd64-xsm 11 migrate-support-check fail never pass
test-amd64-amd64-qemuu-nested-amd 17 debian-hvm-install/l1/l2 fail never pass
test-armhf-armhf-xl-arndale 13 migrate-support-check fail never pass
test-armhf-armhf-xl-arndale 14 saverestore-support-check fail never pass
test-amd64-amd64-libvirt-vhd 12 migrate-support-check fail never pass
test-armhf-armhf-xl-rtds 13 migrate-support-check fail never pass
test-armhf-armhf-xl-rtds 14 saverestore-support-check fail never pass
test-armhf-armhf-xl 13 migrate-support-check fail never pass
test-armhf-armhf-xl 14 saverestore-support-check fail never pass
test-armhf-armhf-xl-multivcpu 13 migrate-support-check fail never pass
test-armhf-armhf-xl-multivcpu 14 saverestore-support-check fail never pass
test-armhf-armhf-xl-cubietruck 13 migrate-support-check fail never pass
test-armhf-armhf-xl-cubietruck 14 saverestore-support-check fail never pass
test-armhf-armhf-xl-credit2 13 migrate-support-check fail never pass
test-armhf-armhf-xl-credit2 14 saverestore-support-check fail never pass
test-armhf-armhf-libvirt-raw 12 migrate-support-check fail never pass
test-armhf-armhf-xl-vhd 12 migrate-support-check fail never pass
test-armhf-armhf-xl-vhd 13 saverestore-support-check fail never pass
test-amd64-i386-xl-qemuu-ws16-amd64 17 guest-stop fail never pass
test-amd64-amd64-xl-qemuu-win10-i386 10 windows-install fail never pass
test-amd64-i386-xl-qemuu-win10-i386 10 windows-install fail never pass
version targeted for testing:
qemuu 6d9dd5fb9d0e9f4a174f53a0e20a39fbe809c71e
baseline version:
qemuu 18a398f6a39df4b08ff86ac0d38384193ca5f4cc
Last test of basis 125640 2018-07-27 22:16:44 Z 3 days
Testing same since 125675 2018-07-30 09:36:58 Z 0 days 1 attempts
------------------------------------------------------------
People who touched revisions under test:
liujunjie <liujunjie23@huawei.com>
Markus Armbruster <armbru@redhat.com>
Peter Maydell <peter.maydell@linaro.org>
jobs:
build-amd64-xsm pass
build-arm64-xsm pass
build-i386-xsm pass
build-amd64 pass
build-arm64 pass
build-armhf pass
build-i386 pass
build-amd64-libvirt pass
build-arm64-libvirt pass
build-armhf-libvirt pass
build-i386-libvirt pass
build-amd64-pvops pass
build-arm64-pvops pass
build-armhf-pvops pass
build-i386-pvops pass
test-amd64-amd64-xl pass
test-arm64-arm64-xl pass
test-armhf-armhf-xl pass
test-amd64-i386-xl pass
test-amd64-amd64-libvirt-qemuu-debianhvm-amd64-xsm pass
test-amd64-i386-libvirt-qemuu-debianhvm-amd64-xsm pass
test-amd64-amd64-xl-qemuu-debianhvm-amd64-xsm pass
test-amd64-i386-xl-qemuu-debianhvm-amd64-xsm pass
test-amd64-amd64-libvirt-xsm pass
test-arm64-arm64-libvirt-xsm pass
test-amd64-i386-libvirt-xsm pass
test-amd64-amd64-xl-xsm pass
test-arm64-arm64-xl-xsm pass
test-amd64-i386-xl-xsm pass
test-amd64-amd64-qemuu-nested-amd fail
test-amd64-amd64-xl-pvhv2-amd pass
test-amd64-i386-qemuu-rhel6hvm-amd pass
test-amd64-amd64-xl-qemuu-debianhvm-amd64 pass
test-amd64-i386-xl-qemuu-debianhvm-amd64 pass
test-amd64-i386-freebsd10-amd64 pass
test-amd64-amd64-xl-qemuu-ovmf-amd64 pass
test-amd64-i386-xl-qemuu-ovmf-amd64 pass
test-amd64-amd64-xl-qemuu-win7-amd64 fail
test-amd64-i386-xl-qemuu-win7-amd64 fail
test-amd64-amd64-xl-qemuu-ws16-amd64 fail
test-amd64-i386-xl-qemuu-ws16-amd64 fail
test-armhf-armhf-xl-arndale pass
test-amd64-amd64-xl-credit2 pass
test-arm64-arm64-xl-credit2 pass
test-armhf-armhf-xl-credit2 pass
test-armhf-armhf-xl-cubietruck pass
test-amd64-amd64-xl-qemuu-dmrestrict-amd64-dmrestrict pass
test-amd64-i386-xl-qemuu-dmrestrict-amd64-dmrestrict pass
test-amd64-i386-freebsd10-i386 pass
test-amd64-amd64-xl-qemuu-win10-i386 fail
test-amd64-i386-xl-qemuu-win10-i386 fail
test-amd64-amd64-qemuu-nested-intel pass
test-amd64-amd64-xl-pvhv2-intel pass
test-amd64-i386-qemuu-rhel6hvm-intel pass
test-amd64-amd64-libvirt pass
test-armhf-armhf-libvirt broken
test-amd64-i386-libvirt pass
test-amd64-amd64-xl-multivcpu pass
test-armhf-armhf-xl-multivcpu pass
test-amd64-amd64-pair pass
test-amd64-i386-pair pass
test-amd64-amd64-libvirt-pair pass
test-amd64-i386-libvirt-pair pass
test-amd64-amd64-amd64-pvgrub pass
test-amd64-amd64-i386-pvgrub pass
test-amd64-amd64-xl-pvshim pass
test-amd64-i386-xl-pvshim fail
test-amd64-amd64-pygrub pass
test-amd64-amd64-xl-qcow2 pass
test-armhf-armhf-libvirt-raw pass
test-amd64-i386-xl-raw pass
test-amd64-amd64-xl-rtds pass
test-armhf-armhf-xl-rtds pass
test-amd64-amd64-xl-qemuu-debianhvm-amd64-shadow pass
test-amd64-i386-xl-qemuu-debianhvm-amd64-shadow pass
test-amd64-amd64-xl-shadow pass
test-amd64-i386-xl-shadow pass
test-amd64-amd64-libvirt-vhd pass
test-armhf-armhf-xl-vhd pass
------------------------------------------------------------
sg-report-flight on osstest.test-lab.xenproject.org
logs: /home/logs/logs
images: /home/logs/images
Logs, config files, etc. are available at
http://logs.test-lab.xenproject.org/osstest/logs
Explanation of these reports, and of osstest in general, is at
http://xenbits.xen.org/gitweb/?p=osstest.git;a=blob;f=README.email;hb=master
http://xenbits.xen.org/gitweb/?p=osstest.git;a=blob;f=README;hb=master
Test harness code can be found at
http://xenbits.xen.org/gitweb?p=osstest.git;a=summary
broken-job test-armhf-armhf-libvirt broken
broken-step test-armhf-armhf-libvirt host-install(4)
Not pushing.
------------------------------------------------------------
commit 6d9dd5fb9d0e9f4a174f53a0e20a39fbe809c71e
Merge: 18a398f6a3 ba891d68b4
Author: Peter Maydell <peter.maydell@linaro.org>
Date: Mon Jul 30 09:55:47 2018 +0100
Merge remote-tracking branch 'remotes/armbru/tags/pull-qobject-2018-07-27-v2' into staging
QObject patches for 2018-07-27 (3.0.0-rc3)
# gpg: Signature made Sat 28 Jul 2018 08:10:39 BST
# gpg: using RSA key 3870B400EB918653
# gpg: Good signature from "Markus Armbruster <armbru@redhat.com>"
# gpg: aka "Markus Armbruster <armbru@pond.sub.org>"
# Primary key fingerprint: 354B C8B3 D7EB 2A6B 6867 4E5F 3870 B400 EB91 8653
* remotes/armbru/tags/pull-qobject-2018-07-27-v2:
qstring: Move qstring_from_substr()'s @end one to the right
qstring: Assert size calculations don't overflow
qstring: Fix qstring_from_substr() not to provoke int overflow
Signed-off-by: Peter Maydell <peter.maydell@linaro.org>
commit ba891d68b4ff17faaea3d3a8bfd82af3eed0a134
Author: Markus Armbruster <armbru@redhat.com>
Date: Fri Jul 27 08:22:04 2018 +0200
qstring: Move qstring_from_substr()'s @end one to the right
qstring_from_substr() takes the index of the substring's first and
last character. qstring_from_substr(s, 0, SIZE_MAX) denotes an empty
substring. Awkward.
Shift the end index one to the right. This simplifies both
qstring_from_substr() and its callers.
Signed-off-by: Markus Armbruster <armbru@redhat.com>
Reviewed-by: Eric Blake <eblake@redhat.com>
Message-Id: <20180727062204.10401-3-armbru@redhat.com>
commit b65ab77b3afadd7bb3051b341a5258ff7fb9d246
Author: Markus Armbruster <armbru@redhat.com>
Date: Fri Jul 27 08:22:03 2018 +0200
qstring: Assert size calculations don't overflow
Signed-off-by: Markus Armbruster <armbru@redhat.com>
Message-Id: <20180727062204.10401-2-armbru@redhat.com>
Reviewed-by: Eric Blake <eblake@redhat.com>
commit ad63c549ecd4af4a22a675a815edeb06b0e7bb6e
Author: liujunjie <liujunjie23@huawei.com>
Date: Tue Jul 24 21:43:39 2018 +0800
qstring: Fix qstring_from_substr() not to provoke int overflow
qstring_from_substr() parameters @start and @end are of type int.
blkdebug_parse_filename(), blkverify_parse_filename(), nbd_parse_uri(),
and qstring_from_str() pass @end values of type size_t or ptrdiff_t.
Values exceeding INT_MAX get truncated, with possibly disastrous
results.
Such huge substrings seem unlikely, but we found one in a core dump,
where "info tlb" executed via QMP's human-monitor-command apparently
produced 35 GiB of output.
Fix by changing the parameters size_t.
Signed-off-by: liujunjie <liujunjie23@huawei.com>
Message-Id: <20180724134339.17832-1-liujunjie23@huawei.com>
Reviewed-by: Markus Armbruster <armbru@redhat.com>
Signed-off-by: Markus Armbruster <armbru@redhat.com>
_______________________________________________
Xen-devel mailing list
Xen-devel@lists.xenproject.org
https://lists.xenproject.org/mailman/listinfo/xen-devel
^ permalink raw reply [flat|nested] only message in thread
only message in thread, other threads:[~2018-07-31 9:33 UTC | newest]
Thread overview: (only message) (download: mbox.gz follow: Atom feed
-- links below jump to the message on this page --
2018-07-31 9:33 [qemu-mainline test] 125675: trouble: broken/fail/pass osstest service owner
This is a public inbox, see mirroring instructions
for how to clone and mirror all data and code used for this inbox;
as well as URLs for NNTP newsgroup(s).