xen-devel.lists.xenproject.org archive mirror
 help / color / mirror / Atom feed
* [linux-linus test] 125735: trouble: blocked/broken/fail/pass
@ 2018-08-02 23:24 osstest service owner
  0 siblings, 0 replies; only message in thread
From: osstest service owner @ 2018-08-02 23:24 UTC (permalink / raw)
  To: xen-devel, osstest-admin

flight 125735 linux-linus real [real]
http://logs.test-lab.xenproject.org/osstest/logs/125735/

Failures and problems with tests :-(

Tests which did not succeed and are blocking,
including tests which could not be run:
 build-arm64                     <job status>                 broken
 build-arm64-xsm                 <job status>                 broken
 build-arm64-pvops               <job status>                 broken
 build-arm64-pvops             4 host-install(4)        broken REGR. vs. 125702
 build-arm64-xsm               4 host-install(4)        broken REGR. vs. 125702
 build-arm64                   4 host-install(4)        broken REGR. vs. 125702

Regressions which are regarded as allowable (not blocking):
 test-amd64-amd64-rumprun-amd64 17 rumprun-demo-xenstorels/xenstorels.repeat fail REGR. vs. 125702

Tests which did not succeed, but are not blocking:
 test-arm64-arm64-xl-credit2   1 build-check(1)               blocked  n/a
 test-arm64-arm64-libvirt-xsm  1 build-check(1)               blocked  n/a
 build-arm64-libvirt           1 build-check(1)               blocked  n/a
 test-arm64-arm64-examine      1 build-check(1)               blocked  n/a
 test-arm64-arm64-xl           1 build-check(1)               blocked  n/a
 test-arm64-arm64-xl-xsm       1 build-check(1)               blocked  n/a
 test-amd64-amd64-xl-qemut-win7-amd64 17 guest-stop            fail like 125702
 test-armhf-armhf-libvirt     14 saverestore-support-check    fail  like 125702
 test-amd64-i386-xl-qemut-win7-amd64 17 guest-stop             fail like 125702
 test-amd64-amd64-xl-qemuu-win7-amd64 17 guest-stop            fail like 125702
 test-amd64-i386-xl-qemuu-win7-amd64 17 guest-stop             fail like 125702
 test-armhf-armhf-libvirt-raw 13 saverestore-support-check    fail  like 125702
 test-amd64-amd64-xl-qemut-ws16-amd64 17 guest-stop            fail like 125702
 test-amd64-amd64-xl-qemuu-ws16-amd64 17 guest-stop            fail like 125702
 test-amd64-i386-xl-qemuu-dmrestrict-amd64-dmrestrict 10 debian-hvm-install fail never pass
 test-amd64-amd64-xl-qemuu-dmrestrict-amd64-dmrestrict 10 debian-hvm-install fail never pass
 test-amd64-i386-xl-pvshim    12 guest-start                  fail   never pass
 test-amd64-i386-libvirt      13 migrate-support-check        fail   never pass
 test-amd64-amd64-libvirt-xsm 13 migrate-support-check        fail   never pass
 test-amd64-i386-libvirt-xsm  13 migrate-support-check        fail   never pass
 test-amd64-amd64-libvirt     13 migrate-support-check        fail   never pass
 test-amd64-i386-libvirt-qemuu-debianhvm-amd64-xsm 11 migrate-support-check fail never pass
 test-amd64-amd64-libvirt-qemuu-debianhvm-amd64-xsm 11 migrate-support-check fail never pass
 test-amd64-amd64-qemuu-nested-amd 17 debian-hvm-install/l1/l2  fail never pass
 test-amd64-amd64-libvirt-vhd 12 migrate-support-check        fail   never pass
 test-armhf-armhf-libvirt     13 migrate-support-check        fail   never pass
 test-armhf-armhf-xl-credit2  13 migrate-support-check        fail   never pass
 test-armhf-armhf-xl          13 migrate-support-check        fail   never pass
 test-armhf-armhf-xl-credit2  14 saverestore-support-check    fail   never pass
 test-armhf-armhf-xl          14 saverestore-support-check    fail   never pass
 test-armhf-armhf-xl-cubietruck 13 migrate-support-check        fail never pass
 test-armhf-armhf-xl-cubietruck 14 saverestore-support-check    fail never pass
 test-armhf-armhf-xl-rtds     13 migrate-support-check        fail   never pass
 test-armhf-armhf-xl-rtds     14 saverestore-support-check    fail   never pass
 test-armhf-armhf-xl-arndale  13 migrate-support-check        fail   never pass
 test-armhf-armhf-xl-arndale  14 saverestore-support-check    fail   never pass
 test-armhf-armhf-libvirt-raw 12 migrate-support-check        fail   never pass
 test-armhf-armhf-xl-vhd      12 migrate-support-check        fail   never pass
 test-armhf-armhf-xl-vhd      13 saverestore-support-check    fail   never pass
 test-armhf-armhf-xl-multivcpu 13 migrate-support-check        fail  never pass
 test-armhf-armhf-xl-multivcpu 14 saverestore-support-check    fail  never pass
 test-amd64-i386-xl-qemuu-ws16-amd64 17 guest-stop              fail never pass
 test-amd64-i386-xl-qemut-ws16-amd64 17 guest-stop              fail never pass
 test-amd64-amd64-xl-qemut-win10-i386 10 windows-install        fail never pass
 test-amd64-amd64-xl-qemuu-win10-i386 10 windows-install        fail never pass
 test-amd64-i386-xl-qemuu-win10-i386 10 windows-install         fail never pass
 test-amd64-i386-xl-qemut-win10-i386 10 windows-install         fail never pass

version targeted for testing:
 linux                44960f2a7b63e224b1091b3e1d6f60e0cdf4be0c
baseline version:
 linux                527838d470e3a6e79e8ee9d5ddf28920df2a196e

Last test of basis   125702  2018-07-31 14:25:44 Z    2 days
Testing same since   125735  2018-08-01 18:37:38 Z    1 days    1 attempts

------------------------------------------------------------
People who touched revisions under test:
  Anil Gurumurthy <anil.gurumurthy@cavium.com>
  Anton Vasilyev <vasilyev@ispras.ru>
  Arjun Vynipadath <arjun@chelsio.com>
  Avinash Repaka <avinash.repaka@oracle.com>
  Björn Töpel <bjorn.topel@intel.com>
  Daniel Borkmann <daniel@iogearbox.net>
  dann frazier <dann.frazier@canonical.com>
  David S. Miller <davem@davemloft.net>
  Dmitry Safonov <dima@arista.com>
  Douglas Gilbert <dgilbert@interlog.com>
  Eric Dumazet <edumazet@google.com>
  Erik Schmauss <erik.schmauss@intel.com>
  Eugeniy Paltsev <Eugeniy.Paltsev@synopsys.com>
  Eyal Birger <eyal.birger@gmail.com>
  Florian Westphal <fw@strlen.de>
  Gal Pressman <pressmangal@gmail.com>
  Ganesh Goudar <ganeshgr@chelsio.com>
  Govindarajulu Varadarajan <gvaradar@cisco.com>
  Himanshu Madhani <himanshu.madhani@cavium.com>
  Huang Chong <huang.chong@zte.com.cn>
  Jakub Kicinski <jakub.kicinski@netronome.com>
  Jeremy Cline <jcline@redhat.com>
  Jiang Biao <jiang.biao2@zte.com.cn>
  John Hurley <john.hurley@netronome.com>
  John Stultz <john.stultz@linaro.org>
  Justin Pettit <jpettit@ovn.org>
  Lawrence Brakmo <brakmo@fb.com>
  Linus Torvalds <torvalds@linux-foundation.org>
  Lorenzo Bianconi <lorenzo.bianconi@redhat.com>
  Marc Kleine-Budde <mkl@pengutronix.de>
  Martin K. Petersen <martin.petersen@oracle.com>
  Martin KaFai Lau <kafai@fb.com>
  Michael S. Tsirkin <mst@redhat.com>
  Neal Cardwell <ncardwell@google.com>
  Oleksandr Natalenko <oleksandr@natalenko.name>
  Paul Moore <paul@paul-moore.com>
  Phillip Lougher <phillip.lougher@gmail.com>
  Priyaranjan Jha <priyarjha@google.com>
  Qi Zhang <qi.z.zhang@intel.com>
  Quinn Tran <quinn.tran@cavium.com>
  Rafael J. Wysocki <rafael.j.wysocki@intel.com>
  Sabrina Dubroca <sd@queasysnail.net>
  Sam Ravnborg <sam@ravnborg.org>
  Santosh Shilimkar <santosh.shilimkar@oracle.com>
  Soheil Hassas Yeganeh <soheil@google.com>
  Stefan Wahren <stefan.wahren@i2se.com>
  Steffen Klassert <steffen.klassert@secunet.com>
  Steven Rostedt (VMware) <rostedt@goodmis.org>
  Taehee Yoo <ap420073@gmail.com>
  tangpengpeng <tangpengpeng@higon.com>
  Tariq Toukan <tariqt@mellanox.com>
  Thomas Petazzoni <thomas.petazzoni@bootlin.com>
  Thomas Richter <tmricht@linux.ibm.com>
  Tom Lendacky <thomas.lendacky@amd.com>
  Tommi Rantala <tommi.t.rantala@nokia.com>
  Tony Battersby <tonyb@cybernetics.com>
  Toshiaki Makita <makita.toshiaki@lab.ntt.co.jp>
  Varun Prakash <varun@chelsio.com>
  Wang YanQing <udknight@gmail.com>
  Wei Yongjun <weiyongjun1@huawei.com>
  Xiao Liang <xiliang@redhat.com>
  Yi Wang <wang.yi59@zte.com.cn>
  Yonghong Song <yhs@fb.com>
  Yuchung Cheng <ycheng@google.com>
  Zhen Lei <thunder.leizhen@huawei.com>

jobs:
 build-amd64-xsm                                              pass    
 build-arm64-xsm                                              broken  
 build-i386-xsm                                               pass    
 build-amd64                                                  pass    
 build-arm64                                                  broken  
 build-armhf                                                  pass    
 build-i386                                                   pass    
 build-amd64-libvirt                                          pass    
 build-arm64-libvirt                                          blocked 
 build-armhf-libvirt                                          pass    
 build-i386-libvirt                                           pass    
 build-amd64-pvops                                            pass    
 build-arm64-pvops                                            broken  
 build-armhf-pvops                                            pass    
 build-i386-pvops                                             pass    
 build-amd64-rumprun                                          pass    
 build-i386-rumprun                                           pass    
 test-amd64-amd64-xl                                          pass    
 test-arm64-arm64-xl                                          blocked 
 test-armhf-armhf-xl                                          pass    
 test-amd64-i386-xl                                           pass    
 test-amd64-amd64-xl-qemut-debianhvm-amd64-xsm                pass    
 test-amd64-i386-xl-qemut-debianhvm-amd64-xsm                 pass    
 test-amd64-amd64-libvirt-qemuu-debianhvm-amd64-xsm           pass    
 test-amd64-i386-libvirt-qemuu-debianhvm-amd64-xsm            pass    
 test-amd64-amd64-xl-qemuu-debianhvm-amd64-xsm                pass    
 test-amd64-i386-xl-qemuu-debianhvm-amd64-xsm                 pass    
 test-amd64-amd64-xl-qemut-stubdom-debianhvm-amd64-xsm        pass    
 test-amd64-i386-xl-qemut-stubdom-debianhvm-amd64-xsm         pass    
 test-amd64-amd64-libvirt-xsm                                 pass    
 test-arm64-arm64-libvirt-xsm                                 blocked 
 test-amd64-i386-libvirt-xsm                                  pass    
 test-amd64-amd64-xl-xsm                                      pass    
 test-arm64-arm64-xl-xsm                                      blocked 
 test-amd64-i386-xl-xsm                                       pass    
 test-amd64-amd64-qemuu-nested-amd                            fail    
 test-amd64-amd64-xl-pvhv2-amd                                pass    
 test-amd64-i386-qemut-rhel6hvm-amd                           pass    
 test-amd64-i386-qemuu-rhel6hvm-amd                           pass    
 test-amd64-amd64-xl-qemut-debianhvm-amd64                    pass    
 test-amd64-i386-xl-qemut-debianhvm-amd64                     pass    
 test-amd64-amd64-xl-qemuu-debianhvm-amd64                    pass    
 test-amd64-i386-xl-qemuu-debianhvm-amd64                     pass    
 test-amd64-i386-freebsd10-amd64                              pass    
 test-amd64-amd64-xl-qemuu-ovmf-amd64                         pass    
 test-amd64-i386-xl-qemuu-ovmf-amd64                          pass    
 test-amd64-amd64-rumprun-amd64                               fail    
 test-amd64-amd64-xl-qemut-win7-amd64                         fail    
 test-amd64-i386-xl-qemut-win7-amd64                          fail    
 test-amd64-amd64-xl-qemuu-win7-amd64                         fail    
 test-amd64-i386-xl-qemuu-win7-amd64                          fail    
 test-amd64-amd64-xl-qemut-ws16-amd64                         fail    
 test-amd64-i386-xl-qemut-ws16-amd64                          fail    
 test-amd64-amd64-xl-qemuu-ws16-amd64                         fail    
 test-amd64-i386-xl-qemuu-ws16-amd64                          fail    
 test-armhf-armhf-xl-arndale                                  pass    
 test-amd64-amd64-xl-credit2                                  pass    
 test-arm64-arm64-xl-credit2                                  blocked 
 test-armhf-armhf-xl-credit2                                  pass    
 test-armhf-armhf-xl-cubietruck                               pass    
 test-amd64-amd64-xl-qemuu-dmrestrict-amd64-dmrestrict        fail    
 test-amd64-i386-xl-qemuu-dmrestrict-amd64-dmrestrict         fail    
 test-amd64-amd64-examine                                     pass    
 test-arm64-arm64-examine                                     blocked 
 test-armhf-armhf-examine                                     pass    
 test-amd64-i386-examine                                      pass    
 test-amd64-i386-freebsd10-i386                               pass    
 test-amd64-i386-rumprun-i386                                 pass    
 test-amd64-amd64-xl-qemut-win10-i386                         fail    
 test-amd64-i386-xl-qemut-win10-i386                          fail    
 test-amd64-amd64-xl-qemuu-win10-i386                         fail    
 test-amd64-i386-xl-qemuu-win10-i386                          fail    
 test-amd64-amd64-qemuu-nested-intel                          pass    
 test-amd64-amd64-xl-pvhv2-intel                              pass    
 test-amd64-i386-qemut-rhel6hvm-intel                         pass    
 test-amd64-i386-qemuu-rhel6hvm-intel                         pass    
 test-amd64-amd64-libvirt                                     pass    
 test-armhf-armhf-libvirt                                     pass    
 test-amd64-i386-libvirt                                      pass    
 test-amd64-amd64-xl-multivcpu                                pass    
 test-armhf-armhf-xl-multivcpu                                pass    
 test-amd64-amd64-pair                                        pass    
 test-amd64-i386-pair                                         pass    
 test-amd64-amd64-libvirt-pair                                pass    
 test-amd64-i386-libvirt-pair                                 pass    
 test-amd64-amd64-amd64-pvgrub                                pass    
 test-amd64-amd64-i386-pvgrub                                 pass    
 test-amd64-amd64-xl-pvshim                                   pass    
 test-amd64-i386-xl-pvshim                                    fail    
 test-amd64-amd64-pygrub                                      pass    
 test-amd64-amd64-xl-qcow2                                    pass    
 test-armhf-armhf-libvirt-raw                                 pass    
 test-amd64-i386-xl-raw                                       pass    
 test-amd64-amd64-xl-rtds                                     pass    
 test-armhf-armhf-xl-rtds                                     pass    
 test-amd64-amd64-xl-qemuu-debianhvm-amd64-shadow             pass    
 test-amd64-i386-xl-qemuu-debianhvm-amd64-shadow              pass    
 test-amd64-amd64-xl-shadow                                   pass    
 test-amd64-i386-xl-shadow                                    pass    
 test-amd64-amd64-libvirt-vhd                                 pass    
 test-armhf-armhf-xl-vhd                                      pass    


------------------------------------------------------------
sg-report-flight on osstest.test-lab.xenproject.org
logs: /home/logs/logs
images: /home/logs/images

Logs, config files, etc. are available at
    http://logs.test-lab.xenproject.org/osstest/logs

Explanation of these reports, and of osstest in general, is at
    http://xenbits.xen.org/gitweb/?p=osstest.git;a=blob;f=README.email;hb=master
    http://xenbits.xen.org/gitweb/?p=osstest.git;a=blob;f=README;hb=master

Test harness code can be found at
    http://xenbits.xen.org/gitweb?p=osstest.git;a=summary

broken-job build-arm64 broken
broken-job build-arm64-xsm broken
broken-job build-arm64-pvops broken
broken-step build-arm64-pvops host-install(4)
broken-step build-arm64-xsm host-install(4)
broken-step build-arm64 host-install(4)

Not pushing.

(No revision log; it would be 1794 lines long.)

_______________________________________________
Xen-devel mailing list
Xen-devel@lists.xenproject.org
https://lists.xenproject.org/mailman/listinfo/xen-devel

^ permalink raw reply	[flat|nested] only message in thread

only message in thread, other threads:[~2018-08-02 23:24 UTC | newest]

Thread overview: (only message) (download: mbox.gz follow: Atom feed
-- links below jump to the message on this page --
2018-08-02 23:24 [linux-linus test] 125735: trouble: blocked/broken/fail/pass osstest service owner

This is a public inbox, see mirroring instructions
for how to clone and mirror all data and code used for this inbox;
as well as URLs for NNTP newsgroup(s).