* [ovmf test] 125761: regressions - FAIL
@ 2018-08-06 11:11 osstest service owner
0 siblings, 0 replies; only message in thread
From: osstest service owner @ 2018-08-06 11:11 UTC (permalink / raw)
To: xen-devel, osstest-admin
flight 125761 ovmf real [real]
http://logs.test-lab.xenproject.org/osstest/logs/125761/
Regressions :-(
Tests which did not succeed and are blocking,
including tests which could not be run:
build-i386-pvops 6 kernel-build fail REGR. vs. 125758
Tests which did not succeed, but are not blocking:
test-amd64-i386-xl-qemuu-ovmf-amd64 1 build-check(1) blocked n/a
version targeted for testing:
ovmf d3bc33731f5b039bf3df76e50cbb1f60ce697e9b
baseline version:
ovmf cd3a42640acdb4f5ac14ac19f22ede002124920c
Last test of basis 125758 2018-08-06 04:40:40 Z 0 days
Testing same since 125759 2018-08-06 06:40:39 Z 0 days 2 attempts
------------------------------------------------------------
People who touched revisions under test:
Dandan Bi <dandan.bi@intel.com>
jobs:
build-amd64-xsm pass
build-i386-xsm pass
build-amd64 pass
build-i386 pass
build-amd64-libvirt pass
build-i386-libvirt pass
build-amd64-pvops pass
build-i386-pvops fail
test-amd64-amd64-xl-qemuu-ovmf-amd64 pass
test-amd64-i386-xl-qemuu-ovmf-amd64 blocked
------------------------------------------------------------
sg-report-flight on osstest.test-lab.xenproject.org
logs: /home/logs/logs
images: /home/logs/images
Logs, config files, etc. are available at
http://logs.test-lab.xenproject.org/osstest/logs
Explanation of these reports, and of osstest in general, is at
http://xenbits.xen.org/gitweb/?p=osstest.git;a=blob;f=README.email;hb=master
http://xenbits.xen.org/gitweb/?p=osstest.git;a=blob;f=README;hb=master
Test harness code can be found at
http://xenbits.xen.org/gitweb?p=osstest.git;a=summary
Not pushing.
------------------------------------------------------------
commit d3bc33731f5b039bf3df76e50cbb1f60ce697e9b
Author: Dandan Bi <dandan.bi@intel.com>
Date: Tue Jul 17 10:14:04 2018 +0800
MdeModulePkg: Remove DxeSmmPerformanceLib
DxeSmmPerformanceLib previously is used by DP tool.
But in new pweformance infrastructure, we have updated
Dp tool to get the performance data from firmware
performance data table in ACPI.
Now the DxeSmmPerformanceLib is not used by
any module. So remove it from edk2 code base to
avoid being used by mistake.
Cc: Liming Gao <liming.gao@intel.com>
Cc: Star Zeng <star.zeng@intel.com>
Contributed-under: TianoCore Contribution Agreement 1.1
Signed-off-by: Dandan Bi <dandan.bi@intel.com>
Reviewed-by: Liming Gao <liming.gao@intel.com>
commit 29890da47d18c602c199819b78ae15c08e22cab0
Author: Dandan Bi <dandan.bi@intel.com>
Date: Tue Jul 17 10:10:49 2018 +0800
ShellPkg: Remove DxeSmmPerformanceLib
DxeSmmPerformanceLib previously is used by DP tool.
But in new pweformance infrastructure, we have updated
Dp tool to get the performance data from firmware
performance data table in ACPI.
So remove the usage of DxeSmmPerformanceLib here.
Cc: Jaben Carsey <jaben.carsey@intel.com>
Cc: Ruiyu Ni <ruiyu.ni@intel.com>
Cc: Liming Gao <liming.gao@intel.com>
Contributed-under: TianoCore Contribution Agreement 1.1
Signed-off-by: Dandan Bi <dandan.bi@intel.com>
Reviewed-by: Jaben Carsey <jaben.carsey@intel.com>
commit 18219ab369277151d908a4b6a75a8e371c810c3d
Author: Dandan Bi <dandan.bi@intel.com>
Date: Tue Jul 17 10:10:15 2018 +0800
Vlv2TbltDevicePkg: Remove DxeSmmPerformanceLib
DxeSmmPerformanceLib previously is used by DP tool.
But in new pweformance infrastructure, we have updated
Dp tool to get the performance data from firmware
performance data table in ACPI.
So remove the usage of DxeSmmPerformanceLib here.
Cc: David Wei <david.wei@intel.com>
Cc: Mang Guo <mang.guo@intel.com>
Cc: Liming Gao <liming.gao@intel.com>
Contributed-under: TianoCore Contribution Agreement 1.1
Signed-off-by: Dandan Bi <dandan.bi@intel.com>
Reviewed-by: David Wei <david.wei@intel.com>
commit 5b292858ba9aa2a7c9fc7e4f99df8fe750399f80
Author: Dandan Bi <dandan.bi@intel.com>
Date: Tue Jul 17 10:06:34 2018 +0800
QuarkPlatformPkg: Remove DxeSmmPerformanceLib
DxeSmmPerformanceLib previously is used by DP tool.
But in new pweformance infrastructure, we have updated
Dp tool to get the performance data from firmware
performance data table in ACPI.
So remove the usage of DxeSmmPerformanceLib here.
Cc: Michael D Kinney <michael.d.kinney@intel.com>
Cc: Kelly Steele <kelly.steele@intel.com>
Cc: Liming Gao <liming.gao@intel.com>
Contributed-under: TianoCore Contribution Agreement 1.1
Signed-off-by: Dandan Bi <dandan.bi@intel.com>
Reviewed-by: Liming Gao <liming.gao@intel.com>
_______________________________________________
Xen-devel mailing list
Xen-devel@lists.xenproject.org
https://lists.xenproject.org/mailman/listinfo/xen-devel
^ permalink raw reply [flat|nested] only message in thread
only message in thread, other threads:[~2018-08-06 11:11 UTC | newest]
Thread overview: (only message) (download: mbox.gz follow: Atom feed
-- links below jump to the message on this page --
2018-08-06 11:11 [ovmf test] 125761: regressions - FAIL osstest service owner
This is a public inbox, see mirroring instructions
for how to clone and mirror all data and code used for this inbox;
as well as URLs for NNTP newsgroup(s).