From: osstest service owner <osstest-admin@xenproject.org>
To: xen-devel@lists.xenproject.org, osstest-admin@xenproject.org
Subject: [linux-linus test] 125788: trouble: blocked/broken/fail/pass
Date: Thu, 09 Aug 2018 01:53:14 +0000 [thread overview]
Message-ID: <osstest-125788-mainreport@xen.org> (raw)
flight 125788 linux-linus real [real]
http://logs.test-lab.xenproject.org/osstest/logs/125788/
Failures and problems with tests :-(
Tests which did not succeed and are blocking,
including tests which could not be run:
build-arm64 <job status> broken
build-arm64-pvops <job status> broken
build-arm64-xsm <job status> broken
Regressions which are regarded as allowable (not blocking):
build-arm64-pvops 2 hosts-allocate broken REGR. vs. 125702
build-arm64 2 hosts-allocate broken REGR. vs. 125702
build-arm64-xsm 2 hosts-allocate broken REGR. vs. 125702
test-amd64-amd64-rumprun-amd64 17 rumprun-demo-xenstorels/xenstorels.repeat fail REGR. vs. 125702
Tests which did not succeed, but are not blocking:
test-arm64-arm64-xl-xsm 1 build-check(1) blocked n/a
test-arm64-arm64-xl-credit2 1 build-check(1) blocked n/a
test-arm64-arm64-xl 1 build-check(1) blocked n/a
build-arm64-libvirt 1 build-check(1) blocked n/a
test-arm64-arm64-libvirt-xsm 1 build-check(1) blocked n/a
test-arm64-arm64-examine 1 build-check(1) blocked n/a
build-arm64 3 capture-logs broken blocked in 125702
build-arm64-pvops 3 capture-logs broken blocked in 125702
build-arm64-xsm 3 capture-logs broken blocked in 125702
test-amd64-amd64-xl-qemut-win7-amd64 17 guest-stop fail like 125702
test-armhf-armhf-libvirt 14 saverestore-support-check fail like 125702
test-amd64-i386-xl-qemut-win7-amd64 17 guest-stop fail like 125702
test-amd64-amd64-xl-qemuu-win7-amd64 17 guest-stop fail like 125702
test-amd64-i386-xl-qemuu-win7-amd64 17 guest-stop fail like 125702
test-armhf-armhf-libvirt-raw 13 saverestore-support-check fail like 125702
test-amd64-amd64-xl-qemut-ws16-amd64 17 guest-stop fail like 125702
test-amd64-amd64-xl-qemuu-ws16-amd64 17 guest-stop fail like 125702
test-amd64-i386-xl-qemuu-dmrestrict-amd64-dmrestrict 10 debian-hvm-install fail never pass
test-amd64-amd64-xl-qemuu-dmrestrict-amd64-dmrestrict 10 debian-hvm-install fail never pass
test-amd64-i386-xl-pvshim 12 guest-start fail never pass
test-amd64-i386-libvirt-xsm 13 migrate-support-check fail never pass
test-amd64-i386-libvirt 13 migrate-support-check fail never pass
test-amd64-amd64-libvirt 13 migrate-support-check fail never pass
test-amd64-amd64-libvirt-xsm 13 migrate-support-check fail never pass
test-amd64-i386-libvirt-qemuu-debianhvm-amd64-xsm 11 migrate-support-check fail never pass
test-amd64-amd64-libvirt-qemuu-debianhvm-amd64-xsm 11 migrate-support-check fail never pass
test-amd64-amd64-qemuu-nested-amd 17 debian-hvm-install/l1/l2 fail never pass
test-amd64-amd64-libvirt-vhd 12 migrate-support-check fail never pass
test-armhf-armhf-libvirt 13 migrate-support-check fail never pass
test-armhf-armhf-xl-credit2 13 migrate-support-check fail never pass
test-armhf-armhf-xl 13 migrate-support-check fail never pass
test-armhf-armhf-xl-credit2 14 saverestore-support-check fail never pass
test-armhf-armhf-xl 14 saverestore-support-check fail never pass
test-armhf-armhf-xl-cubietruck 13 migrate-support-check fail never pass
test-armhf-armhf-xl-cubietruck 14 saverestore-support-check fail never pass
test-armhf-armhf-xl-arndale 13 migrate-support-check fail never pass
test-armhf-armhf-xl-arndale 14 saverestore-support-check fail never pass
test-armhf-armhf-libvirt-raw 12 migrate-support-check fail never pass
test-armhf-armhf-xl-vhd 12 migrate-support-check fail never pass
test-armhf-armhf-xl-vhd 13 saverestore-support-check fail never pass
test-armhf-armhf-xl-multivcpu 13 migrate-support-check fail never pass
test-armhf-armhf-xl-multivcpu 14 saverestore-support-check fail never pass
test-amd64-i386-xl-qemuu-ws16-amd64 17 guest-stop fail never pass
test-amd64-i386-xl-qemut-ws16-amd64 17 guest-stop fail never pass
test-amd64-amd64-xl-qemut-win10-i386 10 windows-install fail never pass
test-amd64-amd64-xl-qemuu-win10-i386 10 windows-install fail never pass
test-amd64-i386-xl-qemuu-win10-i386 10 windows-install fail never pass
test-amd64-i386-xl-qemut-win10-i386 10 windows-install fail never pass
test-armhf-armhf-xl-rtds 13 migrate-support-check fail never pass
test-armhf-armhf-xl-rtds 14 saverestore-support-check fail never pass
version targeted for testing:
linux 1236568ee3cbb0d3ac62d0074a29b97ecf34cbbc
baseline version:
linux 527838d470e3a6e79e8ee9d5ddf28920df2a196e
Last test of basis 125702 2018-07-31 14:25:44 Z 8 days
Failing since 125735 2018-08-01 18:37:38 Z 7 days 4 attempts
Testing same since 125788 2018-08-07 13:41:42 Z 1 days 1 attempts
------------------------------------------------------------
People who touched revisions under test:
Adi Nissim <adin@mellanox.com>
Andrew Lunn <andrew@lunn.ch>
Andrew Morton <akpm@linux-foundation.org>
Anil Gurumurthy <anil.gurumurthy@cavium.com>
Anna-Maria Gleixner <anna-maria@linutronix.de>
Anton Vasilyev <vasilyev@ispras.ru>
Ard Biesheuvel <ard.biesheuvel@linaro.org>
Arend van Spriel <arend.vanspriel@broadcom.com>
Arjun Vynipadath <arjun@chelsio.com>
Arnaldo Carvalho de Melo <acme@redhat.com>
Artem Bityutskiy <artem.bityutskiy@linux.intel.com>
Avinash Repaka <avinash.repaka@oracle.com>
Benjamin Tissoires <benjamin.tissoires@redhat.com>
Bjorn Helgaas <bhelgaas@google.com>
Björn Töpel <bjorn.topel@intel.com>
Boris Brezillon <boris.brezillon@bootlin.com>
Calvin Walton <calvin.walton@kepstin.ca>
Colin Ian King <colin.king@canonical.com>
Dan Carpenter <dan.carpenter@oracle.com>
Daniel Borkmann <daniel@iogearbox.net>
dann frazier <dann.frazier@canonical.com>
Darrick J. Wong <darrick.wong@oracle.com>
Dave Airlie <airlied@redhat.com>
David Howells <dhowells@redhat.com>
David S. Miller <davem@davemloft.net>
Davidlohr Bueso <dave@stgolabs.net>
Dmitry Safonov <dima@arista.com>
Douglas Gilbert <dgilbert@interlog.com>
Eli Cohen <eli@mellanox.com>
Emmanuel Grumbach <emmanuel.grumbach@intel.com>
Eric Dumazet <edumazet@google.com>
Eric Sandeen <sandeen@redhat.com>
Erik Schmauss <erik.schmauss@intel.com>
Eugeniy Paltsev <Eugeniy.Paltsev@synopsys.com>
Eyal Birger <eyal.birger@gmail.com>
Feras Daoud <ferasda@mellanox.com>
Florian Fainelli <f.fainelli@gmail.com>
Florian Westphal <fw@strlen.de>
Frederic Barrat <fbarrat@linux.ibm.com>
Frederic Weisbecker <frederic@kernel.org>
Gal Pressman <pressmangal@gmail.com>
Ganesh Goudar <ganeshgr@chelsio.com>
Govindarajulu Varadarajan <gvaradar@cisco.com>
Guenter Roeck <linux@roeck-us.net>
Guillaume Nault <g.nault@alphalink.fr>
Hans de Goede <hdegoede@redhat.com>
Hari Vyas <hari.vyas@broadcom.com>
Herbert Xu <herbert@gondor.apana.org.au>
Himanshu Madhani <himanshu.madhani@cavium.com>
Huang Chong <huang.chong@zte.com.cn>
Hugh Dickins <hughd@google.com>
Ido Schimmel <idosch@mellanox.com>
Ingo Molnar <mingo@kernel.org>
Ioana Ciornei <ioana.ciornei@nxp.com>
Jack Morgenstein <jackm@dev.mellanox.co.il>
Jakub Kicinski <jakub.kicinski@netronome.com>
Jane Chu <jane.chu@oracle.com>
Jason Gunthorpe <jgg@mellanox.com>
Jens Axboe <axboe@kernel.dk>
Jeremy Cline <jcline@redhat.com>
Jerome Brunet <jbrunet@baylibre.com>
Jiang Biao <jiang.biao2@zte.com.cn>
Johannes Weiner <hannes@cmpxchg.org>
John Hurley <john.hurley@netronome.com>
John Stultz <john.stultz@linaro.org>
Jose Abreu <joabreu@synopsys.com>
Jose Abreu <Jose.Abreu@synopsys.com>
Justin Pettit <jpettit@ovn.org>
Kalle Valo <kvalo@codeaurora.org>
Kan Liang <kan.liang@linux.intel.com>
Kees Cook <keescook@chromium.org>
Kirill A. Shutemov <kirill.shutemov@linux.intel.com>
Kirill Tkhai <ktkhai@virtuozzo.com>
Kurt Kanzenbach <kurt.kanzenbach@linutronix.de>
Laurent Pinchart <laurent.pinchart+renesas@ideasonboard.com>
Lawrence Brakmo <brakmo@fb.com>
Len Brown <len.brown@intel.com>
Leon Romanovsky <leonro@mellanox.com>
Linus Torvalds <torvalds@linux-foundation.org>
Linus Walleij <linus.walleij@linaro.org>
Lorenzo Bianconi <lorenzo.bianconi@redhat.com>
Lorenzo Pieralisi <lorenzo.pieralisi@arm.com>
Maninder Singh <maninder1.s@samsung.com>
Marc Kleine-Budde <mkl@pengutronix.de>
Martin K. Petersen <martin.petersen@oracle.com>
Martin KaFai Lau <kafai@fb.com>
Masayoshi Mizuma <m.mizuma@jp.fujitsu.com>
Mathieu Xhonneux <m.xhonneux@gmail.com>
Mauro Carvalho Chehab <mchehab+samsung@kernel.org>
Mel Gorman <mgorman@techsingularity.net>
Michael Ellerman <mpe@ellerman.id.au>
Michael S. Tsirkin <mst@redhat.com>
Michal Hocko <mhocko@suse.com>
Mika Westerberg <mika.westerberg@linux.intel.com>
Mike Rapoport <rppt@linux.vnet.ibm.com>
Mike Snitzer <snitzer@redhat.com>
Ming Lei <ming.lei@redhat.com>
Neal Cardwell <ncardwell@google.com>
Nicholas Mc Guire <hofrat@osadl.org>
Nir Dotan <nird@mellanox.com>
Ofer Levi <oferle@mellanox.com>
Oleksandr Natalenko <oleksandr@natalenko.name>
Or Gerlitz <ogerlitz@mellanox.com>
Paolo Bonzini <pbonzini@redhat.com>
Paul Moore <paul@paul-moore.com>
Peter Shier <pshier@google.com>
Phillip Lougher <phillip.lougher@gmail.com>
Phillip Lougher <phillip@squashfs.org.uk>
Prarit Bhargava <prarit@redhat.com>
Priyaranjan Jha <priyarjha@google.com>
Qi Zhang <qi.z.zhang@intel.com>
Quinn Tran <quinn.tran@cavium.com>
Rafael J. Wysocki <rafael.j.wysocki@intel.com>
Rafał Miłecki <rafal@milecki.pl>
Randy Dunlap <rdunlap@infradead.org>
Rob Clark <robdclark@gmail.com>
Roman Kagan <rkagan@virtuozzo.com>
Russell King <rmk+kernel@armlinux.org.uk>
Sabrina Dubroca <sd@queasysnail.net>
Saeed Mahameed <saeedm@mellanox.com>
Sam Ravnborg <sam@ravnborg.org>
Santosh Shilimkar <santosh.shilimkar@oracle.com>
Sean Christopherson <sean.j.christopherson@intel.com>
Sean Paul <seanpaul@chromium.org>
Sean Young <sean@mess.org>
Soheil Hassas Yeganeh <soheil@google.com>
Srinivas Pandruvada <srinivas.pandruvada@linux.intel.com>
Stefan Wahren <stefan.wahren@i2se.com>
Steffen Klassert <steffen.klassert@secunet.com>
Steven Rostedt (VMware) <rostedt@goodmis.org>
Taehee Yoo <ap420073@gmail.com>
tangpengpeng <tangpengpeng@higon.com>
Tariq Toukan <tariqt@mellanox.com>
Thomas Gleixner <tglx@linutronix.de>
Thomas Petazzoni <thomas.petazzoni@bootlin.com>
Thomas Richter <tmricht@linux.ibm.com>
Tom Lendacky <thomas.lendacky@amd.com>
Tommi Rantala <tommi.t.rantala@nokia.com>
Tony Battersby <tonyb@cybernetics.com>
Toshiaki Makita <makita.toshiaki@lab.ntt.co.jp>
Trond Myklebust <trond.myklebust@hammerspace.com>
Ulf Hansson <ulf.hansson@linaro.org>
Ursula Braun <ubraun@linux.ibm.com>
Vaibhav Jain <vaibhav@linux.ibm.com>
Vaneet Narang <v.narang@samsung.com>
Varun Prakash <varun@chelsio.com>
Vincent Whitchurch <vincent.whitchurch@axis.com>
Vineet Gupta <vgupta@synopsys.com>
Vladimir Davydov <vdavydov.dev@gmail.com>
Wang YanQing <udknight@gmail.com>
Wei Yongjun <weiyongjun1@huawei.com>
Will Deacon <will.deacon@arm.com>
Willy Tarreau <w@1wt.eu>
Xiao Liang <xiliang@redhat.com>
Yi Wang <wang.yi59@zte.com.cn>
Yonghong Song <yhs@fb.com>
Yuchung Cheng <ycheng@google.com>
YueHaibing <yuehaibing@huawei.com>
Zhen Lei <thunder.leizhen@huawei.com>
jobs:
build-amd64-xsm pass
build-arm64-xsm broken
build-i386-xsm pass
build-amd64 pass
build-arm64 broken
build-armhf pass
build-i386 pass
build-amd64-libvirt pass
build-arm64-libvirt blocked
build-armhf-libvirt pass
build-i386-libvirt pass
build-amd64-pvops pass
build-arm64-pvops broken
build-armhf-pvops pass
build-i386-pvops pass
build-amd64-rumprun pass
build-i386-rumprun pass
test-amd64-amd64-xl pass
test-arm64-arm64-xl blocked
test-armhf-armhf-xl pass
test-amd64-i386-xl pass
test-amd64-amd64-xl-qemut-debianhvm-amd64-xsm pass
test-amd64-i386-xl-qemut-debianhvm-amd64-xsm pass
test-amd64-amd64-libvirt-qemuu-debianhvm-amd64-xsm pass
test-amd64-i386-libvirt-qemuu-debianhvm-amd64-xsm pass
test-amd64-amd64-xl-qemuu-debianhvm-amd64-xsm pass
test-amd64-i386-xl-qemuu-debianhvm-amd64-xsm pass
test-amd64-amd64-xl-qemut-stubdom-debianhvm-amd64-xsm pass
test-amd64-i386-xl-qemut-stubdom-debianhvm-amd64-xsm pass
test-amd64-amd64-libvirt-xsm pass
test-arm64-arm64-libvirt-xsm blocked
test-amd64-i386-libvirt-xsm pass
test-amd64-amd64-xl-xsm pass
test-arm64-arm64-xl-xsm blocked
test-amd64-i386-xl-xsm pass
test-amd64-amd64-qemuu-nested-amd fail
test-amd64-amd64-xl-pvhv2-amd pass
test-amd64-i386-qemut-rhel6hvm-amd pass
test-amd64-i386-qemuu-rhel6hvm-amd pass
test-amd64-amd64-xl-qemut-debianhvm-amd64 pass
test-amd64-i386-xl-qemut-debianhvm-amd64 pass
test-amd64-amd64-xl-qemuu-debianhvm-amd64 pass
test-amd64-i386-xl-qemuu-debianhvm-amd64 pass
test-amd64-i386-freebsd10-amd64 pass
test-amd64-amd64-xl-qemuu-ovmf-amd64 pass
test-amd64-i386-xl-qemuu-ovmf-amd64 pass
test-amd64-amd64-rumprun-amd64 fail
test-amd64-amd64-xl-qemut-win7-amd64 fail
test-amd64-i386-xl-qemut-win7-amd64 fail
test-amd64-amd64-xl-qemuu-win7-amd64 fail
test-amd64-i386-xl-qemuu-win7-amd64 fail
test-amd64-amd64-xl-qemut-ws16-amd64 fail
test-amd64-i386-xl-qemut-ws16-amd64 fail
test-amd64-amd64-xl-qemuu-ws16-amd64 fail
test-amd64-i386-xl-qemuu-ws16-amd64 fail
test-armhf-armhf-xl-arndale pass
test-amd64-amd64-xl-credit2 pass
test-arm64-arm64-xl-credit2 blocked
test-armhf-armhf-xl-credit2 pass
test-armhf-armhf-xl-cubietruck pass
test-amd64-amd64-xl-qemuu-dmrestrict-amd64-dmrestrict fail
test-amd64-i386-xl-qemuu-dmrestrict-amd64-dmrestrict fail
test-amd64-amd64-examine pass
test-arm64-arm64-examine blocked
test-armhf-armhf-examine pass
test-amd64-i386-examine pass
test-amd64-i386-freebsd10-i386 pass
test-amd64-i386-rumprun-i386 pass
test-amd64-amd64-xl-qemut-win10-i386 fail
test-amd64-i386-xl-qemut-win10-i386 fail
test-amd64-amd64-xl-qemuu-win10-i386 fail
test-amd64-i386-xl-qemuu-win10-i386 fail
test-amd64-amd64-qemuu-nested-intel pass
test-amd64-amd64-xl-pvhv2-intel pass
test-amd64-i386-qemut-rhel6hvm-intel pass
test-amd64-i386-qemuu-rhel6hvm-intel pass
test-amd64-amd64-libvirt pass
test-armhf-armhf-libvirt pass
test-amd64-i386-libvirt pass
test-amd64-amd64-xl-multivcpu pass
test-armhf-armhf-xl-multivcpu pass
test-amd64-amd64-pair pass
test-amd64-i386-pair pass
test-amd64-amd64-libvirt-pair pass
test-amd64-i386-libvirt-pair pass
test-amd64-amd64-amd64-pvgrub pass
test-amd64-amd64-i386-pvgrub pass
test-amd64-amd64-xl-pvshim pass
test-amd64-i386-xl-pvshim fail
test-amd64-amd64-pygrub pass
test-amd64-amd64-xl-qcow2 pass
test-armhf-armhf-libvirt-raw pass
test-amd64-i386-xl-raw pass
test-amd64-amd64-xl-rtds pass
test-armhf-armhf-xl-rtds pass
test-amd64-amd64-xl-qemuu-debianhvm-amd64-shadow pass
test-amd64-i386-xl-qemuu-debianhvm-amd64-shadow pass
test-amd64-amd64-xl-shadow pass
test-amd64-i386-xl-shadow pass
test-amd64-amd64-libvirt-vhd pass
test-armhf-armhf-xl-vhd pass
------------------------------------------------------------
sg-report-flight on osstest.test-lab.xenproject.org
logs: /home/logs/logs
images: /home/logs/images
Logs, config files, etc. are available at
http://logs.test-lab.xenproject.org/osstest/logs
Explanation of these reports, and of osstest in general, is at
http://xenbits.xen.org/gitweb/?p=osstest.git;a=blob;f=README.email;hb=master
http://xenbits.xen.org/gitweb/?p=osstest.git;a=blob;f=README;hb=master
Test harness code can be found at
http://xenbits.xen.org/gitweb?p=osstest.git;a=summary
broken-job build-arm64 broken
broken-job build-arm64-pvops broken
broken-job build-arm64-xsm broken
broken-step build-arm64-pvops hosts-allocate
broken-step build-arm64 hosts-allocate
broken-step build-arm64-xsm hosts-allocate
broken-step build-arm64 capture-logs
broken-step build-arm64-pvops capture-logs
broken-step build-arm64-xsm capture-logs
Not pushing.
(No revision log; it would be 4874 lines long.)
_______________________________________________
Xen-devel mailing list
Xen-devel@lists.xenproject.org
https://lists.xenproject.org/mailman/listinfo/xen-devel
reply other threads:[~2018-08-09 1:53 UTC|newest]
Thread overview: [no followups] expand[flat|nested] mbox.gz Atom feed
Reply instructions:
You may reply publicly to this message via plain-text email
using any one of the following methods:
* Save the following mbox file, import it into your mail client,
and reply-to-all from there: mbox
Avoid top-posting and favor interleaved quoting:
https://en.wikipedia.org/wiki/Posting_style#Interleaved_style
* Reply using the --to, --cc, and --in-reply-to
switches of git-send-email(1):
git send-email \
--in-reply-to=osstest-125788-mainreport@xen.org \
--to=osstest-admin@xenproject.org \
--cc=xen-devel@lists.xenproject.org \
/path/to/YOUR_REPLY
https://kernel.org/pub/software/scm/git/docs/git-send-email.html
* If your mail client supports setting the In-Reply-To header
via mailto: links, try the mailto: link
Be sure your reply has a Subject: header at the top and a blank line
before the message body.
This is a public inbox, see mirroring instructions
for how to clone and mirror all data and code used for this inbox;
as well as URLs for NNTP newsgroup(s).