xen-devel.lists.xenproject.org archive mirror
 help / color / mirror / Atom feed
* [xen-unstable-smoke test] 125833: trouble: blocked/broken/pass
@ 2018-08-10  1:38 osstest service owner
  0 siblings, 0 replies; only message in thread
From: osstest service owner @ 2018-08-10  1:38 UTC (permalink / raw)
  To: xen-devel, osstest-admin

flight 125833 xen-unstable-smoke real [real]
http://logs.test-lab.xenproject.org/osstest/logs/125833/

Failures and problems with tests :-(

Tests which did not succeed and are blocking,
including tests which could not be run:
 build-arm64-xsm                 <job status>                 broken

Regressions which are regarded as allowable (not blocking):
 build-arm64-xsm               2 hosts-allocate         broken REGR. vs. 125729

Tests which did not succeed, but are not blocking:
 test-arm64-arm64-xl-xsm       1 build-check(1)               blocked  n/a
 build-arm64-xsm               3 capture-logs          broken blocked in 125729
 test-amd64-amd64-libvirt     13 migrate-support-check        fail   never pass
 test-armhf-armhf-xl          13 migrate-support-check        fail   never pass
 test-armhf-armhf-xl          14 saverestore-support-check    fail   never pass

version targeted for testing:
 xen                  4b60c40659b34b6577a6bc91eb4115458a0e425f
baseline version:
 xen                  ed5f8d9ca47e69e30221c37ec812f2b38af19d83

Last test of basis   125729  2018-08-01 11:00:39 Z    8 days
Failing since        125741  2018-08-02 10:01:09 Z    7 days   29 attempts
Testing same since   125802  2018-08-08 11:00:47 Z    1 days   13 attempts

------------------------------------------------------------
People who touched revisions under test:
  Alexandru Isaila <aisaila@bitdefender.com>
  Andrew Cooper <andrew.cooper3@citrix.com>
  Doug Goldstein <cardoe@cardoe.com>
  George Dunlap <george.dunlap@citrix.com>
  Jan Beulich <jbeulich@suse.com>
  Julien Grall <julien.grall@arm.com>
  Kevin Tian <kevin.tian@intel.com>
  Razvan Cojocaru <rcojocaru@bitdefender.com>
  Roger Pau Monné <roger.pau@citrix.com>
  Stefano Stabellini <sstabellini@kernel.org>
  Wei Liu <wei.liu2@citrix.com>

jobs:
 build-arm64-xsm                                              broken  
 build-amd64                                                  pass    
 build-armhf                                                  pass    
 build-amd64-libvirt                                          pass    
 test-armhf-armhf-xl                                          pass    
 test-arm64-arm64-xl-xsm                                      blocked 
 test-amd64-amd64-xl-qemuu-debianhvm-i386                     pass    
 test-amd64-amd64-libvirt                                     pass    


------------------------------------------------------------
sg-report-flight on osstest.test-lab.xenproject.org
logs: /home/logs/logs
images: /home/logs/images

Logs, config files, etc. are available at
    http://logs.test-lab.xenproject.org/osstest/logs

Explanation of these reports, and of osstest in general, is at
    http://xenbits.xen.org/gitweb/?p=osstest.git;a=blob;f=README.email;hb=master
    http://xenbits.xen.org/gitweb/?p=osstest.git;a=blob;f=README;hb=master

Test harness code can be found at
    http://xenbits.xen.org/gitweb?p=osstest.git;a=summary

broken-job build-arm64-xsm broken
broken-step build-arm64-xsm hosts-allocate
broken-step build-arm64-xsm capture-logs

Not pushing.

(No revision log; it would be 512 lines long.)

_______________________________________________
Xen-devel mailing list
Xen-devel@lists.xenproject.org
https://lists.xenproject.org/mailman/listinfo/xen-devel

^ permalink raw reply	[flat|nested] only message in thread

only message in thread, other threads:[~2018-08-10  1:38 UTC | newest]

Thread overview: (only message) (download: mbox.gz follow: Atom feed
-- links below jump to the message on this page --
2018-08-10  1:38 [xen-unstable-smoke test] 125833: trouble: blocked/broken/pass osstest service owner

This is a public inbox, see mirroring instructions
for how to clone and mirror all data and code used for this inbox;
as well as URLs for NNTP newsgroup(s).