* [linux-next test] 125840: regressions - trouble: blocked/broken/fail/pass
@ 2018-08-11 21:21 osstest service owner
0 siblings, 0 replies; only message in thread
From: osstest service owner @ 2018-08-11 21:21 UTC (permalink / raw)
To: xen-devel, osstest-admin
flight 125840 linux-next real [real]
http://logs.test-lab.xenproject.org/osstest/logs/125840/
Regressions :-(
Tests which did not succeed and are blocking,
including tests which could not be run:
build-arm64 <job status> broken
build-arm64-pvops <job status> broken
build-arm64-xsm <job status> broken
test-amd64-amd64-xl-qcow2 10 debian-di-install fail REGR. vs. 125788
test-amd64-i386-xl-qemuu-debianhvm-amd64 7 xen-boot fail REGR. vs. 125788
test-amd64-amd64-rumprun-amd64 12 guest-start fail REGR. vs. 125788
test-amd64-amd64-xl-shadow 12 guest-start fail REGR. vs. 125788
test-amd64-amd64-xl-qemuu-debianhvm-amd64-shadow 10 debian-hvm-install fail REGR. vs. 125788
test-amd64-i386-qemuu-rhel6hvm-intel 7 xen-boot fail REGR. vs. 125788
test-amd64-amd64-xl-qemuu-ws16-amd64 10 windows-install fail REGR. vs. 125788
test-amd64-i386-freebsd10-i386 7 xen-boot fail REGR. vs. 125788
test-amd64-i386-xl-qemuu-win10-i386 7 xen-boot fail REGR. vs. 125788
test-amd64-amd64-xl-qemuu-ovmf-amd64 10 debian-hvm-install fail REGR. vs. 125788
test-amd64-amd64-xl-qemuu-debianhvm-amd64 10 debian-hvm-install fail REGR. vs. 125788
test-amd64-amd64-qemuu-nested-amd 10 debian-hvm-install fail REGR. vs. 125788
test-amd64-amd64-xl-multivcpu 12 guest-start fail REGR. vs. 125788
test-amd64-amd64-xl-pvhv2-intel 12 guest-start fail REGR. vs. 125788
test-amd64-amd64-xl-xsm 12 guest-start fail REGR. vs. 125788
test-amd64-i386-libvirt-qemuu-debianhvm-amd64-xsm 7 xen-boot fail REGR. vs. 125788
test-amd64-amd64-xl 12 guest-start fail REGR. vs. 125788
test-amd64-amd64-libvirt-qemuu-debianhvm-amd64-xsm 10 debian-hvm-install fail REGR. vs. 125788
test-amd64-i386-libvirt 7 xen-boot fail REGR. vs. 125788
test-amd64-i386-xl-qemut-stubdom-debianhvm-amd64-xsm 7 xen-boot fail REGR. vs. 125788
test-amd64-i386-xl-qemuu-ovmf-amd64 7 xen-boot fail REGR. vs. 125788
test-amd64-i386-xl-qemut-win10-i386 7 xen-boot fail REGR. vs. 125788
test-amd64-i386-freebsd10-amd64 7 xen-boot fail REGR. vs. 125788
test-amd64-i386-xl-qemuu-dmrestrict-amd64-dmrestrict 7 xen-boot fail REGR. vs. 125788
test-amd64-i386-xl-raw 7 xen-boot fail REGR. vs. 125788
test-amd64-i386-xl 7 xen-boot fail REGR. vs. 125788
test-amd64-i386-xl-xsm 7 xen-boot fail REGR. vs. 125788
test-amd64-i386-xl-qemut-ws16-amd64 7 xen-boot fail REGR. vs. 125788
test-amd64-i386-rumprun-i386 7 xen-boot fail REGR. vs. 125788
test-amd64-i386-xl-shadow 7 xen-boot fail REGR. vs. 125788
test-amd64-amd64-xl-qemut-debianhvm-amd64 10 debian-hvm-install fail REGR. vs. 125788
test-amd64-i386-qemut-rhel6hvm-amd 7 xen-boot fail REGR. vs. 125788
test-amd64-i386-examine 8 reboot fail REGR. vs. 125788
test-amd64-amd64-xl-qemut-stubdom-debianhvm-amd64-xsm 7 xen-boot fail REGR. vs. 125788
test-amd64-amd64-pygrub 7 xen-boot fail REGR. vs. 125788
test-amd64-amd64-pair 10 xen-boot/src_host fail REGR. vs. 125788
test-amd64-amd64-xl-pvshim 7 xen-boot fail REGR. vs. 125788
test-amd64-amd64-pair 11 xen-boot/dst_host fail REGR. vs. 125788
test-amd64-amd64-libvirt-pair 10 xen-boot/src_host fail REGR. vs. 125788
test-amd64-amd64-libvirt 7 xen-boot fail REGR. vs. 125788
test-amd64-amd64-libvirt-pair 11 xen-boot/dst_host fail REGR. vs. 125788
test-amd64-amd64-qemuu-nested-intel 10 debian-hvm-install fail REGR. vs. 125788
test-amd64-i386-qemut-rhel6hvm-intel 7 xen-boot fail REGR. vs. 125788
test-amd64-i386-xl-qemuu-ws16-amd64 7 xen-boot fail REGR. vs. 125788
test-amd64-i386-xl-qemuu-debianhvm-amd64-xsm 7 xen-boot fail REGR. vs. 125788
test-amd64-i386-xl-qemuu-debianhvm-amd64-shadow 7 xen-boot fail REGR. vs. 125788
test-amd64-i386-libvirt-xsm 7 xen-boot fail REGR. vs. 125788
test-amd64-i386-libvirt-pair 10 xen-boot/src_host fail REGR. vs. 125788
test-amd64-i386-libvirt-pair 11 xen-boot/dst_host fail REGR. vs. 125788
test-amd64-amd64-xl-qemuu-win7-amd64 10 windows-install fail REGR. vs. 125788
test-amd64-i386-xl-qemuu-win7-amd64 7 xen-boot fail REGR. vs. 125788
test-amd64-i386-qemuu-rhel6hvm-amd 7 xen-boot fail REGR. vs. 125788
test-amd64-i386-xl-qemut-debianhvm-amd64 7 xen-boot fail REGR. vs. 125788
test-amd64-i386-xl-qemut-debianhvm-amd64-xsm 7 xen-boot fail REGR. vs. 125788
test-amd64-i386-xl-qemut-win7-amd64 7 xen-boot fail REGR. vs. 125788
test-amd64-i386-xl-pvshim 7 xen-boot fail REGR. vs. 125788
test-amd64-amd64-libvirt-vhd 10 debian-di-install fail REGR. vs. 125788
test-amd64-i386-pair 10 xen-boot/src_host fail REGR. vs. 125788
test-amd64-i386-pair 11 xen-boot/dst_host fail REGR. vs. 125788
test-amd64-amd64-xl-pvhv2-amd 12 guest-start fail REGR. vs. 125788
test-amd64-amd64-examine 8 reboot fail REGR. vs. 125788
test-amd64-amd64-libvirt-xsm 12 guest-start fail REGR. vs. 125788
test-amd64-amd64-xl-qemuu-debianhvm-amd64-xsm 10 debian-hvm-install fail REGR. vs. 125788
test-amd64-amd64-xl-credit2 12 guest-start fail REGR. vs. 125788
test-amd64-amd64-xl-qemut-debianhvm-amd64-xsm 10 debian-hvm-install fail REGR. vs. 125788
test-amd64-amd64-i386-pvgrub 10 debian-di-install fail REGR. vs. 125788
test-amd64-amd64-amd64-pvgrub 10 debian-di-install fail REGR. vs. 125788
test-amd64-amd64-xl-qemut-ws16-amd64 10 windows-install fail REGR. vs. 125788
test-amd64-amd64-xl-qemut-win7-amd64 10 windows-install fail REGR. vs. 125788
Regressions which are regarded as allowable (not blocking):
test-amd64-amd64-xl-rtds 12 guest-start fail REGR. vs. 125788
Tests which did not succeed, but are not blocking:
test-arm64-arm64-libvirt-xsm 1 build-check(1) blocked n/a
test-arm64-arm64-examine 1 build-check(1) blocked n/a
test-arm64-arm64-xl 1 build-check(1) blocked n/a
test-arm64-arm64-xl-xsm 1 build-check(1) blocked n/a
test-arm64-arm64-xl-credit2 1 build-check(1) blocked n/a
build-arm64-libvirt 1 build-check(1) blocked n/a
build-arm64 2 hosts-allocate broken like 125788
build-arm64-xsm 2 hosts-allocate broken like 125788
build-arm64-pvops 2 hosts-allocate broken like 125788
build-arm64-pvops 3 capture-logs broken like 125788
build-arm64 3 capture-logs broken like 125788
build-arm64-xsm 3 capture-logs broken like 125788
test-armhf-armhf-libvirt-raw 13 saverestore-support-check fail like 125788
test-armhf-armhf-libvirt 14 saverestore-support-check fail like 125788
test-amd64-amd64-xl-qemuu-dmrestrict-amd64-dmrestrict 10 debian-hvm-install fail never pass
test-amd64-amd64-xl-qemuu-win10-i386 10 windows-install fail never pass
test-armhf-armhf-xl-multivcpu 13 migrate-support-check fail never pass
test-armhf-armhf-xl-multivcpu 14 saverestore-support-check fail never pass
test-armhf-armhf-xl-arndale 13 migrate-support-check fail never pass
test-armhf-armhf-xl-arndale 14 saverestore-support-check fail never pass
test-armhf-armhf-libvirt-raw 12 migrate-support-check fail never pass
test-armhf-armhf-libvirt 13 migrate-support-check fail never pass
test-armhf-armhf-xl 13 migrate-support-check fail never pass
test-armhf-armhf-xl 14 saverestore-support-check fail never pass
test-armhf-armhf-xl-credit2 13 migrate-support-check fail never pass
test-armhf-armhf-xl-credit2 14 saverestore-support-check fail never pass
test-armhf-armhf-xl-cubietruck 13 migrate-support-check fail never pass
test-armhf-armhf-xl-cubietruck 14 saverestore-support-check fail never pass
test-armhf-armhf-xl-rtds 13 migrate-support-check fail never pass
test-armhf-armhf-xl-rtds 14 saverestore-support-check fail never pass
test-armhf-armhf-xl-vhd 12 migrate-support-check fail never pass
test-armhf-armhf-xl-vhd 13 saverestore-support-check fail never pass
test-amd64-amd64-xl-qemut-win10-i386 10 windows-install fail never pass
version targeted for testing:
linux 4110b42356f3f8e237659eb85b0ec1f479044cdf
baseline version:
linux 1236568ee3cbb0d3ac62d0074a29b97ecf34cbbc
Last test of basis (not found)
Failing since (not found)
Testing same since 125840 2018-08-10 09:19:03 Z 1 days 1 attempts
jobs:
build-amd64-xsm pass
build-arm64-xsm broken
build-i386-xsm pass
build-amd64 pass
build-arm64 broken
build-armhf pass
build-i386 pass
build-amd64-libvirt pass
build-arm64-libvirt blocked
build-armhf-libvirt pass
build-i386-libvirt pass
build-amd64-pvops pass
build-arm64-pvops broken
build-armhf-pvops pass
build-i386-pvops pass
build-amd64-rumprun pass
build-i386-rumprun pass
test-amd64-amd64-xl fail
test-arm64-arm64-xl blocked
test-armhf-armhf-xl pass
test-amd64-i386-xl fail
test-amd64-amd64-xl-qemut-debianhvm-amd64-xsm fail
test-amd64-i386-xl-qemut-debianhvm-amd64-xsm fail
test-amd64-amd64-libvirt-qemuu-debianhvm-amd64-xsm fail
test-amd64-i386-libvirt-qemuu-debianhvm-amd64-xsm fail
test-amd64-amd64-xl-qemuu-debianhvm-amd64-xsm fail
test-amd64-i386-xl-qemuu-debianhvm-amd64-xsm fail
test-amd64-amd64-xl-qemut-stubdom-debianhvm-amd64-xsm fail
test-amd64-i386-xl-qemut-stubdom-debianhvm-amd64-xsm fail
test-amd64-amd64-libvirt-xsm fail
test-arm64-arm64-libvirt-xsm blocked
test-amd64-i386-libvirt-xsm fail
test-amd64-amd64-xl-xsm fail
test-arm64-arm64-xl-xsm blocked
test-amd64-i386-xl-xsm fail
test-amd64-amd64-qemuu-nested-amd fail
test-amd64-amd64-xl-pvhv2-amd fail
test-amd64-i386-qemut-rhel6hvm-amd fail
test-amd64-i386-qemuu-rhel6hvm-amd fail
test-amd64-amd64-xl-qemut-debianhvm-amd64 fail
test-amd64-i386-xl-qemut-debianhvm-amd64 fail
test-amd64-amd64-xl-qemuu-debianhvm-amd64 fail
test-amd64-i386-xl-qemuu-debianhvm-amd64 fail
test-amd64-i386-freebsd10-amd64 fail
test-amd64-amd64-xl-qemuu-ovmf-amd64 fail
test-amd64-i386-xl-qemuu-ovmf-amd64 fail
test-amd64-amd64-rumprun-amd64 fail
test-amd64-amd64-xl-qemut-win7-amd64 fail
test-amd64-i386-xl-qemut-win7-amd64 fail
test-amd64-amd64-xl-qemuu-win7-amd64 fail
test-amd64-i386-xl-qemuu-win7-amd64 fail
test-amd64-amd64-xl-qemut-ws16-amd64 fail
test-amd64-i386-xl-qemut-ws16-amd64 fail
test-amd64-amd64-xl-qemuu-ws16-amd64 fail
test-amd64-i386-xl-qemuu-ws16-amd64 fail
test-armhf-armhf-xl-arndale pass
test-amd64-amd64-xl-credit2 fail
test-arm64-arm64-xl-credit2 blocked
test-armhf-armhf-xl-credit2 pass
test-armhf-armhf-xl-cubietruck pass
test-amd64-amd64-xl-qemuu-dmrestrict-amd64-dmrestrict fail
test-amd64-i386-xl-qemuu-dmrestrict-amd64-dmrestrict fail
test-amd64-amd64-examine fail
test-arm64-arm64-examine blocked
test-armhf-armhf-examine pass
test-amd64-i386-examine fail
test-amd64-i386-freebsd10-i386 fail
test-amd64-i386-rumprun-i386 fail
test-amd64-amd64-xl-qemut-win10-i386 fail
test-amd64-i386-xl-qemut-win10-i386 fail
test-amd64-amd64-xl-qemuu-win10-i386 fail
test-amd64-i386-xl-qemuu-win10-i386 fail
test-amd64-amd64-qemuu-nested-intel fail
test-amd64-amd64-xl-pvhv2-intel fail
test-amd64-i386-qemut-rhel6hvm-intel fail
test-amd64-i386-qemuu-rhel6hvm-intel fail
test-amd64-amd64-libvirt fail
test-armhf-armhf-libvirt pass
test-amd64-i386-libvirt fail
test-amd64-amd64-xl-multivcpu fail
test-armhf-armhf-xl-multivcpu pass
test-amd64-amd64-pair fail
test-amd64-i386-pair fail
test-amd64-amd64-libvirt-pair fail
test-amd64-i386-libvirt-pair fail
test-amd64-amd64-amd64-pvgrub fail
test-amd64-amd64-i386-pvgrub fail
test-amd64-amd64-xl-pvshim fail
test-amd64-i386-xl-pvshim fail
test-amd64-amd64-pygrub fail
test-amd64-amd64-xl-qcow2 fail
test-armhf-armhf-libvirt-raw pass
test-amd64-i386-xl-raw fail
test-amd64-amd64-xl-rtds fail
test-armhf-armhf-xl-rtds pass
test-amd64-amd64-xl-qemuu-debianhvm-amd64-shadow fail
test-amd64-i386-xl-qemuu-debianhvm-amd64-shadow fail
test-amd64-amd64-xl-shadow fail
test-amd64-i386-xl-shadow fail
test-amd64-amd64-libvirt-vhd fail
test-armhf-armhf-xl-vhd pass
------------------------------------------------------------
sg-report-flight on osstest.test-lab.xenproject.org
logs: /home/logs/logs
images: /home/logs/images
Logs, config files, etc. are available at
http://logs.test-lab.xenproject.org/osstest/logs
Explanation of these reports, and of osstest in general, is at
http://xenbits.xen.org/gitweb/?p=osstest.git;a=blob;f=README.email;hb=master
http://xenbits.xen.org/gitweb/?p=osstest.git;a=blob;f=README;hb=master
Test harness code can be found at
http://xenbits.xen.org/gitweb?p=osstest.git;a=summary
Push not applicable.
_______________________________________________
Xen-devel mailing list
Xen-devel@lists.xenproject.org
https://lists.xenproject.org/mailman/listinfo/xen-devel
^ permalink raw reply [flat|nested] only message in thread
only message in thread, other threads:[~2018-08-11 21:21 UTC | newest]
Thread overview: (only message) (download: mbox.gz follow: Atom feed
-- links below jump to the message on this page --
2018-08-11 21:21 [linux-next test] 125840: regressions - trouble: blocked/broken/fail/pass osstest service owner
This is a public inbox, see mirroring instructions
for how to clone and mirror all data and code used for this inbox;
as well as URLs for NNTP newsgroup(s).