xen-devel.lists.xenproject.org archive mirror
 help / color / mirror / Atom feed
From: osstest service owner <osstest-admin@xenproject.org>
To: xen-devel@lists.xenproject.org, osstest-admin@xenproject.org
Subject: [xen-unstable-smoke test] 125855: trouble: blocked/broken/pass
Date: Sat, 11 Aug 2018 03:31:24 +0000	[thread overview]
Message-ID: <osstest-125855-mainreport@xen.org> (raw)

flight 125855 xen-unstable-smoke real [real]
http://logs.test-lab.xenproject.org/osstest/logs/125855/

Failures and problems with tests :-(

Tests which did not succeed and are blocking,
including tests which could not be run:
 build-arm64-xsm                 <job status>                 broken

Regressions which are regarded as allowable (not blocking):
 build-arm64-xsm               2 hosts-allocate         broken REGR. vs. 125729

Tests which did not succeed, but are not blocking:
 test-arm64-arm64-xl-xsm       1 build-check(1)               blocked  n/a
 build-arm64-xsm               3 capture-logs          broken blocked in 125729
 test-amd64-amd64-libvirt     13 migrate-support-check        fail   never pass
 test-armhf-armhf-xl          13 migrate-support-check        fail   never pass
 test-armhf-armhf-xl          14 saverestore-support-check    fail   never pass

version targeted for testing:
 xen                  2a3b34ec47817048ab59586855cf0709fc77487e
baseline version:
 xen                  ed5f8d9ca47e69e30221c37ec812f2b38af19d83

Last test of basis   125729  2018-08-01 11:00:39 Z    9 days
Failing since        125741  2018-08-02 10:01:09 Z    8 days   38 attempts
Testing same since   125846  2018-08-10 14:00:58 Z    0 days    5 attempts

------------------------------------------------------------
People who touched revisions under test:
  Alexandru Isaila <aisaila@bitdefender.com>
  Andrew Cooper <andrew.cooper3@citrix.com>
  Doug Goldstein <cardoe@cardoe.com>
  George Dunlap <george.dunlap@citrix.com>
  Jan Beulich <jbeulich@suse.com>
  Julien Grall <julien.grall@arm.com>
  Kevin Tian <kevin.tian@intel.com>
  Marek Marczykowski-Górecki <marmarek@invisiblethingslab.com>
  Paul Durrant <paul.durrant@citrix.com>
  Razvan Cojocaru <rcojocaru@bitdefender.com>
  Roger Pau Monné <roger.pau@citrix.com>
  Stefano Stabellini <sstabellini@kernel.org>
  Wei Liu <wei.liu2@citrix.com>

jobs:
 build-arm64-xsm                                              broken  
 build-amd64                                                  pass    
 build-armhf                                                  pass    
 build-amd64-libvirt                                          pass    
 test-armhf-armhf-xl                                          pass    
 test-arm64-arm64-xl-xsm                                      blocked 
 test-amd64-amd64-xl-qemuu-debianhvm-i386                     pass    
 test-amd64-amd64-libvirt                                     pass    


------------------------------------------------------------
sg-report-flight on osstest.test-lab.xenproject.org
logs: /home/logs/logs
images: /home/logs/images

Logs, config files, etc. are available at
    http://logs.test-lab.xenproject.org/osstest/logs

Explanation of these reports, and of osstest in general, is at
    http://xenbits.xen.org/gitweb/?p=osstest.git;a=blob;f=README.email;hb=master
    http://xenbits.xen.org/gitweb/?p=osstest.git;a=blob;f=README;hb=master

Test harness code can be found at
    http://xenbits.xen.org/gitweb?p=osstest.git;a=summary

broken-job build-arm64-xsm broken
broken-step build-arm64-xsm hosts-allocate
broken-step build-arm64-xsm capture-logs

Not pushing.

(No revision log; it would be 640 lines long.)

_______________________________________________
Xen-devel mailing list
Xen-devel@lists.xenproject.org
https://lists.xenproject.org/mailman/listinfo/xen-devel

                 reply	other threads:[~2018-08-11  3:31 UTC|newest]

Thread overview: [no followups] expand[flat|nested]  mbox.gz  Atom feed

Reply instructions:

You may reply publicly to this message via plain-text email
using any one of the following methods:

* Save the following mbox file, import it into your mail client,
  and reply-to-all from there: mbox

  Avoid top-posting and favor interleaved quoting:
  https://en.wikipedia.org/wiki/Posting_style#Interleaved_style

* Reply using the --to, --cc, and --in-reply-to
  switches of git-send-email(1):

  git send-email \
    --in-reply-to=osstest-125855-mainreport@xen.org \
    --to=osstest-admin@xenproject.org \
    --cc=xen-devel@lists.xenproject.org \
    /path/to/YOUR_REPLY

  https://kernel.org/pub/software/scm/git/docs/git-send-email.html

* If your mail client supports setting the In-Reply-To header
  via mailto: links, try the mailto: link
Be sure your reply has a Subject: header at the top and a blank line before the message body.
This is a public inbox, see mirroring instructions
for how to clone and mirror all data and code used for this inbox;
as well as URLs for NNTP newsgroup(s).