xen-devel.lists.xenproject.org archive mirror
 help / color / mirror / Atom feed
* [linux-linus test] 125872: regressions - trouble: blocked/broken/fail/pass
@ 2018-08-13 21:19 osstest service owner
  0 siblings, 0 replies; only message in thread
From: osstest service owner @ 2018-08-13 21:19 UTC (permalink / raw)
  To: xen-devel, osstest-admin

flight 125872 linux-linus real [real]
http://logs.test-lab.xenproject.org/osstest/logs/125872/

Regressions :-(

Tests which did not succeed and are blocking,
including tests which could not be run:
 build-arm64-pvops               <job status>                 broken
 build-arm64-xsm                 <job status>                 broken
 build-arm64                     <job status>                 broken
 test-armhf-armhf-xl-arndale   6 xen-install              fail REGR. vs. 125702
 build-i386-pvops              6 kernel-build             fail REGR. vs. 125702

Regressions which are regarded as allowable (not blocking):
 build-arm64-xsm               2 hosts-allocate         broken REGR. vs. 125702
 build-arm64-pvops             2 hosts-allocate         broken REGR. vs. 125702
 build-arm64                   2 hosts-allocate         broken REGR. vs. 125702

Tests which did not succeed, but are not blocking:
 test-amd64-i386-xl-qemuu-debianhvm-amd64-xsm  1 build-check(1)     blocked n/a
 test-amd64-i386-xl-qemuu-ovmf-amd64  1 build-check(1)              blocked n/a
 test-amd64-i386-xl-qemut-debianhvm-amd64  1 build-check(1)         blocked n/a
 test-amd64-i386-xl-pvshim     1 build-check(1)               blocked  n/a
 test-amd64-i386-examine       1 build-check(1)               blocked  n/a
 test-amd64-i386-libvirt-xsm   1 build-check(1)               blocked  n/a
 test-amd64-i386-xl-qemuu-win10-i386  1 build-check(1)              blocked n/a
 test-arm64-arm64-xl-xsm       1 build-check(1)               blocked  n/a
 test-amd64-i386-xl-qemuu-debianhvm-amd64  1 build-check(1)         blocked n/a
 test-amd64-i386-qemuu-rhel6hvm-intel  1 build-check(1)             blocked n/a
 build-arm64-libvirt           1 build-check(1)               blocked  n/a
 test-amd64-i386-xl            1 build-check(1)               blocked  n/a
 test-arm64-arm64-xl-credit2   1 build-check(1)               blocked  n/a
 test-amd64-i386-qemut-rhel6hvm-intel  1 build-check(1)             blocked n/a
 test-amd64-i386-libvirt-qemuu-debianhvm-amd64-xsm 1 build-check(1) blocked n/a
 test-amd64-i386-xl-xsm        1 build-check(1)               blocked  n/a
 test-amd64-i386-xl-qemut-win7-amd64  1 build-check(1)              blocked n/a
 test-amd64-i386-freebsd10-amd64  1 build-check(1)               blocked  n/a
 test-amd64-i386-rumprun-i386  1 build-check(1)               blocked  n/a
 test-amd64-i386-libvirt-pair  1 build-check(1)               blocked  n/a
 test-amd64-i386-libvirt       1 build-check(1)               blocked  n/a
 test-amd64-i386-xl-qemut-win10-i386  1 build-check(1)              blocked n/a
 test-amd64-i386-xl-qemuu-dmrestrict-amd64-dmrestrict 1 build-check(1) blocked n/a
 test-arm64-arm64-xl           1 build-check(1)               blocked  n/a
 test-amd64-i386-freebsd10-i386  1 build-check(1)               blocked  n/a
 test-amd64-i386-xl-qemuu-win7-amd64  1 build-check(1)              blocked n/a
 test-amd64-i386-xl-raw        1 build-check(1)               blocked  n/a
 test-amd64-i386-xl-qemuu-debianhvm-amd64-shadow  1 build-check(1)  blocked n/a
 test-amd64-i386-xl-qemut-ws16-amd64  1 build-check(1)              blocked n/a
 test-amd64-i386-xl-qemuu-ws16-amd64  1 build-check(1)              blocked n/a
 test-amd64-i386-xl-shadow     1 build-check(1)               blocked  n/a
 test-arm64-arm64-libvirt-xsm  1 build-check(1)               blocked  n/a
 test-amd64-i386-xl-qemut-stubdom-debianhvm-amd64-xsm 1 build-check(1) blocked n/a
 test-amd64-i386-qemuu-rhel6hvm-amd  1 build-check(1)               blocked n/a
 test-amd64-i386-qemut-rhel6hvm-amd  1 build-check(1)               blocked n/a
 test-arm64-arm64-examine      1 build-check(1)               blocked  n/a
 test-amd64-i386-xl-qemut-debianhvm-amd64-xsm  1 build-check(1)     blocked n/a
 test-amd64-i386-pair          1 build-check(1)               blocked  n/a
 build-arm64                   3 capture-logs          broken blocked in 125702
 build-arm64-pvops             3 capture-logs          broken blocked in 125702
 build-arm64-xsm               3 capture-logs          broken blocked in 125702
 test-amd64-amd64-xl-qemut-win7-amd64 17 guest-stop            fail like 125702
 test-armhf-armhf-libvirt     14 saverestore-support-check    fail  like 125702
 test-amd64-amd64-xl-qemuu-win7-amd64 17 guest-stop            fail like 125702
 test-armhf-armhf-libvirt-raw 13 saverestore-support-check    fail  like 125702
 test-amd64-amd64-xl-qemut-ws16-amd64 17 guest-stop            fail like 125702
 test-amd64-amd64-xl-qemuu-ws16-amd64 17 guest-stop            fail like 125702
 test-amd64-amd64-xl-qemuu-dmrestrict-amd64-dmrestrict 10 debian-hvm-install fail never pass
 test-amd64-amd64-libvirt     13 migrate-support-check        fail   never pass
 test-amd64-amd64-libvirt-xsm 13 migrate-support-check        fail   never pass
 test-amd64-amd64-libvirt-qemuu-debianhvm-amd64-xsm 11 migrate-support-check fail never pass
 test-amd64-amd64-qemuu-nested-amd 17 debian-hvm-install/l1/l2  fail never pass
 test-amd64-amd64-libvirt-vhd 12 migrate-support-check        fail   never pass
 test-armhf-armhf-xl-credit2  13 migrate-support-check        fail   never pass
 test-armhf-armhf-xl-credit2  14 saverestore-support-check    fail   never pass
 test-armhf-armhf-libvirt     13 migrate-support-check        fail   never pass
 test-armhf-armhf-xl          13 migrate-support-check        fail   never pass
 test-armhf-armhf-xl          14 saverestore-support-check    fail   never pass
 test-armhf-armhf-xl-cubietruck 13 migrate-support-check        fail never pass
 test-armhf-armhf-xl-cubietruck 14 saverestore-support-check    fail never pass
 test-armhf-armhf-libvirt-raw 12 migrate-support-check        fail   never pass
 test-armhf-armhf-xl-vhd      12 migrate-support-check        fail   never pass
 test-armhf-armhf-xl-vhd      13 saverestore-support-check    fail   never pass
 test-armhf-armhf-xl-multivcpu 13 migrate-support-check        fail  never pass
 test-armhf-armhf-xl-multivcpu 14 saverestore-support-check    fail  never pass
 test-amd64-amd64-xl-qemut-win10-i386 10 windows-install        fail never pass
 test-amd64-amd64-xl-qemuu-win10-i386 10 windows-install        fail never pass
 test-armhf-armhf-xl-rtds     13 migrate-support-check        fail   never pass
 test-armhf-armhf-xl-rtds     14 saverestore-support-check    fail   never pass

version targeted for testing:
 linux                ec0c96714e7ddeda4eccaa077f5646a0fd6e371f
baseline version:
 linux                527838d470e3a6e79e8ee9d5ddf28920df2a196e

Last test of basis   125702  2018-07-31 14:25:44 Z   13 days
Failing since        125735  2018-08-01 18:37:38 Z   12 days    7 attempts
Testing same since   125872  2018-08-12 07:16:37 Z    1 days    1 attempts

------------------------------------------------------------
People who touched revisions under test:
  Adi Nissim <adin@mellanox.com>
  Al Viro <viro@zeniv.linux.org.uk>
  Alaa Hleihel <alaa@mellanox.com>
  Alexei Starovoitov <ast@kernel.org>
  Alexey Kodanev <alexey.kodanev@oracle.com>
  Andrew Lunn <andrew@lunn.ch>
  Andrew Morton <akpm@linux-foundation.org>
  Andrey Ryabinin <aryabinin@virtuozzo.com>
  Anil Gurumurthy <anil.gurumurthy@cavium.com>
  Anna-Maria Gleixner <anna-maria@linutronix.de>
  Anton Vasilyev <vasilyev@ispras.ru>
  Ard Biesheuvel <ard.biesheuvel@linaro.org>
  Arend van Spriel <arend.vanspriel@broadcom.com>
  Arjun Vynipadath <arjun@chelsio.com>
  Arnaldo Carvalho de Melo <acme@redhat.com>
  Artem Bityutskiy <artem.bityutskiy@linux.intel.com>
  Avinash Repaka <avinash.repaka@oracle.com>
  Benjamin Tissoires <benjamin.tissoires@redhat.com>
  Bjorn Helgaas <bhelgaas@google.com>
  Björn Töpel <bjorn.topel@intel.com>
  Boris Brezillon <boris.brezillon@bootlin.com>
  Calvin Walton <calvin.walton@kepstin.ca>
  chen jie <chenjie6@huawei.com>
  Colin Ian King <colin.king@canonical.com>
  Cong Wang <xiyou.wangcong@gmail.com>
  Dan Carpenter <dan.carpenter@oracle.com>
  Daniel Borkmann <daniel@iogearbox.net>
  dann frazier <dann.frazier@canonical.com>
  Darrick J. Wong <darrick.wong@oracle.com>
  Dave Airlie <airlied@redhat.com>
  David Howells <dhowells@redhat.com>
  David S. Miller <davem@davemloft.net>
  Davidlohr Bueso <dave@stgolabs.net>
  Dmitry Bogdanov <dmitry.bogdanov@aquantia.com>
  Dmitry Safonov <dima@arista.com>
  Douglas Gilbert <dgilbert@interlog.com>
  Eli Cohen <eli@mellanox.com>
  Emmanuel Grumbach <emmanuel.grumbach@intel.com>
  Eric Dumazet <edumazet@google.com>
  Eric Sandeen <sandeen@redhat.com>
  Erik Schmauss <erik.schmauss@intel.com>
  Eugeniy Paltsev <Eugeniy.Paltsev@synopsys.com>
  Eyal Birger <eyal.birger@gmail.com>
  Feras Daoud <ferasda@mellanox.com>
  Florian Fainelli <f.fainelli@gmail.com>
  Florian Westphal <fw@strlen.de>
  Frederic Barrat <fbarrat@linux.ibm.com>
  Frederic Weisbecker <frederic@kernel.org>
  Gal Pressman <pressmangal@gmail.com>
  Ganesh Goudar <ganeshgr@chelsio.com>
  George Cherian <george.cherian@cavium.com>
  Govindarajulu Varadarajan <gvaradar@cisco.com>
  Guenter Roeck <linux@roeck-us.net>
  Guillaume Nault <g.nault@alphalink.fr>
  Hans de Goede <hdegoede@redhat.com>
  Hari Vyas <hari.vyas@broadcom.com>
  Helge Deller <deller@gmx.de>
  Herbert Xu <herbert@gondor.apana.org.au>
  Himanshu Madhani <himanshu.madhani@cavium.com>
  Huang Chong <huang.chong@zte.com.cn>
  Hugh Dickins <hughd@google.com>
  Huy Nguyen <huyn@mellanox.com>
  Ido Schimmel <idosch@mellanox.com>
  Ingo Molnar <mingo@kernel.org>
  Ioana Ciornei <ioana.ciornei@nxp.com>
  Ivan Khoronzhuk <ivan.khoronzhuk@linaro.org>
  Jack Morgenstein <jackm@dev.mellanox.co.il>
  Jakub Kicinski <jakub.kicinski@netronome.com>
  Jane Chu <jane.chu@oracle.com>
  Jason Gunthorpe <jgg@mellanox.com>
  Jason Wang <jasowang@redhat.com>
  Jean-Tsung Hsiao <jhsiao@redhat.com>
  Jens Axboe <axboe@kernel.dk>
  Jeremy Cline <jcline@redhat.com>
  Jerome Brunet <jbrunet@baylibre.com>
  Jesper Dangaard Brouer <brouer@redhat.com>
  Jiang Biao <jiang.biao2@zte.com.cn>
  jie@chenjie6@huwei.com <jie@chenjie6@huwei.com>
  Johannes Weiner <hannes@cmpxchg.org>
  John David Anglin <dave.anglin@bell.net>
  John Fastabend <john.fastabend@gmail.com>
  John Hurley <john.hurley@netronome.com>
  John Stultz <john.stultz@linaro.org>
  Jon Maloy <maloy@donjonn.com>
  Jose Abreu <joabreu@synopsys.com>
  Jose Abreu <Jose.Abreu@synopsys.com>
  Juergen Gross <jgross@suse.com>
  Justin Pettit <jpettit@ovn.org>
  Kalle Valo <kvalo@codeaurora.org>
  Kan Liang <kan.liang@linux.intel.com>
  Kees Cook <keescook@chromium.org>
  Kieran Bingham <kbingham@kernel.org>
  Kirill A. Shutemov <kirill.shutemov@linux.intel.com>
  Kirill Tkhai <ktkhai@virtuozzo.com>
  Kurt Kanzenbach <kurt.kanzenbach@linutronix.de>
  Laurent Pinchart <laurent.pinchart+renesas@ideasonboard.com>
  Lawrence Brakmo <brakmo@fb.com>
  Len Brown <len.brown@intel.com>
  Leon Romanovsky <leonro@mellanox.com>
  Linus Torvalds <torvalds@linux-foundation.org>
  Linus Walleij <linus.walleij@linaro.org>
  Lorenzo Bianconi <lorenzo.bianconi@redhat.com>
  Lorenzo Pieralisi <lorenzo.pieralisi@arm.com>
  Maninder Singh <maninder1.s@samsung.com>
  Marc Kleine-Budde <mkl@pengutronix.de>
  Martin K. Petersen <martin.petersen@oracle.com>
  Martin KaFai Lau <kafai@fb.com>
  Masayoshi Mizuma <m.mizuma@jp.fujitsu.com>
  Mathieu Xhonneux <m.xhonneux@gmail.com>
  Mauro Carvalho Chehab <mchehab+samsung@kernel.org>
  Mel Gorman <mgorman@techsingularity.net>
  Michael Ellerman <mpe@ellerman.id.au>
  Michael S. Tsirkin <mst@redhat.com>
  Michal Hocko <mhocko@suse.com>
  Mika Westerberg <mika.westerberg@linux.intel.com>
  Mike Rapoport <rppt@linux.vnet.ibm.com>
  Mike Snitzer <snitzer@redhat.com>
  Milan Broz <gmazyland@gmail.com>
  Minchan Kim <minchan@kernel.org>
  Ming Lei <ming.lei@redhat.com>
  Neal Cardwell <ncardwell@google.com>
  Nicholas Mc Guire <hofrat@osadl.org>
  Nir Dotan <nird@mellanox.com>
  Ofer Levi <oferle@mellanox.com>
  Oleksandr Natalenko <oleksandr@natalenko.name>
  Ondrej Mosnacek <omosnace@redhat.com>
  Or Gerlitz <ogerlitz@mellanox.com>
  Paolo Bonzini <pbonzini@redhat.com>
  Paul Moore <paul@paul-moore.com>
  Peter Shier <pshier@google.com>
  Phillip Lougher <phillip.lougher@gmail.com>
  Phillip Lougher <phillip@squashfs.org.uk>
  Prarit Bhargava <prarit@redhat.com>
  Priyaranjan Jha <priyarjha@google.com>
  Qi Zhang <qi.z.zhang@intel.com>
  Quinn Tran <quinn.tran@cavium.com>
  Rafael J. Wysocki <rafael.j.wysocki@intel.com>
  Rafał Miłecki <rafal@milecki.pl>
  Rahul Lakkireddy <rahul.lakkireddy@chelsio.com>
  Randy Dunlap <rdunlap@infradead.org>
  Rob Clark <robdclark@gmail.com>
  Roman Kagan <rkagan@virtuozzo.com>
  Russell King <rmk+kernel@armlinux.org.uk>
  Sabrina Dubroca <sd@queasysnail.net>
  Saeed Mahameed <saeedm@mellanox.com>
  Sam Ravnborg <sam@ravnborg.org>
  Santosh Shilimkar <santosh.shilimkar@oracle.com>
  Sean Christopherson <sean.j.christopherson@intel.com>
  Sean Paul <seanpaul@chromium.org>
  Sean Young <sean@mess.org>
  Soheil Hassas Yeganeh <soheil@google.com>
  Srinivas Pandruvada <srinivas.pandruvada@linux.intel.com>
  Stefan Wahren <stefan.wahren@i2se.com>
  Steffen Klassert <steffen.klassert@secunet.com>
  Steven Rostedt (VMware) <rostedt@goodmis.org>
  Taehee Yoo <ap420073@gmail.com>
  tangpengpeng <tangpengpeng@higon.com>
  Tariq Toukan <tariqt@mellanox.com>
  Thomas Gleixner <tglx@linutronix.de>
  Thomas Petazzoni <thomas.petazzoni@bootlin.com>
  Thomas Richter <tmricht@linux.ibm.com>
  Tino Lehnig <tino.lehnig@contabo.de>
  Tom Lendacky <thomas.lendacky@amd.com>
  Tommi Rantala <tommi.t.rantala@nokia.com>
  Tony Battersby <tonyb@cybernetics.com>
  Toshiaki Makita <makita.toshiaki@lab.ntt.co.jp>
  Trond Myklebust <trond.myklebust@hammerspace.com>
  Ulf Hansson <ulf.hansson@linaro.org>
  Ursula Braun <ubraun@linux.ibm.com>
  Vaibhav Jain <vaibhav@linux.ibm.com>
  Vaneet Narang <v.narang@samsung.com>
  Varun Prakash <varun@chelsio.com>
  Vincent Whitchurch <vincent.whitchurch@axis.com>
  Vineet Gupta <vgupta@synopsys.com>
  Vladimir Davydov <vdavydov.dev@gmail.com>
  Wang YanQing <udknight@gmail.com>
  Wei Yongjun <weiyongjun1@huawei.com>
  Will Deacon <will.deacon@arm.com>
  Willem de Bruijn <willemb@google.com>
  Willy Tarreau <w@1wt.eu>
  Wolfram Sang <wsa@the-dreams.de>
  Xiao Liang <xiliang@redhat.com>
  Xin Long <lucien.xin@gmail.com>
  Yi Wang <wang.yi59@zte.com.cn>
  Ying Xue <ying.xue@windriver.com>
  Yonghong Song <yhs@fb.com>
  Yuchung Cheng <ycheng@google.com>
  YueHaibing <yuehaibing@huawei.com>
  Zhen Lei <thunder.leizhen@huawei.com>

jobs:
 build-amd64-xsm                                              pass    
 build-arm64-xsm                                              broken  
 build-i386-xsm                                               pass    
 build-amd64                                                  pass    
 build-arm64                                                  broken  
 build-armhf                                                  pass    
 build-i386                                                   pass    
 build-amd64-libvirt                                          pass    
 build-arm64-libvirt                                          blocked 
 build-armhf-libvirt                                          pass    
 build-i386-libvirt                                           pass    
 build-amd64-pvops                                            pass    
 build-arm64-pvops                                            broken  
 build-armhf-pvops                                            pass    
 build-i386-pvops                                             fail    
 build-amd64-rumprun                                          pass    
 build-i386-rumprun                                           pass    
 test-amd64-amd64-xl                                          pass    
 test-arm64-arm64-xl                                          blocked 
 test-armhf-armhf-xl                                          pass    
 test-amd64-i386-xl                                           blocked 
 test-amd64-amd64-xl-qemut-debianhvm-amd64-xsm                pass    
 test-amd64-i386-xl-qemut-debianhvm-amd64-xsm                 blocked 
 test-amd64-amd64-libvirt-qemuu-debianhvm-amd64-xsm           pass    
 test-amd64-i386-libvirt-qemuu-debianhvm-amd64-xsm            blocked 
 test-amd64-amd64-xl-qemuu-debianhvm-amd64-xsm                pass    
 test-amd64-i386-xl-qemuu-debianhvm-amd64-xsm                 blocked 
 test-amd64-amd64-xl-qemut-stubdom-debianhvm-amd64-xsm        pass    
 test-amd64-i386-xl-qemut-stubdom-debianhvm-amd64-xsm         blocked 
 test-amd64-amd64-libvirt-xsm                                 pass    
 test-arm64-arm64-libvirt-xsm                                 blocked 
 test-amd64-i386-libvirt-xsm                                  blocked 
 test-amd64-amd64-xl-xsm                                      pass    
 test-arm64-arm64-xl-xsm                                      blocked 
 test-amd64-i386-xl-xsm                                       blocked 
 test-amd64-amd64-qemuu-nested-amd                            fail    
 test-amd64-amd64-xl-pvhv2-amd                                pass    
 test-amd64-i386-qemut-rhel6hvm-amd                           blocked 
 test-amd64-i386-qemuu-rhel6hvm-amd                           blocked 
 test-amd64-amd64-xl-qemut-debianhvm-amd64                    pass    
 test-amd64-i386-xl-qemut-debianhvm-amd64                     blocked 
 test-amd64-amd64-xl-qemuu-debianhvm-amd64                    pass    
 test-amd64-i386-xl-qemuu-debianhvm-amd64                     blocked 
 test-amd64-i386-freebsd10-amd64                              blocked 
 test-amd64-amd64-xl-qemuu-ovmf-amd64                         pass    
 test-amd64-i386-xl-qemuu-ovmf-amd64                          blocked 
 test-amd64-amd64-rumprun-amd64                               pass    
 test-amd64-amd64-xl-qemut-win7-amd64                         fail    
 test-amd64-i386-xl-qemut-win7-amd64                          blocked 
 test-amd64-amd64-xl-qemuu-win7-amd64                         fail    
 test-amd64-i386-xl-qemuu-win7-amd64                          blocked 
 test-amd64-amd64-xl-qemut-ws16-amd64                         fail    
 test-amd64-i386-xl-qemut-ws16-amd64                          blocked 
 test-amd64-amd64-xl-qemuu-ws16-amd64                         fail    
 test-amd64-i386-xl-qemuu-ws16-amd64                          blocked 
 test-armhf-armhf-xl-arndale                                  fail    
 test-amd64-amd64-xl-credit2                                  pass    
 test-arm64-arm64-xl-credit2                                  blocked 
 test-armhf-armhf-xl-credit2                                  pass    
 test-armhf-armhf-xl-cubietruck                               pass    
 test-amd64-amd64-xl-qemuu-dmrestrict-amd64-dmrestrict        fail    
 test-amd64-i386-xl-qemuu-dmrestrict-amd64-dmrestrict         blocked 
 test-amd64-amd64-examine                                     pass    
 test-arm64-arm64-examine                                     blocked 
 test-armhf-armhf-examine                                     pass    
 test-amd64-i386-examine                                      blocked 
 test-amd64-i386-freebsd10-i386                               blocked 
 test-amd64-i386-rumprun-i386                                 blocked 
 test-amd64-amd64-xl-qemut-win10-i386                         fail    
 test-amd64-i386-xl-qemut-win10-i386                          blocked 
 test-amd64-amd64-xl-qemuu-win10-i386                         fail    
 test-amd64-i386-xl-qemuu-win10-i386                          blocked 
 test-amd64-amd64-qemuu-nested-intel                          pass    
 test-amd64-amd64-xl-pvhv2-intel                              pass    
 test-amd64-i386-qemut-rhel6hvm-intel                         blocked 
 test-amd64-i386-qemuu-rhel6hvm-intel                         blocked 
 test-amd64-amd64-libvirt                                     pass    
 test-armhf-armhf-libvirt                                     pass    
 test-amd64-i386-libvirt                                      blocked 
 test-amd64-amd64-xl-multivcpu                                pass    
 test-armhf-armhf-xl-multivcpu                                pass    
 test-amd64-amd64-pair                                        pass    
 test-amd64-i386-pair                                         blocked 
 test-amd64-amd64-libvirt-pair                                pass    
 test-amd64-i386-libvirt-pair                                 blocked 
 test-amd64-amd64-amd64-pvgrub                                pass    
 test-amd64-amd64-i386-pvgrub                                 pass    
 test-amd64-amd64-xl-pvshim                                   pass    
 test-amd64-i386-xl-pvshim                                    blocked 
 test-amd64-amd64-pygrub                                      pass    
 test-amd64-amd64-xl-qcow2                                    pass    
 test-armhf-armhf-libvirt-raw                                 pass    
 test-amd64-i386-xl-raw                                       blocked 
 test-amd64-amd64-xl-rtds                                     pass    
 test-armhf-armhf-xl-rtds                                     pass    
 test-amd64-amd64-xl-qemuu-debianhvm-amd64-shadow             pass    
 test-amd64-i386-xl-qemuu-debianhvm-amd64-shadow              blocked 
 test-amd64-amd64-xl-shadow                                   pass    
 test-amd64-i386-xl-shadow                                    blocked 
 test-amd64-amd64-libvirt-vhd                                 pass    
 test-armhf-armhf-xl-vhd                                      pass    


------------------------------------------------------------
sg-report-flight on osstest.test-lab.xenproject.org
logs: /home/logs/logs
images: /home/logs/images

Logs, config files, etc. are available at
    http://logs.test-lab.xenproject.org/osstest/logs

Explanation of these reports, and of osstest in general, is at
    http://xenbits.xen.org/gitweb/?p=osstest.git;a=blob;f=README.email;hb=master
    http://xenbits.xen.org/gitweb/?p=osstest.git;a=blob;f=README;hb=master

Test harness code can be found at
    http://xenbits.xen.org/gitweb?p=osstest.git;a=summary

broken-job build-arm64-pvops broken
broken-job build-arm64-xsm broken
broken-job build-arm64 broken
broken-step build-arm64-xsm hosts-allocate
broken-step build-arm64-pvops hosts-allocate
broken-step build-arm64 hosts-allocate
broken-step build-arm64 capture-logs
broken-step build-arm64-pvops capture-logs
broken-step build-arm64-xsm capture-logs

Not pushing.

(No revision log; it would be 5998 lines long.)

_______________________________________________
Xen-devel mailing list
Xen-devel@lists.xenproject.org
https://lists.xenproject.org/mailman/listinfo/xen-devel

^ permalink raw reply	[flat|nested] only message in thread

only message in thread, other threads:[~2018-08-13 21:19 UTC | newest]

Thread overview: (only message) (download: mbox.gz follow: Atom feed
-- links below jump to the message on this page --
2018-08-13 21:19 [linux-linus test] 125872: regressions - trouble: blocked/broken/fail/pass osstest service owner

This is a public inbox, see mirroring instructions
for how to clone and mirror all data and code used for this inbox;
as well as URLs for NNTP newsgroup(s).