* [xen-unstable-smoke test] 125918: tolerable all pass - PUSHED
@ 2018-08-15 12:27 osstest service owner
0 siblings, 0 replies; only message in thread
From: osstest service owner @ 2018-08-15 12:27 UTC (permalink / raw)
To: xen-devel, osstest-admin
flight 125918 xen-unstable-smoke real [real]
http://logs.test-lab.xenproject.org/osstest/logs/125918/
Failures :-/ but no regressions.
Tests which did not succeed, but are not blocking:
test-amd64-amd64-libvirt 13 migrate-support-check fail never pass
test-armhf-armhf-xl 13 migrate-support-check fail never pass
test-armhf-armhf-xl 14 saverestore-support-check fail never pass
version targeted for testing:
xen 80cdb33cb7a96c3355b35ec620f1798fe3be1048
baseline version:
xen aa67b97ed34279c43a43d9ca46727b5746caa92e
Last test of basis 125910 2018-08-14 18:00:30 Z 0 days
Testing same since 125918 2018-08-15 10:00:26 Z 0 days 1 attempts
------------------------------------------------------------
People who touched revisions under test:
Julien Grall <julien.grall@arm.com>
Roger Pau Monne <roger.pau@citrix.com>
Roger Pau Monné <roger.pau@citrix.com>
Simon Rowe <simon.rowe@eu.citrix.com>
Stefano Stabellini <sstabellini@kernel.org>
Stefano Stabellini <stefanos@xilinx.com>
Wei Liu <wei.liu2@citrix.com>
jobs:
build-amd64 pass
build-armhf pass
build-amd64-libvirt pass
test-armhf-armhf-xl pass
test-amd64-amd64-xl-qemuu-debianhvm-i386 pass
test-amd64-amd64-libvirt pass
------------------------------------------------------------
sg-report-flight on osstest.test-lab.xenproject.org
logs: /home/logs/logs
images: /home/logs/images
Logs, config files, etc. are available at
http://logs.test-lab.xenproject.org/osstest/logs
Explanation of these reports, and of osstest in general, is at
http://xenbits.xen.org/gitweb/?p=osstest.git;a=blob;f=README.email;hb=master
http://xenbits.xen.org/gitweb/?p=osstest.git;a=blob;f=README;hb=master
Test harness code can be found at
http://xenbits.xen.org/gitweb?p=osstest.git;a=summary
Pushing revision :
To xenbits.xen.org:/home/xen/git/xen.git
aa67b97ed3..80cdb33cb7 80cdb33cb7a96c3355b35ec620f1798fe3be1048 -> smoke
_______________________________________________
Xen-devel mailing list
Xen-devel@lists.xenproject.org
https://lists.xenproject.org/mailman/listinfo/xen-devel
^ permalink raw reply [flat|nested] only message in thread
only message in thread, other threads:[~2018-08-15 12:27 UTC | newest]
Thread overview: (only message) (download: mbox.gz follow: Atom feed
-- links below jump to the message on this page --
2018-08-15 12:27 [xen-unstable-smoke test] 125918: tolerable all pass - PUSHED osstest service owner
This is a public inbox, see mirroring instructions
for how to clone and mirror all data and code used for this inbox;
as well as URLs for NNTP newsgroup(s).