xen-devel.lists.xenproject.org archive mirror
 help / color / mirror / Atom feed
* [linux-3.0 test] 12592: tolerable trouble: broken/fail/pass
@ 2012-04-06 23:01 xen.org
  0 siblings, 0 replies; only message in thread
From: xen.org @ 2012-04-06 23:01 UTC (permalink / raw)
  To: xen-devel; +Cc: ian.jackson

"Old" tested version had not actually been tested; therefore in this
flight we test it, rather than a new candidate.  The baseline, if
any, is the most recent actually tested revision.

flight 12592 linux-3.0 real [real]
http://www.chiark.greenend.org.uk/~xensrcts/logs/12592/

Failures :-/ but no regressions.

Tests which did not succeed,
including tests which could not be run:
 test-i386-i386-xl            14 guest-localmigrate/x10       fail   never pass
 test-amd64-amd64-pv          10 guest-saverestore            fail   never pass
 test-amd64-amd64-xl-pcipt-intel  8 debian-fixup                fail never pass
 test-amd64-i386-xl-credit2   10 guest-saverestore            fail   never pass
 test-i386-i386-pv            10 guest-saverestore            fail   never pass
 test-i386-i386-pair         17 guest-migrate/src_host/dst_host fail never pass
 test-amd64-i386-pair        17 guest-migrate/src_host/dst_host fail never pass
 test-amd64-amd64-xl-sedf     10 guest-saverestore            fail   never pass
 test-amd64-amd64-xl-win7-amd64  3 host-install(3)            broken never pass
 test-amd64-amd64-xl-qemuu-win7-amd64  3 host-install(3)      broken never pass
 test-amd64-i386-rhel6hvm-intel  3 host-install(3)            broken never pass
 test-amd64-i386-xl            3 host-install(3)              broken never pass
 test-amd64-i386-xl-multivcpu  3 host-install(3)              broken never pass
 test-amd64-i386-pv            3 host-install(3)              broken never pass
 test-i386-i386-win            3 host-install(3)              broken never pass
 test-amd64-i386-xend-winxpsp3  3 host-install(3)             broken never pass
 test-amd64-i386-win-vcpus1    3 host-install(3)              broken never pass
 test-amd64-amd64-pair       17 guest-migrate/src_host/dst_host fail never pass
 test-amd64-amd64-xl           5 xen-boot                     fail   never pass
 test-amd64-amd64-xl-sedf-pin  5 xen-boot                     fail   never pass
 test-amd64-i386-qemuu-rhel6hvm-amd  7 redhat-install           fail never pass
 test-amd64-i386-qemuu-rhel6hvm-intel  7 redhat-install         fail never pass
 test-amd64-amd64-xl-winxpsp3 13 guest-stop                   fail   never pass
 test-amd64-i386-xl-win-vcpus1 13 guest-stop                   fail  never pass
 test-amd64-i386-xl-winxpsp3-vcpus1 13 guest-stop               fail never pass
 test-amd64-i386-xl-win7-amd64 13 guest-stop                   fail  never pass
 test-amd64-i386-win          16 leak-check/check             fail   never pass
 test-i386-i386-xl-win        13 guest-stop                   fail   never pass
 test-i386-i386-xl-winxpsp3   13 guest-stop                   fail   never pass
 test-i386-i386-xl-qemuu-winxpsp3  7 windows-install            fail never pass
 test-amd64-amd64-xl-qemuu-winxpsp3  7 windows-install          fail never pass
 test-amd64-amd64-win         16 leak-check/check             fail   never pass
 test-amd64-amd64-xl-win      13 guest-stop                   fail   never pass

version targeted for testing:
 linux                02f8c6aee8df3cdc935e9bdd4f2d020306035dbe

jobs:
 build-amd64                                                  pass    
 build-i386                                                   pass    
 build-amd64-pvops                                            pass    
 build-i386-pvops                                             pass    
 test-amd64-amd64-xl                                          fail    
 test-amd64-i386-xl                                           broken  
 test-i386-i386-xl                                            fail    
 test-amd64-i386-rhel6hvm-amd                                 pass    
 test-amd64-i386-qemuu-rhel6hvm-amd                           fail    
 test-amd64-amd64-xl-qemuu-win7-amd64                         broken  
 test-amd64-amd64-xl-win7-amd64                               broken  
 test-amd64-i386-xl-win7-amd64                                fail    
 test-amd64-i386-xl-credit2                                   fail    
 test-amd64-amd64-xl-pcipt-intel                              fail    
 test-amd64-i386-rhel6hvm-intel                               broken  
 test-amd64-i386-qemuu-rhel6hvm-intel                         fail    
 test-amd64-i386-xl-multivcpu                                 broken  
 test-amd64-amd64-pair                                        fail    
 test-amd64-i386-pair                                         fail    
 test-i386-i386-pair                                          fail    
 test-amd64-amd64-xl-sedf-pin                                 fail    
 test-amd64-amd64-pv                                          fail    
 test-amd64-i386-pv                                           broken  
 test-i386-i386-pv                                            fail    
 test-amd64-amd64-xl-sedf                                     fail    
 test-amd64-i386-win-vcpus1                                   broken  
 test-amd64-i386-xl-win-vcpus1                                fail    
 test-amd64-i386-xl-winxpsp3-vcpus1                           fail    
 test-amd64-amd64-win                                         fail    
 test-amd64-i386-win                                          fail    
 test-i386-i386-win                                           broken  
 test-amd64-amd64-xl-win                                      fail    
 test-i386-i386-xl-win                                        fail    
 test-amd64-amd64-xl-qemuu-winxpsp3                           fail    
 test-i386-i386-xl-qemuu-winxpsp3                             fail    
 test-amd64-i386-xend-winxpsp3                                broken  
 test-amd64-amd64-xl-winxpsp3                                 fail    
 test-i386-i386-xl-winxpsp3                                   fail    


------------------------------------------------------------
sg-report-flight on woking.cam.xci-test.com
logs: /home/xc_osstest/logs
images: /home/xc_osstest/images

Logs, config files, etc. are available at
    http://www.chiark.greenend.org.uk/~xensrcts/logs

Test harness code can be found at
    http://xenbits.xensource.com/gitweb?p=osstest.git;a=summary


Published tested tree is already up to date.

^ permalink raw reply	[flat|nested] only message in thread

only message in thread, other threads:[~2012-04-06 23:01 UTC | newest]

Thread overview: (only message) (download: mbox.gz follow: Atom feed
-- links below jump to the message on this page --
2012-04-06 23:01 [linux-3.0 test] 12592: tolerable trouble: broken/fail/pass xen.org

This is a public inbox, see mirroring instructions
for how to clone and mirror all data and code used for this inbox;
as well as URLs for NNTP newsgroup(s).