* [qemu-mainline test] 125959: tolerable FAIL - PUSHED
@ 2018-08-18 17:09 osstest service owner
0 siblings, 0 replies; only message in thread
From: osstest service owner @ 2018-08-18 17:09 UTC (permalink / raw)
To: xen-devel, osstest-admin
flight 125959 qemu-mainline real [real]
http://logs.test-lab.xenproject.org/osstest/logs/125959/
Failures :-/ but no regressions.
Tests which did not succeed, but are not blocking:
test-amd64-amd64-xl-qemuu-win7-amd64 17 guest-stop fail like 125640
test-amd64-i386-xl-qemuu-win7-amd64 17 guest-stop fail like 125640
test-armhf-armhf-libvirt 14 saverestore-support-check fail like 125640
test-amd64-amd64-xl-qemuu-ws16-amd64 17 guest-stop fail like 125640
test-armhf-armhf-libvirt-raw 13 saverestore-support-check fail like 125640
test-amd64-i386-xl-pvshim 12 guest-start fail never pass
test-amd64-i386-libvirt-xsm 13 migrate-support-check fail never pass
test-amd64-amd64-libvirt 13 migrate-support-check fail never pass
test-amd64-amd64-libvirt-xsm 13 migrate-support-check fail never pass
test-amd64-i386-libvirt 13 migrate-support-check fail never pass
test-amd64-i386-libvirt-qemuu-debianhvm-amd64-xsm 11 migrate-support-check fail never pass
test-amd64-amd64-libvirt-qemuu-debianhvm-amd64-xsm 11 migrate-support-check fail never pass
test-armhf-armhf-xl-arndale 13 migrate-support-check fail never pass
test-armhf-armhf-xl-arndale 14 saverestore-support-check fail never pass
test-amd64-amd64-qemuu-nested-amd 17 debian-hvm-install/l1/l2 fail never pass
test-amd64-amd64-libvirt-vhd 12 migrate-support-check fail never pass
test-armhf-armhf-xl 13 migrate-support-check fail never pass
test-armhf-armhf-xl 14 saverestore-support-check fail never pass
test-armhf-armhf-xl-credit2 13 migrate-support-check fail never pass
test-armhf-armhf-xl-credit2 14 saverestore-support-check fail never pass
test-armhf-armhf-xl-cubietruck 13 migrate-support-check fail never pass
test-armhf-armhf-xl-cubietruck 14 saverestore-support-check fail never pass
test-armhf-armhf-xl-multivcpu 13 migrate-support-check fail never pass
test-armhf-armhf-xl-multivcpu 14 saverestore-support-check fail never pass
test-armhf-armhf-xl-rtds 13 migrate-support-check fail never pass
test-armhf-armhf-xl-rtds 14 saverestore-support-check fail never pass
test-armhf-armhf-xl-vhd 12 migrate-support-check fail never pass
test-armhf-armhf-xl-vhd 13 saverestore-support-check fail never pass
test-armhf-armhf-libvirt 13 migrate-support-check fail never pass
test-amd64-i386-xl-qemuu-ws16-amd64 17 guest-stop fail never pass
test-armhf-armhf-libvirt-raw 12 migrate-support-check fail never pass
test-amd64-amd64-xl-qemuu-win10-i386 10 windows-install fail never pass
test-amd64-i386-xl-qemuu-win10-i386 10 windows-install fail never pass
version targeted for testing:
qemuu c542a9f9794ec8e0bc3fcf5956d3cc8bce667789
baseline version:
qemuu 18a398f6a39df4b08ff86ac0d38384193ca5f4cc
Last test of basis 125640 2018-07-27 22:16:44 Z 21 days
Failing since 125675 2018-07-30 09:36:58 Z 19 days 12 attempts
Testing same since 125959 2018-08-16 09:56:58 Z 2 days 1 attempts
------------------------------------------------------------
People who touched revisions under test:
Adam Lackorzynski <adam@l4re.org>
Alberto Garcia <berto@igalia.com>
Alex Bennée <alex.bennee@linaro.org>
BALATON Zoltan <balaton@eik.bme.hu>
Christian Borntraeger <borntraeger@de.ibm.com>
Cornelia Huck <cohuck@redhat.com>
Cédric Le Goater <clg@kaod.org>
Daniel P. Berrangé <berrange@redhat.com>
David Gibson <david@gibson.dropbear.id.au>
Dou Liyang <douly.fnst@cn.fujitsu.com>
Dr. David Alan Gilbert <dgilbert@redhat.com>
Eric Blake <eblake@redhat.com>
Fam Zheng <famz@redhat.com>
Geert Uytterhoeven <geert+renesas@glider.be>
Igor Mammedov <imammedo@redhat.com>
Jay Zhou <jianjay.zhou@huawei.com>
Julia Suvorova <jusual@mail.ru>
Kevin Wolf <kwolf@redhat.com>
KONRAD Frederic <frederic.konrad@adacore.com>
Laurent Desnogues <laurent.desnogues@gmail.com>
Laurent Vivier <laurent@vivier.eu>
Leonid Bloch <lbloch@janustech.com>
liujunjie <liujunjie23@huawei.com>
Luc Michel <luc.michel@greensocs.com>
Marc-André Lureau <marcandre.lureau@redhat.com>
Markus Armbruster <armbru@redhat.com>
Max Filippov <jcmvbkbc@gmail.com>
Michael S. Tsirkin <mst@redhat.com>
Paolo Bonzini <pbonzini@redhat.com>
Pavel Dovgalyuk <Pavel.Dovgaluk@ispras.ru>
Peter Krempa <pkrempa@redhat.com>
Peter Maydell <peter.maydell@linaro.org>
Philippe Mathieu-Daudé <f4bug@amsat.org>
Richard Henderson <richard.henderson@linaro.org>
Sebastian Bauer <mail@sebastianbauer.info>
Shivaprasad G Bhat <sbhat@linux.vnet.ibm.com>
Stefan Berger <stefanb@linux.vnet.ibm.com>
Thomas Huth <thuth@redhat.com>
Tiwei Bie <tiwei.bie@intel.com>
Vladimir Sementsov-Ogievskiy <vsementsov@virtuozzo.com>
jobs:
build-amd64-xsm pass
build-i386-xsm pass
build-amd64 pass
build-armhf pass
build-i386 pass
build-amd64-libvirt pass
build-armhf-libvirt pass
build-i386-libvirt pass
build-amd64-pvops pass
build-armhf-pvops pass
build-i386-pvops pass
test-amd64-amd64-xl pass
test-armhf-armhf-xl pass
test-amd64-i386-xl pass
test-amd64-amd64-libvirt-qemuu-debianhvm-amd64-xsm pass
test-amd64-i386-libvirt-qemuu-debianhvm-amd64-xsm pass
test-amd64-amd64-xl-qemuu-debianhvm-amd64-xsm pass
test-amd64-i386-xl-qemuu-debianhvm-amd64-xsm pass
test-amd64-amd64-libvirt-xsm pass
test-amd64-i386-libvirt-xsm pass
test-amd64-amd64-xl-xsm pass
test-amd64-i386-xl-xsm pass
test-amd64-amd64-qemuu-nested-amd fail
test-amd64-amd64-xl-pvhv2-amd pass
test-amd64-i386-qemuu-rhel6hvm-amd pass
test-amd64-amd64-xl-qemuu-debianhvm-amd64 pass
test-amd64-i386-xl-qemuu-debianhvm-amd64 pass
test-amd64-i386-freebsd10-amd64 pass
test-amd64-amd64-xl-qemuu-ovmf-amd64 pass
test-amd64-i386-xl-qemuu-ovmf-amd64 pass
test-amd64-amd64-xl-qemuu-win7-amd64 fail
test-amd64-i386-xl-qemuu-win7-amd64 fail
test-amd64-amd64-xl-qemuu-ws16-amd64 fail
test-amd64-i386-xl-qemuu-ws16-amd64 fail
test-armhf-armhf-xl-arndale pass
test-amd64-amd64-xl-credit2 pass
test-armhf-armhf-xl-credit2 pass
test-armhf-armhf-xl-cubietruck pass
test-amd64-amd64-xl-qemuu-dmrestrict-amd64-dmrestrict pass
test-amd64-i386-xl-qemuu-dmrestrict-amd64-dmrestrict pass
test-amd64-i386-freebsd10-i386 pass
test-amd64-amd64-xl-qemuu-win10-i386 fail
test-amd64-i386-xl-qemuu-win10-i386 fail
test-amd64-amd64-qemuu-nested-intel pass
test-amd64-amd64-xl-pvhv2-intel pass
test-amd64-i386-qemuu-rhel6hvm-intel pass
test-amd64-amd64-libvirt pass
test-armhf-armhf-libvirt pass
test-amd64-i386-libvirt pass
test-amd64-amd64-xl-multivcpu pass
test-armhf-armhf-xl-multivcpu pass
test-amd64-amd64-pair pass
test-amd64-i386-pair pass
test-amd64-amd64-libvirt-pair pass
test-amd64-i386-libvirt-pair pass
test-amd64-amd64-amd64-pvgrub pass
test-amd64-amd64-i386-pvgrub pass
test-amd64-amd64-xl-pvshim pass
test-amd64-i386-xl-pvshim fail
test-amd64-amd64-pygrub pass
test-amd64-amd64-xl-qcow2 pass
test-armhf-armhf-libvirt-raw pass
test-amd64-i386-xl-raw pass
test-amd64-amd64-xl-rtds pass
test-armhf-armhf-xl-rtds pass
test-amd64-amd64-xl-qemuu-debianhvm-amd64-shadow pass
test-amd64-i386-xl-qemuu-debianhvm-amd64-shadow pass
test-amd64-amd64-xl-shadow pass
test-amd64-i386-xl-shadow pass
test-amd64-amd64-libvirt-vhd pass
test-armhf-armhf-xl-vhd pass
------------------------------------------------------------
sg-report-flight on osstest.test-lab.xenproject.org
logs: /home/logs/logs
images: /home/logs/images
Logs, config files, etc. are available at
http://logs.test-lab.xenproject.org/osstest/logs
Explanation of these reports, and of osstest in general, is at
http://xenbits.xen.org/gitweb/?p=osstest.git;a=blob;f=README.email;hb=master
http://xenbits.xen.org/gitweb/?p=osstest.git;a=blob;f=README;hb=master
Test harness code can be found at
http://xenbits.xen.org/gitweb?p=osstest.git;a=summary
Pushing revision :
To xenbits.xen.org:/home/xen/git/qemu-xen.git
18a398f6a3..c542a9f979 c542a9f9794ec8e0bc3fcf5956d3cc8bce667789 -> upstream-tested
_______________________________________________
Xen-devel mailing list
Xen-devel@lists.xenproject.org
https://lists.xenproject.org/mailman/listinfo/xen-devel
^ permalink raw reply [flat|nested] only message in thread
only message in thread, other threads:[~2018-08-18 17:09 UTC | newest]
Thread overview: (only message) (download: mbox.gz follow: Atom feed
-- links below jump to the message on this page --
2018-08-18 17:09 [qemu-mainline test] 125959: tolerable FAIL - PUSHED osstest service owner
This is a public inbox, see mirroring instructions
for how to clone and mirror all data and code used for this inbox;
as well as URLs for NNTP newsgroup(s).