xen-devel.lists.xenproject.org archive mirror
 help / color / mirror / Atom feed
* [qemu-upstream-unstable test] 12598: trouble: blocked/broken/fail/pass
@ 2012-04-07 13:06 xen.org
  0 siblings, 0 replies; only message in thread
From: xen.org @ 2012-04-07 13:06 UTC (permalink / raw)
  To: xen-devel; +Cc: ian.jackson

flight 12598 qemu-upstream-unstable real [real]
http://www.chiark.greenend.org.uk/~xensrcts/logs/12598/

Failures and problems with tests :-(

Tests which did not succeed and are blocking,
including tests which could not be run:
 build-amd64-oldkern           2 host-install(2)         broken REGR. vs. 11890
 build-amd64                   2 host-install(2)         broken REGR. vs. 11890
 build-amd64-pvops             2 host-install(2)         broken REGR. vs. 11890

Tests which did not succeed, but are not blocking:
 test-amd64-i386-qemuu-rhel6hvm-amd  1 xen-build-check(1)           blocked n/a
 test-amd64-i386-qemuu-rhel6hvm-intel  1 xen-build-check(1)         blocked n/a
 test-amd64-amd64-qemuu-win    1 xen-build-check(1)           blocked  n/a
 test-amd64-i386-qemuu-win-vcpus1  1 xen-build-check(1)           blocked  n/a
 test-amd64-i386-qemuu-win     1 xen-build-check(1)           blocked  n/a
 test-amd64-i386-xend-qemuu-winxpsp3  1 xen-build-check(1)          blocked n/a
 test-amd64-i386-xl-qemuu-win-vcpus1  1 xen-build-check(1)          blocked n/a
 test-amd64-amd64-xl-qemuu-win  1 xen-build-check(1)           blocked  n/a
 test-amd64-amd64-xl-qemuu-win7-amd64  1 xen-build-check(1)         blocked n/a
 test-i386-i386-qemuu-win     16 leak-check/check             fail   never pass
 test-amd64-i386-xl-qemuu-win7-amd64  1 xen-build-check(1)          blocked n/a
 test-amd64-i386-xl-qemuu-winxpsp3-vcpus1  1 xen-build-check(1)     blocked n/a
 test-i386-i386-xl-qemuu-winxpsp3  7 windows-install            fail never pass
 test-amd64-amd64-xl-qemuu-winxpsp3  1 xen-build-check(1)           blocked n/a
 test-i386-i386-xl-qemuu-win   7 windows-install              fail   never pass

version targeted for testing:
 qemuu                e1615984e765751b430f86be679c0b74b5d5cd15
baseline version:
 qemuu                86a8d63bc11431509506b95c1481e1a023302cbc

jobs:
 build-amd64                                                  broken  
 build-i386                                                   pass    
 build-amd64-oldkern                                          broken  
 build-i386-oldkern                                           pass    
 build-amd64-pvops                                            broken  
 build-i386-pvops                                             pass    
 test-amd64-i386-qemuu-rhel6hvm-amd                           blocked 
 test-amd64-amd64-xl-qemuu-win7-amd64                         blocked 
 test-amd64-i386-xl-qemuu-win7-amd64                          blocked 
 test-amd64-i386-qemuu-rhel6hvm-intel                         blocked 
 test-amd64-i386-qemuu-win-vcpus1                             blocked 
 test-amd64-i386-xl-qemuu-win-vcpus1                          blocked 
 test-amd64-i386-xl-qemuu-winxpsp3-vcpus1                     blocked 
 test-amd64-amd64-qemuu-win                                   blocked 
 test-amd64-i386-qemuu-win                                    blocked 
 test-i386-i386-qemuu-win                                     fail    
 test-amd64-amd64-xl-qemuu-win                                blocked 
 test-i386-i386-xl-qemuu-win                                  fail    
 test-amd64-i386-xend-qemuu-winxpsp3                          blocked 
 test-amd64-amd64-xl-qemuu-winxpsp3                           blocked 
 test-i386-i386-xl-qemuu-winxpsp3                             fail    


------------------------------------------------------------
sg-report-flight on woking.cam.xci-test.com
logs: /home/xc_osstest/logs
images: /home/xc_osstest/images

Logs, config files, etc. are available at
    http://www.chiark.greenend.org.uk/~xensrcts/logs

Test harness code can be found at
    http://xenbits.xensource.com/gitweb?p=osstest.git;a=summary


Not pushing.

^ permalink raw reply	[flat|nested] only message in thread

only message in thread, other threads:[~2012-04-07 13:06 UTC | newest]

Thread overview: (only message) (download: mbox.gz follow: Atom feed
-- links below jump to the message on this page --
2012-04-07 13:06 [qemu-upstream-unstable test] 12598: trouble: blocked/broken/fail/pass xen.org

This is a public inbox, see mirroring instructions
for how to clone and mirror all data and code used for this inbox;
as well as URLs for NNTP newsgroup(s).