xen-devel.lists.xenproject.org archive mirror
 help / color / mirror / Atom feed
* [linux-3.18 test] 126042: tolerable FAIL - PUSHED
@ 2018-08-19  2:43 osstest service owner
  0 siblings, 0 replies; only message in thread
From: osstest service owner @ 2018-08-19  2:43 UTC (permalink / raw)
  To: xen-devel, osstest-admin

flight 126042 linux-3.18 real [real]
http://logs.test-lab.xenproject.org/osstest/logs/126042/

Failures :-/ but no regressions.

Tests which did not succeed, but are not blocking:
 test-armhf-armhf-libvirt     14 saverestore-support-check    fail  like 125658
 test-amd64-amd64-xl-qemut-win7-amd64 17 guest-stop            fail like 125658
 test-amd64-amd64-xl-qemuu-win7-amd64 17 guest-stop            fail like 125658
 test-amd64-i386-xl-qemuu-win7-amd64 17 guest-stop             fail like 125658
 test-amd64-i386-xl-qemut-win7-amd64 17 guest-stop             fail like 125658
 test-armhf-armhf-libvirt-raw 13 saverestore-support-check    fail  like 125658
 test-amd64-amd64-xl-qemuu-dmrestrict-amd64-dmrestrict 10 debian-hvm-install fail never pass
 test-amd64-i386-xl-qemuu-dmrestrict-amd64-dmrestrict 10 debian-hvm-install fail never pass
 test-amd64-amd64-xl-pvhv2-intel 12 guest-start                 fail never pass
 test-amd64-amd64-xl-pvhv2-amd 12 guest-start                  fail  never pass
 test-amd64-i386-xl-pvshim    12 guest-start                  fail   never pass
 test-amd64-i386-libvirt-xsm  13 migrate-support-check        fail   never pass
 test-amd64-i386-libvirt      13 migrate-support-check        fail   never pass
 test-amd64-amd64-libvirt-xsm 13 migrate-support-check        fail   never pass
 test-amd64-amd64-libvirt     13 migrate-support-check        fail   never pass
 test-amd64-i386-libvirt-qemuu-debianhvm-amd64-xsm 11 migrate-support-check fail never pass
 test-armhf-armhf-xl-arndale  13 migrate-support-check        fail   never pass
 test-armhf-armhf-xl-arndale  14 saverestore-support-check    fail   never pass
 test-amd64-amd64-libvirt-qemuu-debianhvm-amd64-xsm 11 migrate-support-check fail never pass
 test-amd64-amd64-qemuu-nested-amd 17 debian-hvm-install/l1/l2  fail never pass
 test-amd64-amd64-libvirt-vhd 12 migrate-support-check        fail   never pass
 test-armhf-armhf-xl-rtds     13 migrate-support-check        fail   never pass
 test-armhf-armhf-xl-rtds     14 saverestore-support-check    fail   never pass
 test-armhf-armhf-libvirt     13 migrate-support-check        fail   never pass
 test-armhf-armhf-xl          13 migrate-support-check        fail   never pass
 test-armhf-armhf-xl          14 saverestore-support-check    fail   never pass
 test-armhf-armhf-xl-credit2  13 migrate-support-check        fail   never pass
 test-armhf-armhf-xl-credit2  14 saverestore-support-check    fail   never pass
 test-armhf-armhf-xl-multivcpu 13 migrate-support-check        fail  never pass
 test-armhf-armhf-xl-multivcpu 14 saverestore-support-check    fail  never pass
 test-amd64-amd64-xl-qemuu-ws16-amd64 17 guest-stop             fail never pass
 test-armhf-armhf-xl-cubietruck 13 migrate-support-check        fail never pass
 test-armhf-armhf-xl-cubietruck 14 saverestore-support-check    fail never pass
 test-amd64-i386-xl-qemut-ws16-amd64 17 guest-stop              fail never pass
 test-armhf-armhf-xl-vhd      12 migrate-support-check        fail   never pass
 test-armhf-armhf-xl-vhd      13 saverestore-support-check    fail   never pass
 test-amd64-amd64-xl-qemut-ws16-amd64 17 guest-stop             fail never pass
 test-amd64-i386-xl-qemuu-ws16-amd64 17 guest-stop              fail never pass
 test-armhf-armhf-libvirt-raw 12 migrate-support-check        fail   never pass
 test-amd64-i386-xl-qemuu-win10-i386 10 windows-install         fail never pass
 test-amd64-amd64-xl-qemuu-win10-i386 10 windows-install        fail never pass
 test-amd64-amd64-xl-qemut-win10-i386 10 windows-install        fail never pass
 test-amd64-i386-xl-qemut-win10-i386 10 windows-install         fail never pass

version targeted for testing:
 linux                830f9674e76d08d04585e53fc200ae8af99966e7
baseline version:
 linux                dbba166b0e442d4d38ae0f244d32338c3e92d16f

Last test of basis   125658  2018-07-29 18:03:02 Z   20 days
Testing same since   125825  2018-08-09 10:40:57 Z    9 days    6 attempts

------------------------------------------------------------
People who touched revisions under test:
  Adam Radford <aradford@gmail.com>
  Alex Deucher <alexander.deucher@amd.com>
  Alexandre Belloni <alexandre.belloni@bootlin.com>
  Amitkumar Karwar <amit.karwar@redpinesignals.com>
  Andrew Morton <akpm@linux-foundation.org>
  Andy Shevchenko <andriy.shevchenko@linux.intel.com>
  Anil Gurumurthy <anil.gurumurthy@cavium.com>
  Anson Huang <Anson.Huang@nxp.com>
  Anton Vasilyev <vasilyev@ispras.ru>
  Artem Savkov <asavkov@redhat.com>
  Asutosh Das <asutoshd@codeaurora.org>
  Bjorn Helgaas <bhelgaas@google.com>
  Brad Love <brad@nextdimension.cc>
  Can Guo <cang@codeaurora.org>
  Chintan Pandya <cpandya@codeaurora.org>
  Chris Novakovic <chris@chrisn.me.uk>
  Christoph Hellwig <hch@lst.de>
  Christophe Leroy <christophe.leroy@c-s.fr>
  Colin Ian King <colin.king@canonical.com>
  Cong Wang <xiyou.wangcong@gmail.com>
  DaeRyong Jeong <threeearcat@gmail.com>
  Damien Le Moal <damien.lemoal@wdc.com>
  Dan Carpenter <dan.carpenter@oracle.com>
  Daniel Borkmann <daniel@iogearbox.net>
  Daniel Vetter <daniel.vetter@ffwll.ch>
  Dave Kleikamp <dave.kleikamp@oracle.com>
  David S. Miller <davem@davemloft.net>
  Dmitry Torokhov <dtor@chromium.org>
  Dominik Bozek <dominikx.bozek@intel.com>
  Doug Ledford <dledford@redhat.com>
  Eric Dumazet <edumazet@google.com>
  Eugeniy Paltsev <Eugeniy.Paltsev@synopsys.com>
  Eyal Reizer <eyalr@ti.com>
  Eyal Reizer <eyalreizer@gmail.com>
  Florian Fainelli <f.fainelli@gmail.com>
  Florian Westphal <fw@strlen.de>
  Ganapathi Bhat <gbhat@marvell.com>
  Greg Kroah-Hartman <gregkh@linuxfoundation.org>
  Hans Verkuil <hans.verkuil@cisco.com>
  Herbert Xu <herbert@gondor.apana.org.au>
  Himanshu Madhani <himanshu.madhani@cavium.com>
  Huang Chong <huang.chong@zte.com.cn>
  Ingo Molnar <mingo@kernel.org>
  Jakub Kicinski <jakub.kicinski@netronome.com>
  Jason Gunthorpe <jgg@mellanox.com>
  Jiang Biao <jiang.biao2@zte.com.cn>
  Jiri Kosina <jkosina@suse.cz>
  Jonathan Neuschäfer <j.neuschaefer@gmx.net>
  Kai Chieh Chuang <kaichieh.chuang@mediatek.com>
  KaiChieh Chuang <kaichieh.chuang@mediatek.com>
  Kalle Valo <kvalo@codeaurora.org>
  Kan Liang <kan.liang@intel.com>
  Keith Busch <keith.busch@intel.com>
  Kuppuswamy Sathyanarayanan <sathyanarayanan.kuppuswamy@linux.intel.com>
  Leon Romanovsky <leonro@mellanox.com>
  Linus Torvalds <torvalds@linux-foundation.org>
  Lorenzo Bianconi <lorenzo.bianconi@redhat.com>
  Luc Van Oostenryck <luc.vanoostenryck@gmail.com>
  Marc Kleine-Budde <mkl@pengutronix.de>
  Mark Brown <broonie@kernel.org>
  Martin K. Petersen <martin.petersen@oracle.com>
  Martin Schwidefsky <schwidefsky@de.ibm.com>
  Masami Hiramatsu <mhiramat@kernel.org>
  Mathieu Malaterre <malat@debian.org>
  Mauro Carvalho Chehab <mchehab+samsung@kernel.org>
  Mauro Carvalho Chehab <mchehab@s-opensource.com>
  Maya Erez <merez@codeaurora.org>
  Michael Ellerman <mpe@ellerman.id.au>
  Michael S. Tsirkin <mst@redhat.com>
  Michal Simek <michal.simek@xilinx.com>
  Mika Westerberg <mika.westerberg@linux.intel.com>
  Neal Cardwell <ncardwell@google.com>
  Pavel Machek <pavel@ucw.cz>
  Peter Zijlstra (Intel) <peterz@infradead.org>
  Phillip Lougher <phillip.lougher@gmail.com>
  Quinn Tran <quinn.tran@cavium.com>
  Sakari Ailus <sakari.ailus@linux.intel.com>
  Sasha Levin <alexander.levin@microsoft.com>
  Shankara Pailoor <shankarapailoor@gmail.com>
  Shaohua Li <shli@fb.com>
  Shuah Khan (Samsung OSG) <shuah@kernel.org>
  Siva Rebbagondla <siva.rebbagondla@redpinesignals.com>
  Soheil Hassas Yeganeh <soheil@google.com>
  Steven Rostedt (VMware) <rostedt@goodmis.org>
  Stewart Smith <stewart@linux.ibm.com>
  Subhash Jadavani <subhashj@codeaurora.org>
  Sudip Mukherjee <sudipm.mukherjee@gmail.com>
  Suman Anna <s-anna@ti.com>
  Sven Eckelmann <sven.eckelmann@openmesh.com>
  Takashi Iwai <tiwai@suse.de>
  Takashi Sakamoto <o-takashi@sakamocchi.jp>
  Tejun Heo <tj@kernel.org>
  Theodore Ts'o <tytso@mit.edu>
  Thomas Richter <tmricht@linux.ibm.com>
  Tony Battersby <tonyb@cybernetics.com>
  Tudor Ambarus <tudor.ambarus@microchip.com>
  Tudor-Dan Ambarus <tudor.ambarus@microchip.com>
  Wenwen Wang <wang6495@umn.edu>
  Xiao Liang <xiliang@redhat.com>
  Yousuk Seung <ysseung@google.com>
  Yuchung Cheng <ycheng@google.com>
  Yufen Yu <yuyufen@huawei.com>
  Zhouyang Jia <jiazhouyang09@gmail.com>

jobs:
 build-amd64-xsm                                              pass    
 build-i386-xsm                                               pass    
 build-amd64                                                  pass    
 build-armhf                                                  pass    
 build-i386                                                   pass    
 build-amd64-libvirt                                          pass    
 build-armhf-libvirt                                          pass    
 build-i386-libvirt                                           pass    
 build-amd64-pvops                                            pass    
 build-armhf-pvops                                            pass    
 build-i386-pvops                                             pass    
 build-amd64-rumprun                                          pass    
 build-i386-rumprun                                           pass    
 test-amd64-amd64-xl                                          pass    
 test-armhf-armhf-xl                                          pass    
 test-amd64-i386-xl                                           pass    
 test-amd64-amd64-xl-qemut-debianhvm-amd64-xsm                pass    
 test-amd64-i386-xl-qemut-debianhvm-amd64-xsm                 pass    
 test-amd64-amd64-libvirt-qemuu-debianhvm-amd64-xsm           pass    
 test-amd64-i386-libvirt-qemuu-debianhvm-amd64-xsm            pass    
 test-amd64-amd64-xl-qemuu-debianhvm-amd64-xsm                pass    
 test-amd64-i386-xl-qemuu-debianhvm-amd64-xsm                 pass    
 test-amd64-amd64-xl-qemut-stubdom-debianhvm-amd64-xsm        pass    
 test-amd64-i386-xl-qemut-stubdom-debianhvm-amd64-xsm         pass    
 test-amd64-amd64-libvirt-xsm                                 pass    
 test-amd64-i386-libvirt-xsm                                  pass    
 test-amd64-amd64-xl-xsm                                      pass    
 test-amd64-i386-xl-xsm                                       pass    
 test-amd64-amd64-qemuu-nested-amd                            fail    
 test-amd64-amd64-xl-pvhv2-amd                                fail    
 test-amd64-i386-qemut-rhel6hvm-amd                           pass    
 test-amd64-i386-qemuu-rhel6hvm-amd                           pass    
 test-amd64-amd64-xl-qemut-debianhvm-amd64                    pass    
 test-amd64-i386-xl-qemut-debianhvm-amd64                     pass    
 test-amd64-amd64-xl-qemuu-debianhvm-amd64                    pass    
 test-amd64-i386-xl-qemuu-debianhvm-amd64                     pass    
 test-amd64-i386-freebsd10-amd64                              pass    
 test-amd64-amd64-xl-qemuu-ovmf-amd64                         pass    
 test-amd64-i386-xl-qemuu-ovmf-amd64                          pass    
 test-amd64-amd64-rumprun-amd64                               pass    
 test-amd64-amd64-xl-qemut-win7-amd64                         fail    
 test-amd64-i386-xl-qemut-win7-amd64                          fail    
 test-amd64-amd64-xl-qemuu-win7-amd64                         fail    
 test-amd64-i386-xl-qemuu-win7-amd64                          fail    
 test-amd64-amd64-xl-qemut-ws16-amd64                         fail    
 test-amd64-i386-xl-qemut-ws16-amd64                          fail    
 test-amd64-amd64-xl-qemuu-ws16-amd64                         fail    
 test-amd64-i386-xl-qemuu-ws16-amd64                          fail    
 test-armhf-armhf-xl-arndale                                  pass    
 test-amd64-amd64-xl-credit2                                  pass    
 test-armhf-armhf-xl-credit2                                  pass    
 test-armhf-armhf-xl-cubietruck                               pass    
 test-amd64-amd64-xl-qemuu-dmrestrict-amd64-dmrestrict        fail    
 test-amd64-i386-xl-qemuu-dmrestrict-amd64-dmrestrict         fail    
 test-amd64-amd64-examine                                     pass    
 test-armhf-armhf-examine                                     pass    
 test-amd64-i386-examine                                      pass    
 test-amd64-i386-freebsd10-i386                               pass    
 test-amd64-i386-rumprun-i386                                 pass    
 test-amd64-amd64-xl-qemut-win10-i386                         fail    
 test-amd64-i386-xl-qemut-win10-i386                          fail    
 test-amd64-amd64-xl-qemuu-win10-i386                         fail    
 test-amd64-i386-xl-qemuu-win10-i386                          fail    
 test-amd64-amd64-qemuu-nested-intel                          pass    
 test-amd64-amd64-xl-pvhv2-intel                              fail    
 test-amd64-i386-qemut-rhel6hvm-intel                         pass    
 test-amd64-i386-qemuu-rhel6hvm-intel                         pass    
 test-amd64-amd64-libvirt                                     pass    
 test-armhf-armhf-libvirt                                     pass    
 test-amd64-i386-libvirt                                      pass    
 test-amd64-amd64-xl-multivcpu                                pass    
 test-armhf-armhf-xl-multivcpu                                pass    
 test-amd64-amd64-pair                                        pass    
 test-amd64-i386-pair                                         pass    
 test-amd64-amd64-libvirt-pair                                pass    
 test-amd64-i386-libvirt-pair                                 pass    
 test-amd64-amd64-amd64-pvgrub                                pass    
 test-amd64-amd64-i386-pvgrub                                 pass    
 test-amd64-amd64-xl-pvshim                                   pass    
 test-amd64-i386-xl-pvshim                                    fail    
 test-amd64-amd64-pygrub                                      pass    
 test-amd64-amd64-xl-qcow2                                    pass    
 test-armhf-armhf-libvirt-raw                                 pass    
 test-amd64-i386-xl-raw                                       pass    
 test-amd64-amd64-xl-rtds                                     pass    
 test-armhf-armhf-xl-rtds                                     pass    
 test-amd64-amd64-xl-qemuu-debianhvm-amd64-shadow             pass    
 test-amd64-i386-xl-qemuu-debianhvm-amd64-shadow              pass    
 test-amd64-amd64-xl-shadow                                   pass    
 test-amd64-i386-xl-shadow                                    pass    
 test-amd64-amd64-libvirt-vhd                                 pass    
 test-armhf-armhf-xl-vhd                                      pass    


------------------------------------------------------------
sg-report-flight on osstest.test-lab.xenproject.org
logs: /home/logs/logs
images: /home/logs/images

Logs, config files, etc. are available at
    http://logs.test-lab.xenproject.org/osstest/logs

Explanation of these reports, and of osstest in general, is at
    http://xenbits.xen.org/gitweb/?p=osstest.git;a=blob;f=README.email;hb=master
    http://xenbits.xen.org/gitweb/?p=osstest.git;a=blob;f=README;hb=master

Test harness code can be found at
    http://xenbits.xen.org/gitweb?p=osstest.git;a=summary


Pushing revision :

To xenbits.xen.org:/home/xen/git/linux-pvops.git
   dbba166b0e44..830f9674e76d  830f9674e76d08d04585e53fc200ae8af99966e7 -> tested/linux-3.18

_______________________________________________
Xen-devel mailing list
Xen-devel@lists.xenproject.org
https://lists.xenproject.org/mailman/listinfo/xen-devel

^ permalink raw reply	[flat|nested] only message in thread

only message in thread, other threads:[~2018-08-19  2:44 UTC | newest]

Thread overview: (only message) (download: mbox.gz follow: Atom feed
-- links below jump to the message on this page --
2018-08-19  2:43 [linux-3.18 test] 126042: tolerable FAIL - PUSHED osstest service owner

This is a public inbox, see mirroring instructions
for how to clone and mirror all data and code used for this inbox;
as well as URLs for NNTP newsgroup(s).