xen-devel.lists.xenproject.org archive mirror
 help / color / mirror / Atom feed
From: osstest service owner <osstest-admin@xenproject.org>
To: xen-devel@lists.xenproject.org, osstest-admin@xenproject.org,
	royger@FreeBSD.org
Subject: [freebsd-master test] 126046: tolerable FAIL - PUSHED
Date: Sat, 18 Aug 2018 08:02:34 +0000	[thread overview]
Message-ID: <osstest-126046-mainreport@xen.org> (raw)

flight 126046 freebsd-master real [real]
http://logs.test-lab.xenproject.org/osstest/logs/126046/

Failures :-/ but no regressions.

Tests which did not succeed, but are not blocking:
 build-amd64-xen-freebsd       7 xen-build-freebsd            fail   never pass

version targeted for testing:
 freebsd              3a18a9200e97ba52ae8f67c78f3ada0739316789
baseline version:
 freebsd              bf65d05707104df94117a293327d797d71a0118d

Last test of basis   125317  2018-07-18 09:19:47 Z   30 days
Failing since        125467  2018-07-20 09:19:59 Z   28 days   13 attempts
Testing same since   126046  2018-08-17 09:18:58 Z    0 days    1 attempts

------------------------------------------------------------
People who touched revisions under test:
  0mp <0mp@FreeBSD.org>
  ae <ae@FreeBSD.org>
  alc <alc@FreeBSD.org>
  allanjude <allanjude@FreeBSD.org>
  ambrisko <ambrisko@FreeBSD.org>
  andrew <andrew@FreeBSD.org>
  antoine <antoine@FreeBSD.org>
  araujo <araujo@FreeBSD.org>
  asomers <asomers@FreeBSD.org>
  avg <avg@FreeBSD.org>
  bapt <bapt@FreeBSD.org>
  bde <bde@FreeBSD.org>
  bdrewery <bdrewery@FreeBSD.org>
  br <br@FreeBSD.org>
  brd <brd@FreeBSD.org>
  brooks <brooks@FreeBSD.org>
  bwidawsk <bwidawsk@FreeBSD.org>
  bz <bz@FreeBSD.org>
  cem <cem@FreeBSD.org>
  cognet <cognet@FreeBSD.org>
  cperciva <cperciva@FreeBSD.org>
  cy <cy@FreeBSD.org>
  dab <dab@FreeBSD.org>
  daichi <daichi@FreeBSD.org>
  davidcs <davidcs@FreeBSD.org>
  delphij <delphij@FreeBSD.org>
  des <des@FreeBSD.org>
  dim <dim@FreeBSD.org>
  dteske <dteske@FreeBSD.org>
  eadler <eadler@FreeBSD.org>
  emaste <emaste@FreeBSD.org>
  eugen <eugen@FreeBSD.org>
  fsu <fsu@FreeBSD.org>
  gallatin <gallatin@FreeBSD.org>
  ganbold <ganbold@FreeBSD.org>
  gavin <gavin@FreeBSD.org>
  gjb <gjb@FreeBSD.org>
  glebius <glebius@FreeBSD.org>
  gonzo <gonzo@FreeBSD.org>
  hselasky <hselasky@FreeBSD.org>
  ian <ian@FreeBSD.org>
  imp <imp@FreeBSD.org>
  jamie <jamie@FreeBSD.org>
  jhb <jhb@FreeBSD.org>
  jhibbits <jhibbits@FreeBSD.org>
  jhixson <jhixson@FreeBSD.org>
  jilles <jilles@FreeBSD.org>
  jkim <jkim@FreeBSD.org>
  jtl <jtl@FreeBSD.org>
  kevans <kevans@FreeBSD.org>
  kevlo <kevlo@FreeBSD.org>
  kib <kib@FreeBSD.org>
  kp <kp@FreeBSD.org>
  leitao <leitao@FreeBSD.org>
  loos <loos@FreeBSD.org>
  luporl <luporl@FreeBSD.org>
  lwhsu <lwhsu@FreeBSD.org>
  manu <manu@FreeBSD.org>
  marius <marius@FreeBSD.org>
  markj <markj@FreeBSD.org>
  Mathy Vanhoef <Mathy.Vanhoef@cs.kuleuven.be>
  Matthew Ahrens <mahrens@delphix.com>
  mav <mav@FreeBSD.org>
  mckusick <mckusick@FreeBSD.org>
  mm <mm@FreeBSD.org>
  mmacy <mmacy@FreeBSD.org>
  mmel <mmel@FreeBSD.org>
  netchild <netchild@FreeBSD.org>
  np <np@FreeBSD.org>
  obrien <obrien@FreeBSD.org>
  oshogbo <oshogbo@FreeBSD.org>
  pfg <pfg@FreeBSD.org>
  phk <phk@FreeBSD.org>
  pkelsey <pkelsey@FreeBSD.org>
  pstef <pstef@FreeBSD.org>
  rmacklem <rmacklem@FreeBSD.org>
  royger <royger@FreeBSD.org>
  rpokala <rpokala@FreeBSD.org>
  rrs <rrs@FreeBSD.org>
  sef <sef@FreeBSD.org>
  sevan <sevan@FreeBSD.org>
  shurd <shurd@FreeBSD.org>
  sjg <sjg@FreeBSD.org>
  Steven Noonan <steven@uplinklabs.net>
  trasz <trasz@FreeBSD.org>
  truckman <truckman@FreeBSD.org>
  tsoome <tsoome@FreeBSD.org>
  tuexen <tuexen@FreeBSD.org>
  uqs <uqs@FreeBSD.org>
  will <will@FreeBSD.org>
  woodsb02 <woodsb02@FreeBSD.org>
  wulf <wulf@FreeBSD.org>
  zleslie <zleslie@FreeBSD.org>

jobs:
 build-amd64-freebsd-again                                    pass    
 build-amd64-freebsd                                          pass    
 build-amd64-xen-freebsd                                      fail    


------------------------------------------------------------
sg-report-flight on osstest.test-lab.xenproject.org
logs: /home/logs/logs
images: /home/logs/images

Logs, config files, etc. are available at
    http://logs.test-lab.xenproject.org/osstest/logs

Explanation of these reports, and of osstest in general, is at
    http://xenbits.xen.org/gitweb/?p=osstest.git;a=blob;f=README.email;hb=master
    http://xenbits.xen.org/gitweb/?p=osstest.git;a=blob;f=README;hb=master

Test harness code can be found at
    http://xenbits.xen.org/gitweb?p=osstest.git;a=summary


Pushing revision :

To xenbits.xen.org:/home/xen/git/freebsd.git
   bf65d057071..3a18a9200e9  3a18a9200e97ba52ae8f67c78f3ada0739316789 -> tested/master

_______________________________________________
Xen-devel mailing list
Xen-devel@lists.xenproject.org
https://lists.xenproject.org/mailman/listinfo/xen-devel

                 reply	other threads:[~2018-08-18  8:02 UTC|newest]

Thread overview: [no followups] expand[flat|nested]  mbox.gz  Atom feed

Reply instructions:

You may reply publicly to this message via plain-text email
using any one of the following methods:

* Save the following mbox file, import it into your mail client,
  and reply-to-all from there: mbox

  Avoid top-posting and favor interleaved quoting:
  https://en.wikipedia.org/wiki/Posting_style#Interleaved_style

* Reply using the --to, --cc, and --in-reply-to
  switches of git-send-email(1):

  git send-email \
    --in-reply-to=osstest-126046-mainreport@xen.org \
    --to=osstest-admin@xenproject.org \
    --cc=royger@FreeBSD.org \
    --cc=xen-devel@lists.xenproject.org \
    /path/to/YOUR_REPLY

  https://kernel.org/pub/software/scm/git/docs/git-send-email.html

* If your mail client supports setting the In-Reply-To header
  via mailto: links, try the mailto: link
Be sure your reply has a Subject: header at the top and a blank line before the message body.
This is a public inbox, see mirroring instructions
for how to clone and mirror all data and code used for this inbox;
as well as URLs for NNTP newsgroup(s).