xen-devel.lists.xenproject.org archive mirror
 help / color / mirror / Atom feed
* [xen-unstable-smoke test] 126054: tolerable all pass - PUSHED
@ 2018-08-17 17:20 osstest service owner
  0 siblings, 0 replies; only message in thread
From: osstest service owner @ 2018-08-17 17:20 UTC (permalink / raw)
  To: xen-devel, osstest-admin

flight 126054 xen-unstable-smoke real [real]
http://logs.test-lab.xenproject.org/osstest/logs/126054/

Failures :-/ but no regressions.

Tests which did not succeed, but are not blocking:
 test-amd64-amd64-libvirt     13 migrate-support-check        fail   never pass
 test-armhf-armhf-xl          13 migrate-support-check        fail   never pass
 test-armhf-armhf-xl          14 saverestore-support-check    fail   never pass

version targeted for testing:
 xen                  29fd98e425346d9e15913eae6d079ddfc835d54c
baseline version:
 xen                  3dd454c6c694409aaedd4ed075d6aeace2dd8391

Last test of basis   125923  2018-08-15 16:00:41 Z    2 days
Failing since        125928  2018-08-15 19:00:49 Z    1 days   18 attempts
Testing same since   126054  2018-08-17 14:00:30 Z    0 days    1 attempts

------------------------------------------------------------
People who touched revisions under test:
  Andrew Cooper <andrew.cooper3@citrix.com>
  Christian Lindig <christian.lindig@citrix.com>
  Daniel De Graaf <dgdegra@tycho.nsa.gov>
  Gopalasetty, Manoj <manoj.gopalasetty@hpe.com>
  Ian Jackson <ian.jackson@eu.citrix.com>
  Jan Beulich <jbeulich@suse.com>
  Julien Grall <julien.grall@arm.com>
  Paul Durrant <paul.durrant@citrix.com>
  Roger Pau Monné <roger.pau@citrix.com>
  Wei Liu <wei.liu2@citrix.com>
  Zhenzhong Duan <zhenzhong.duan@oracle.com>

jobs:
 build-amd64                                                  pass    
 build-armhf                                                  pass    
 build-amd64-libvirt                                          pass    
 test-armhf-armhf-xl                                          pass    
 test-amd64-amd64-xl-qemuu-debianhvm-i386                     pass    
 test-amd64-amd64-libvirt                                     pass    


------------------------------------------------------------
sg-report-flight on osstest.test-lab.xenproject.org
logs: /home/logs/logs
images: /home/logs/images

Logs, config files, etc. are available at
    http://logs.test-lab.xenproject.org/osstest/logs

Explanation of these reports, and of osstest in general, is at
    http://xenbits.xen.org/gitweb/?p=osstest.git;a=blob;f=README.email;hb=master
    http://xenbits.xen.org/gitweb/?p=osstest.git;a=blob;f=README;hb=master

Test harness code can be found at
    http://xenbits.xen.org/gitweb?p=osstest.git;a=summary


Pushing revision :

To xenbits.xen.org:/home/xen/git/xen.git
   3dd454c6c6..29fd98e425  29fd98e425346d9e15913eae6d079ddfc835d54c -> smoke

_______________________________________________
Xen-devel mailing list
Xen-devel@lists.xenproject.org
https://lists.xenproject.org/mailman/listinfo/xen-devel

^ permalink raw reply	[flat|nested] only message in thread

only message in thread, other threads:[~2018-08-17 17:20 UTC | newest]

Thread overview: (only message) (download: mbox.gz follow: Atom feed
-- links below jump to the message on this page --
2018-08-17 17:20 [xen-unstable-smoke test] 126054: tolerable all pass - PUSHED osstest service owner

This is a public inbox, see mirroring instructions
for how to clone and mirror all data and code used for this inbox;
as well as URLs for NNTP newsgroup(s).