* [linux-3.18 test] 126189: regressions - FAIL
@ 2018-08-20 18:37 osstest service owner
0 siblings, 0 replies; only message in thread
From: osstest service owner @ 2018-08-20 18:37 UTC (permalink / raw)
To: xen-devel, osstest-admin
flight 126189 linux-3.18 real [real]
http://logs.test-lab.xenproject.org/osstest/logs/126189/
Regressions :-(
Tests which did not succeed and are blocking,
including tests which could not be run:
test-amd64-i386-rumprun-i386 12 guest-start fail REGR. vs. 126042
test-amd64-i386-qemut-rhel6hvm-intel 10 redhat-install fail REGR. vs. 126042
test-amd64-amd64-rumprun-amd64 12 guest-start fail REGR. vs. 126042
test-amd64-amd64-xl-shadow 12 guest-start fail REGR. vs. 126042
test-amd64-amd64-xl-multivcpu 12 guest-start fail REGR. vs. 126042
test-amd64-i386-xl-shadow 12 guest-start fail REGR. vs. 126042
test-amd64-i386-xl-xsm 12 guest-start fail REGR. vs. 126042
test-amd64-i386-xl 12 guest-start fail REGR. vs. 126042
test-amd64-i386-libvirt-xsm 12 guest-start fail REGR. vs. 126042
test-amd64-amd64-pair 21 guest-start/debian fail REGR. vs. 126042
test-amd64-i386-pair 21 guest-start/debian fail REGR. vs. 126042
test-amd64-i386-libvirt 12 guest-start fail REGR. vs. 126042
test-amd64-i386-freebsd10-i386 11 guest-start fail REGR. vs. 126042
test-amd64-i386-freebsd10-amd64 11 guest-start fail REGR. vs. 126042
test-amd64-i386-libvirt-pair 21 guest-start/debian fail REGR. vs. 126042
test-amd64-amd64-xl-credit2 12 guest-start fail REGR. vs. 126042
test-amd64-i386-qemut-rhel6hvm-amd 10 redhat-install fail REGR. vs. 126042
test-amd64-amd64-xl-xsm 12 guest-start fail REGR. vs. 126042
test-amd64-amd64-xl-pvshim 12 guest-start fail REGR. vs. 126042
test-amd64-amd64-libvirt-xsm 12 guest-start fail REGR. vs. 126042
test-amd64-amd64-xl 12 guest-start fail REGR. vs. 126042
test-amd64-i386-qemuu-rhel6hvm-amd 10 redhat-install fail REGR. vs. 126042
test-amd64-amd64-libvirt 12 guest-start fail REGR. vs. 126042
test-amd64-i386-qemuu-rhel6hvm-intel 10 redhat-install fail REGR. vs. 126042
test-amd64-amd64-qemuu-nested-amd 10 debian-hvm-install fail REGR. vs. 126042
test-amd64-amd64-libvirt-pair 21 guest-start/debian fail REGR. vs. 126042
test-amd64-i386-libvirt-qemuu-debianhvm-amd64-xsm 10 debian-hvm-install fail REGR. vs. 126042
test-amd64-i386-xl-qemuu-debianhvm-amd64 10 debian-hvm-install fail REGR. vs. 126042
test-amd64-amd64-amd64-pvgrub 10 debian-di-install fail REGR. vs. 126042
test-amd64-amd64-qemuu-nested-intel 10 debian-hvm-install fail REGR. vs. 126042
test-amd64-amd64-xl-qemut-debianhvm-amd64 10 debian-hvm-install fail REGR. vs. 126042
test-amd64-amd64-xl-qemuu-debianhvm-amd64 10 debian-hvm-install fail REGR. vs. 126042
test-amd64-i386-xl-qemut-debianhvm-amd64-xsm 10 debian-hvm-install fail REGR. vs. 126042
test-amd64-i386-xl-qemuu-debianhvm-amd64-xsm 10 debian-hvm-install fail REGR. vs. 126042
test-amd64-amd64-xl-qemut-debianhvm-amd64-xsm 10 debian-hvm-install fail REGR. vs. 126042
test-amd64-i386-xl-qemut-debianhvm-amd64 10 debian-hvm-install fail REGR. vs. 126042
test-amd64-i386-xl-qemuu-ovmf-amd64 10 debian-hvm-install fail REGR. vs. 126042
test-amd64-amd64-xl-qemuu-debianhvm-amd64-xsm 10 debian-hvm-install fail REGR. vs. 126042
test-amd64-amd64-xl-qcow2 10 debian-di-install fail REGR. vs. 126042
test-armhf-armhf-xl-arndale 12 guest-start fail REGR. vs. 126042
test-amd64-i386-xl-qemut-stubdom-debianhvm-amd64-xsm 10 debian-hvm-install fail REGR. vs. 126042
test-amd64-amd64-pygrub 10 debian-di-install fail REGR. vs. 126042
test-amd64-amd64-libvirt-qemuu-debianhvm-amd64-xsm 10 debian-hvm-install fail REGR. vs. 126042
test-amd64-amd64-xl-qemut-stubdom-debianhvm-amd64-xsm 10 debian-hvm-install fail REGR. vs. 126042
test-amd64-amd64-xl-qemuu-ovmf-amd64 10 debian-hvm-install fail REGR. vs. 126042
test-amd64-amd64-i386-pvgrub 10 debian-di-install fail REGR. vs. 126042
test-amd64-i386-xl-qemuu-debianhvm-amd64-shadow 10 debian-hvm-install fail REGR. vs. 126042
test-amd64-amd64-xl-qemuu-ws16-amd64 10 windows-install fail REGR. vs. 126042
test-amd64-i386-xl-raw 10 debian-di-install fail REGR. vs. 126042
test-amd64-amd64-xl-qemut-win7-amd64 10 windows-install fail REGR. vs. 126042
test-amd64-amd64-xl-qemuu-debianhvm-amd64-shadow 10 debian-hvm-install fail REGR. vs. 126042
test-amd64-amd64-xl-qemuu-win7-amd64 10 windows-install fail REGR. vs. 126042
test-amd64-i386-xl-qemuu-win7-amd64 10 windows-install fail REGR. vs. 126042
test-amd64-amd64-libvirt-vhd 10 debian-di-install fail REGR. vs. 126042
test-amd64-i386-xl-qemut-ws16-amd64 10 windows-install fail REGR. vs. 126042
test-amd64-i386-xl-qemut-win7-amd64 10 windows-install fail REGR. vs. 126042
test-armhf-armhf-xl 12 guest-start fail REGR. vs. 126042
test-armhf-armhf-xl-credit2 12 guest-start fail REGR. vs. 126042
test-armhf-armhf-xl-multivcpu 12 guest-start fail REGR. vs. 126042
test-armhf-armhf-libvirt 12 guest-start fail REGR. vs. 126042
test-amd64-amd64-xl-qemut-ws16-amd64 10 windows-install fail REGR. vs. 126042
test-amd64-i386-xl-qemuu-ws16-amd64 10 windows-install fail REGR. vs. 126042
test-armhf-armhf-xl-cubietruck 12 guest-start fail REGR. vs. 126042
test-armhf-armhf-xl-vhd 10 debian-di-install fail REGR. vs. 126042
test-armhf-armhf-libvirt-raw 10 debian-di-install fail REGR. vs. 126042
Regressions which are regarded as allowable (not blocking):
test-amd64-amd64-xl-rtds 12 guest-start fail REGR. vs. 126042
test-armhf-armhf-xl-rtds 12 guest-start fail REGR. vs. 126042
Tests which did not succeed, but are not blocking:
test-amd64-amd64-xl-qemuu-dmrestrict-amd64-dmrestrict 10 debian-hvm-install fail never pass
test-amd64-i386-xl-qemuu-dmrestrict-amd64-dmrestrict 10 debian-hvm-install fail never pass
test-amd64-amd64-xl-pvhv2-intel 12 guest-start fail never pass
test-amd64-amd64-xl-pvhv2-amd 12 guest-start fail never pass
test-amd64-i386-xl-pvshim 12 guest-start fail never pass
test-amd64-i386-xl-qemuu-win10-i386 10 windows-install fail never pass
test-amd64-amd64-xl-qemuu-win10-i386 10 windows-install fail never pass
test-amd64-amd64-xl-qemut-win10-i386 10 windows-install fail never pass
test-amd64-i386-xl-qemut-win10-i386 10 windows-install fail never pass
version targeted for testing:
linux 18e6ee0440a7ab853e4ca0f1403eeef1803ed970
baseline version:
linux 830f9674e76d08d04585e53fc200ae8af99966e7
Last test of basis 126042 2018-08-17 07:42:46 Z 3 days
Testing same since 126189 2018-08-19 02:44:51 Z 1 days 1 attempts
------------------------------------------------------------
People who touched revisions under test:
Al Viro <viro@zeniv.linux.org.uk>
Amit Pundir <amit.pundir@linaro.org>
Andrew Morton <akpm@linux-foundation.org>
Andrey Ryabinin <a.ryabinin@samsung.com>
David Rientjes <rientjes@google.com>
David S. Miller <davem@davemloft.net>
Eric Biggers <ebiggers@google.com>
Erick Reyes <erickreyes@google.com>
Greg Kroah-Hartman <gregkh@linuxfoundation.org>
Herbert Xu <herbert@gondor.apana.org.au>
Ingo Molnar <mingo@kernel.org>
Jann Horn <jannh@google.com>
Juergen Gross <jgross@suse.com>
Kees Cook <keescook@chromium.org>
Linus Torvalds <torvalds@linux-foundation.org>
Liwei Song <liwei.song@windriver.com>
Marcel Holtmann <marcel@holtmann.org>
Mark Salyzyn <salyzyn@android.com>
Masahiro Yamada <yamada.masahiro@socionext.com>
Masami Hiramatsu <mhiramat@kernel.org>
Oleksij Rempel <o.rempel@pengutronix.de>
Randy Dunlap <rdunlap@infradead.org>
Shawn Guo <shawnguo@kernel.org>
Siqi Lin <siqilin@google.com>
Wolfram Sang <wsa@the-dreams.de>
jobs:
build-amd64-xsm pass
build-i386-xsm pass
build-amd64 pass
build-armhf pass
build-i386 pass
build-amd64-libvirt pass
build-armhf-libvirt pass
build-i386-libvirt pass
build-amd64-pvops pass
build-armhf-pvops pass
build-i386-pvops pass
build-amd64-rumprun pass
build-i386-rumprun pass
test-amd64-amd64-xl fail
test-armhf-armhf-xl fail
test-amd64-i386-xl fail
test-amd64-amd64-xl-qemut-debianhvm-amd64-xsm fail
test-amd64-i386-xl-qemut-debianhvm-amd64-xsm fail
test-amd64-amd64-libvirt-qemuu-debianhvm-amd64-xsm fail
test-amd64-i386-libvirt-qemuu-debianhvm-amd64-xsm fail
test-amd64-amd64-xl-qemuu-debianhvm-amd64-xsm fail
test-amd64-i386-xl-qemuu-debianhvm-amd64-xsm fail
test-amd64-amd64-xl-qemut-stubdom-debianhvm-amd64-xsm fail
test-amd64-i386-xl-qemut-stubdom-debianhvm-amd64-xsm fail
test-amd64-amd64-libvirt-xsm fail
test-amd64-i386-libvirt-xsm fail
test-amd64-amd64-xl-xsm fail
test-amd64-i386-xl-xsm fail
test-amd64-amd64-qemuu-nested-amd fail
test-amd64-amd64-xl-pvhv2-amd fail
test-amd64-i386-qemut-rhel6hvm-amd fail
test-amd64-i386-qemuu-rhel6hvm-amd fail
test-amd64-amd64-xl-qemut-debianhvm-amd64 fail
test-amd64-i386-xl-qemut-debianhvm-amd64 fail
test-amd64-amd64-xl-qemuu-debianhvm-amd64 fail
test-amd64-i386-xl-qemuu-debianhvm-amd64 fail
test-amd64-i386-freebsd10-amd64 fail
test-amd64-amd64-xl-qemuu-ovmf-amd64 fail
test-amd64-i386-xl-qemuu-ovmf-amd64 fail
test-amd64-amd64-rumprun-amd64 fail
test-amd64-amd64-xl-qemut-win7-amd64 fail
test-amd64-i386-xl-qemut-win7-amd64 fail
test-amd64-amd64-xl-qemuu-win7-amd64 fail
test-amd64-i386-xl-qemuu-win7-amd64 fail
test-amd64-amd64-xl-qemut-ws16-amd64 fail
test-amd64-i386-xl-qemut-ws16-amd64 fail
test-amd64-amd64-xl-qemuu-ws16-amd64 fail
test-amd64-i386-xl-qemuu-ws16-amd64 fail
test-armhf-armhf-xl-arndale fail
test-amd64-amd64-xl-credit2 fail
test-armhf-armhf-xl-credit2 fail
test-armhf-armhf-xl-cubietruck fail
test-amd64-amd64-xl-qemuu-dmrestrict-amd64-dmrestrict fail
test-amd64-i386-xl-qemuu-dmrestrict-amd64-dmrestrict fail
test-amd64-amd64-examine pass
test-armhf-armhf-examine pass
test-amd64-i386-examine pass
test-amd64-i386-freebsd10-i386 fail
test-amd64-i386-rumprun-i386 fail
test-amd64-amd64-xl-qemut-win10-i386 fail
test-amd64-i386-xl-qemut-win10-i386 fail
test-amd64-amd64-xl-qemuu-win10-i386 fail
test-amd64-i386-xl-qemuu-win10-i386 fail
test-amd64-amd64-qemuu-nested-intel fail
test-amd64-amd64-xl-pvhv2-intel fail
test-amd64-i386-qemut-rhel6hvm-intel fail
test-amd64-i386-qemuu-rhel6hvm-intel fail
test-amd64-amd64-libvirt fail
test-armhf-armhf-libvirt fail
test-amd64-i386-libvirt fail
test-amd64-amd64-xl-multivcpu fail
test-armhf-armhf-xl-multivcpu fail
test-amd64-amd64-pair fail
test-amd64-i386-pair fail
test-amd64-amd64-libvirt-pair fail
test-amd64-i386-libvirt-pair fail
test-amd64-amd64-amd64-pvgrub fail
test-amd64-amd64-i386-pvgrub fail
test-amd64-amd64-xl-pvshim fail
test-amd64-i386-xl-pvshim fail
test-amd64-amd64-pygrub fail
test-amd64-amd64-xl-qcow2 fail
test-armhf-armhf-libvirt-raw fail
test-amd64-i386-xl-raw fail
test-amd64-amd64-xl-rtds fail
test-armhf-armhf-xl-rtds fail
test-amd64-amd64-xl-qemuu-debianhvm-amd64-shadow fail
test-amd64-i386-xl-qemuu-debianhvm-amd64-shadow fail
test-amd64-amd64-xl-shadow fail
test-amd64-i386-xl-shadow fail
test-amd64-amd64-libvirt-vhd fail
test-armhf-armhf-xl-vhd fail
------------------------------------------------------------
sg-report-flight on osstest.test-lab.xenproject.org
logs: /home/logs/logs
images: /home/logs/images
Logs, config files, etc. are available at
http://logs.test-lab.xenproject.org/osstest/logs
Explanation of these reports, and of osstest in general, is at
http://xenbits.xen.org/gitweb/?p=osstest.git;a=blob;f=README.email;hb=master
http://xenbits.xen.org/gitweb/?p=osstest.git;a=blob;f=README;hb=master
Test harness code can be found at
http://xenbits.xen.org/gitweb?p=osstest.git;a=summary
Not pushing.
(No revision log; it would be 528 lines long.)
_______________________________________________
Xen-devel mailing list
Xen-devel@lists.xenproject.org
https://lists.xenproject.org/mailman/listinfo/xen-devel
^ permalink raw reply [flat|nested] only message in thread
only message in thread, other threads:[~2018-08-20 18:37 UTC | newest]
Thread overview: (only message) (download: mbox.gz follow: Atom feed
-- links below jump to the message on this page --
2018-08-20 18:37 [linux-3.18 test] 126189: regressions - FAIL osstest service owner
This is a public inbox, see mirroring instructions
for how to clone and mirror all data and code used for this inbox;
as well as URLs for NNTP newsgroup(s).