* [linux-4.14 test] 126235: tolerable FAIL - PUSHED
@ 2018-08-21 10:35 osstest service owner
0 siblings, 0 replies; only message in thread
From: osstest service owner @ 2018-08-21 10:35 UTC (permalink / raw)
To: xen-devel, osstest-admin
flight 126235 linux-4.14 real [real]
http://logs.test-lab.xenproject.org/osstest/logs/126235/
Failures :-/ but no regressions.
Tests which did not succeed, but are not blocking:
test-amd64-i386-xl-pvshim 12 guest-start fail never pass
test-amd64-i386-libvirt-xsm 13 migrate-support-check fail never pass
test-amd64-i386-libvirt 13 migrate-support-check fail never pass
test-amd64-amd64-libvirt 13 migrate-support-check fail never pass
test-amd64-amd64-libvirt-xsm 13 migrate-support-check fail never pass
test-amd64-amd64-libvirt-qemuu-debianhvm-amd64-xsm 11 migrate-support-check fail never pass
test-amd64-i386-libvirt-qemuu-debianhvm-amd64-xsm 11 migrate-support-check fail never pass
test-amd64-amd64-qemuu-nested-amd 17 debian-hvm-install/l1/l2 fail never pass
test-amd64-amd64-libvirt-vhd 12 migrate-support-check fail never pass
test-armhf-armhf-xl-multivcpu 13 migrate-support-check fail never pass
test-armhf-armhf-xl-multivcpu 14 saverestore-support-check fail never pass
test-armhf-armhf-xl-credit2 13 migrate-support-check fail never pass
test-armhf-armhf-xl-credit2 14 saverestore-support-check fail never pass
test-armhf-armhf-xl-cubietruck 13 migrate-support-check fail never pass
test-armhf-armhf-xl-cubietruck 14 saverestore-support-check fail never pass
test-armhf-armhf-xl-rtds 13 migrate-support-check fail never pass
test-armhf-armhf-xl-rtds 14 saverestore-support-check fail never pass
test-armhf-armhf-libvirt 13 migrate-support-check fail never pass
test-armhf-armhf-libvirt 14 saverestore-support-check fail never pass
test-amd64-i386-xl-qemut-win7-amd64 17 guest-stop fail never pass
test-amd64-amd64-xl-qemuu-ws16-amd64 17 guest-stop fail never pass
test-amd64-amd64-xl-qemuu-win7-amd64 17 guest-stop fail never pass
test-amd64-i386-xl-qemuu-win7-amd64 17 guest-stop fail never pass
test-armhf-armhf-libvirt-raw 12 migrate-support-check fail never pass
test-armhf-armhf-libvirt-raw 13 saverestore-support-check fail never pass
test-amd64-amd64-xl-qemut-win7-amd64 17 guest-stop fail never pass
test-amd64-amd64-xl-qemut-ws16-amd64 17 guest-stop fail never pass
test-armhf-armhf-xl 13 migrate-support-check fail never pass
test-armhf-armhf-xl 14 saverestore-support-check fail never pass
test-armhf-armhf-xl-vhd 12 migrate-support-check fail never pass
test-armhf-armhf-xl-vhd 13 saverestore-support-check fail never pass
test-armhf-armhf-xl-arndale 13 migrate-support-check fail never pass
test-armhf-armhf-xl-arndale 14 saverestore-support-check fail never pass
test-amd64-i386-xl-qemuu-ws16-amd64 17 guest-stop fail never pass
test-amd64-i386-xl-qemut-ws16-amd64 17 guest-stop fail never pass
test-amd64-i386-xl-qemut-win10-i386 10 windows-install fail never pass
test-amd64-amd64-xl-qemut-win10-i386 10 windows-install fail never pass
test-amd64-amd64-xl-qemuu-win10-i386 10 windows-install fail never pass
test-amd64-i386-xl-qemuu-win10-i386 10 windows-install fail never pass
version targeted for testing:
linux 4cea13b66144903ae7310331b43e08f7b2d6aadb
baseline version:
linux 1aa1166efaceef8972045b4aa25e6e0ab96d8a30
Last test of basis 125904 2018-08-14 12:54:15 Z 6 days
Failing since 125938 2018-08-16 02:43:17 Z 5 days 3 attempts
Testing same since 126235 2018-08-20 04:29:43 Z 1 days 1 attempts
------------------------------------------------------------
People who touched revisions under test:
Abel Vesa <abelvesa@linux.com>
Al Viro <viro@zeniv.linux.org.uk>
Alexander Syring <alex@asyring.de>
Amit Pundir <amit.pundir@linaro.org>
Andi Kleen <ak@linux.intel.com>
Andrew Morton <akpm@linux-foundation.org>
Andrey Konovalov <andreyknvl@google.com>
Andrey Ryabinin <aryabinin@virtuozzo.com>
Angelo Ruocco <angeloruocco90@gmail.com>
Artem Bityutskiy <artem.bityutskiy@intel.com>
Bart Van Assche <bart.vanassche@wdc.com>
Boris Brezillon <boris.brezillon@free-electrons.com>
Borislav Petkov <bp@suse.de>
Borislav Petkov <bpetkov@suse.de>
Chen-Yu Tsai <wens@csie.org>
Chintan Pandya <cpandya@codeaurora.org>
Chunfeng Yun <chunfeng.yun@mediatek.com>
Dave Hansen <dave.hansen@intel.com>
David S. Miller <davem@davemloft.net>
David Woodhouse <dwmw@amazon.co.uk>
Don Brace <don.brace@microsemi.com>
Eric Biggers <ebiggers@google.com>
Fabio Estevam <fabio.estevam@nxp.com>
Greg Kroah-Hartman <gregkh@linuxfoundation.org>
Guenter Roeck <linux@roeck-us.net>
Helge Deller <deller@gmx.de>
Herbert Xu <herbert@gondor.apana.org.au>
Himanshu Madhani <himanshu.madhani@cavium.com>
Ingo Molnar <mingo@kernel.org>
Isaac J. Manjarres <isaacm@codeaurora.org>
James Morse <james.morse@arm.com>
Jann Horn <jannh@google.com>
Jean-François Têtu <jean-francois.tetu@savoirfairelinux.com>
Jens Axboe <axboe@kernel.dk>
Jiri Kosina <jkosina@suse.cz>
Johannes Thumshirn <jthumshirn@suse.de>
John David Anglin <dave.anglin@bell.net>
Josh Poimboeuf <jpoimboe@redhat.com>
Juergen Gross <jgross@suse.com>
Kees Cook <keescook@chromium.org>
Kishon Vijay Abraham I <kishon@ti.com>
Konrad Rzeszutek Wilk <konrad.wilk@oracle.com>
Kuninori Morimoto <kuninori.morimoto.gx@renesas.com>
Laurence Oberman <loberman@redhat.com>
Lee Tibbert <lee.tibbert@gmail.com>
Linus Torvalds <torvalds@linux-foundation.org>
Lukas Wunner <lukas@wunner.de>
Marc-André Lureau <marcandre.lureau@redhat.com>
Marcel Holtmann <marcel@holtmann.org>
Mark Brown <broonie@kernel.org>
Mark Salyzyn <salyzyn@android.com>
Martin K. Petersen <martin.petersen@oracle.com>
Masahiro Yamada <yamada.masahiro@socionext.com>
Masami Hiramatsu <mhiramat@kernel.org>
Maxime Ripard <maxime.ripard@free-electrons.com>
Michael S. Tsirkin <mst@redhat.com>
Michal Hocko <mhocko@suse.com>
Michal Hocko <mhocko@suse.cz>
Ming Lei <ming.lei@redhat.com>
Mirko Montanari <mirkomontanari91@gmail.com>
Nick Desaulniers <ndesaulniers@google.com>
Nicolai Stange <nstange@suse.de>
Oleksandr Natalenko <oleksandr@natalenko.name>
Oleksij Rempel <o.rempel@pengutronix.de>
Paolo Bonzini <pbonzini@redhat.com>
Paolo Valente <paolo.valente@linaro.org>
Pavankumar Kondeti <pkondeti@codeaurora.org>
Peter Zijlstra (Intel) <peterz@infradead.org>
Peter Zijlstra <peterz@infradead.org>
Pierre-Louis Bossart <pierre-louis.bossart@linux.intel.com>
Prasad Sodagudi <psodagud@codeaurora.org>
Quinn Tran <quinn.tran@cavium.com>
Radim Krčmář <rkrcmar@redhat.com>
Rafael J. Wysocki <rafael.j.wysocki@intel.com>
Randy Dunlap <rdunlap@infradead.org>
Ronald Tschalär <ronald@innovation.ch>
Sean Christopherson <sean.j.christopherson@intel.com>
Shawn Guo <shawnguo@kernel.org>
Sudip Mukherjee <sudipm.mukherjee@gmail.com>
Suravee Suthikulpanit <suravee.suthikulpanit@amd.com>
Thierry Escande <thierry.escande@collabora.com>
Thomas Gleixner <tglx@linutronix.de>
Tim Chen <tim.c.chen@linux.intel.com>
Tom Lendacky <thomas.lendacky@amd.com>
Tony Luck <tony.luck@intel.com>
Toshi Kani <toshi.kani@hpe.com>
Tyler Baicar <tbaicar@codeaurora.org>
Vinod Koul <vinod.koul@intel.com>
Vlastimil Babka <vbabka@suse.cz>
Wanpeng Li <wanpengli@tencent.com>
jobs:
build-amd64-xsm pass
build-i386-xsm pass
build-amd64 pass
build-armhf pass
build-i386 pass
build-amd64-libvirt pass
build-armhf-libvirt pass
build-i386-libvirt pass
build-amd64-pvops pass
build-armhf-pvops pass
build-i386-pvops pass
build-amd64-rumprun pass
build-i386-rumprun pass
test-amd64-amd64-xl pass
test-armhf-armhf-xl pass
test-amd64-i386-xl pass
test-amd64-amd64-xl-qemut-debianhvm-amd64-xsm pass
test-amd64-i386-xl-qemut-debianhvm-amd64-xsm pass
test-amd64-amd64-libvirt-qemuu-debianhvm-amd64-xsm pass
test-amd64-i386-libvirt-qemuu-debianhvm-amd64-xsm pass
test-amd64-amd64-xl-qemuu-debianhvm-amd64-xsm pass
test-amd64-i386-xl-qemuu-debianhvm-amd64-xsm pass
test-amd64-amd64-xl-qemut-stubdom-debianhvm-amd64-xsm pass
test-amd64-i386-xl-qemut-stubdom-debianhvm-amd64-xsm pass
test-amd64-amd64-libvirt-xsm pass
test-amd64-i386-libvirt-xsm pass
test-amd64-amd64-xl-xsm pass
test-amd64-i386-xl-xsm pass
test-amd64-amd64-qemuu-nested-amd fail
test-amd64-amd64-xl-pvhv2-amd pass
test-amd64-i386-qemut-rhel6hvm-amd pass
test-amd64-i386-qemuu-rhel6hvm-amd pass
test-amd64-amd64-xl-qemut-debianhvm-amd64 pass
test-amd64-i386-xl-qemut-debianhvm-amd64 pass
test-amd64-amd64-xl-qemuu-debianhvm-amd64 pass
test-amd64-i386-xl-qemuu-debianhvm-amd64 pass
test-amd64-i386-freebsd10-amd64 pass
test-amd64-amd64-xl-qemuu-ovmf-amd64 pass
test-amd64-i386-xl-qemuu-ovmf-amd64 pass
test-amd64-amd64-rumprun-amd64 pass
test-amd64-amd64-xl-qemut-win7-amd64 fail
test-amd64-i386-xl-qemut-win7-amd64 fail
test-amd64-amd64-xl-qemuu-win7-amd64 fail
test-amd64-i386-xl-qemuu-win7-amd64 fail
test-amd64-amd64-xl-qemut-ws16-amd64 fail
test-amd64-i386-xl-qemut-ws16-amd64 fail
test-amd64-amd64-xl-qemuu-ws16-amd64 fail
test-amd64-i386-xl-qemuu-ws16-amd64 fail
test-armhf-armhf-xl-arndale pass
test-amd64-amd64-xl-credit2 pass
test-armhf-armhf-xl-credit2 pass
test-armhf-armhf-xl-cubietruck pass
test-amd64-amd64-xl-qemuu-dmrestrict-amd64-dmrestrict pass
test-amd64-i386-xl-qemuu-dmrestrict-amd64-dmrestrict pass
test-amd64-amd64-examine pass
test-armhf-armhf-examine pass
test-amd64-i386-examine pass
test-amd64-i386-freebsd10-i386 pass
test-amd64-i386-rumprun-i386 pass
test-amd64-amd64-xl-qemut-win10-i386 fail
test-amd64-i386-xl-qemut-win10-i386 fail
test-amd64-amd64-xl-qemuu-win10-i386 fail
test-amd64-i386-xl-qemuu-win10-i386 fail
test-amd64-amd64-qemuu-nested-intel pass
test-amd64-amd64-xl-pvhv2-intel pass
test-amd64-i386-qemut-rhel6hvm-intel pass
test-amd64-i386-qemuu-rhel6hvm-intel pass
test-amd64-amd64-libvirt pass
test-armhf-armhf-libvirt pass
test-amd64-i386-libvirt pass
test-amd64-amd64-xl-multivcpu pass
test-armhf-armhf-xl-multivcpu pass
test-amd64-amd64-pair pass
test-amd64-i386-pair pass
test-amd64-amd64-libvirt-pair pass
test-amd64-i386-libvirt-pair pass
test-amd64-amd64-amd64-pvgrub pass
test-amd64-amd64-i386-pvgrub pass
test-amd64-amd64-xl-pvshim pass
test-amd64-i386-xl-pvshim fail
test-amd64-amd64-pygrub pass
test-amd64-amd64-xl-qcow2 pass
test-armhf-armhf-libvirt-raw pass
test-amd64-i386-xl-raw pass
test-amd64-amd64-xl-rtds pass
test-armhf-armhf-xl-rtds pass
test-amd64-amd64-xl-qemuu-debianhvm-amd64-shadow pass
test-amd64-i386-xl-qemuu-debianhvm-amd64-shadow pass
test-amd64-amd64-xl-shadow pass
test-amd64-i386-xl-shadow pass
test-amd64-amd64-libvirt-vhd pass
test-armhf-armhf-xl-vhd pass
------------------------------------------------------------
sg-report-flight on osstest.test-lab.xenproject.org
logs: /home/logs/logs
images: /home/logs/images
Logs, config files, etc. are available at
http://logs.test-lab.xenproject.org/osstest/logs
Explanation of these reports, and of osstest in general, is at
http://xenbits.xen.org/gitweb/?p=osstest.git;a=blob;f=README.email;hb=master
http://xenbits.xen.org/gitweb/?p=osstest.git;a=blob;f=README;hb=master
Test harness code can be found at
http://xenbits.xen.org/gitweb?p=osstest.git;a=summary
Pushing revision :
To xenbits.xen.org:/home/xen/git/linux-pvops.git
1aa1166eface..4cea13b66144 4cea13b66144903ae7310331b43e08f7b2d6aadb -> tested/linux-4.14
_______________________________________________
Xen-devel mailing list
Xen-devel@lists.xenproject.org
https://lists.xenproject.org/mailman/listinfo/xen-devel
^ permalink raw reply [flat|nested] only message in thread
only message in thread, other threads:[~2018-08-21 10:35 UTC | newest]
Thread overview: (only message) (download: mbox.gz follow: Atom feed
-- links below jump to the message on this page --
2018-08-21 10:35 [linux-4.14 test] 126235: tolerable FAIL - PUSHED osstest service owner
This is a public inbox, see mirroring instructions
for how to clone and mirror all data and code used for this inbox;
as well as URLs for NNTP newsgroup(s).