From: osstest service owner <osstest-admin@xenproject.org>
To: xen-devel@lists.xenproject.org, osstest-admin@xenproject.org
Subject: [linux-4.9 test] 126259: regressions - FAIL
Date: Tue, 21 Aug 2018 21:11:25 +0000 [thread overview]
Message-ID: <osstest-126259-mainreport@xen.org> (raw)
flight 126259 linux-4.9 real [real]
http://logs.test-lab.xenproject.org/osstest/logs/126259/
Regressions :-(
Tests which did not succeed and are blocking,
including tests which could not be run:
test-amd64-amd64-rumprun-amd64 12 guest-start fail REGR. vs. 125183
test-amd64-amd64-libvirt-xsm 12 guest-start fail REGR. vs. 125183
test-amd64-i386-freebsd10-i386 11 guest-start fail REGR. vs. 125183
test-amd64-i386-freebsd10-amd64 11 guest-start fail REGR. vs. 125183
test-amd64-i386-pair 21 guest-start/debian fail REGR. vs. 125183
test-amd64-amd64-xl 12 guest-start fail REGR. vs. 125183
test-amd64-i386-libvirt-pair 21 guest-start/debian fail REGR. vs. 125183
test-amd64-i386-libvirt 12 guest-start fail REGR. vs. 125183
test-amd64-i386-xl-xsm 12 guest-start fail REGR. vs. 125183
test-amd64-i386-xl-shadow 12 guest-start fail REGR. vs. 125183
test-amd64-amd64-libvirt-pair 21 guest-start/debian fail REGR. vs. 125183
test-amd64-amd64-xl-credit2 12 guest-start fail REGR. vs. 125183
test-amd64-amd64-pair 21 guest-start/debian fail REGR. vs. 125183
test-amd64-i386-xl 12 guest-start fail REGR. vs. 125183
test-amd64-amd64-xl-xsm 12 guest-start fail REGR. vs. 125183
test-amd64-amd64-xl-multivcpu 12 guest-start fail REGR. vs. 125183
test-amd64-amd64-xl-pvshim 12 guest-start fail REGR. vs. 125183
test-amd64-amd64-xl-shadow 12 guest-start fail REGR. vs. 125183
test-amd64-i386-qemuu-rhel6hvm-intel 10 redhat-install fail REGR. vs. 125183
test-amd64-i386-qemut-rhel6hvm-intel 10 redhat-install fail REGR. vs. 125183
test-amd64-i386-qemut-rhel6hvm-amd 10 redhat-install fail REGR. vs. 125183
test-amd64-amd64-libvirt 12 guest-start fail REGR. vs. 125183
test-amd64-i386-qemuu-rhel6hvm-amd 10 redhat-install fail REGR. vs. 125183
test-amd64-amd64-qemuu-nested-amd 10 debian-hvm-install fail REGR. vs. 125183
test-amd64-amd64-xl-qemut-win7-amd64 10 windows-install fail REGR. vs. 125183
test-amd64-amd64-pygrub 10 debian-di-install fail REGR. vs. 125183
test-amd64-amd64-i386-pvgrub 10 debian-di-install fail REGR. vs. 125183
test-amd64-i386-xl-qemuu-debianhvm-amd64-xsm 10 debian-hvm-install fail REGR. vs. 125183
test-amd64-i386-xl-qemut-win7-amd64 10 windows-install fail REGR. vs. 125183
test-amd64-amd64-xl-qcow2 10 debian-di-install fail REGR. vs. 125183
test-amd64-amd64-xl-qemuu-debianhvm-amd64 10 debian-hvm-install fail REGR. vs. 125183
test-amd64-amd64-xl-qemut-debianhvm-amd64 10 debian-hvm-install fail REGR. vs. 125183
test-amd64-amd64-qemuu-nested-intel 10 debian-hvm-install fail REGR. vs. 125183
test-amd64-amd64-xl-qemut-debianhvm-amd64-xsm 10 debian-hvm-install fail REGR. vs. 125183
test-amd64-amd64-libvirt-qemuu-debianhvm-amd64-xsm 10 debian-hvm-install fail REGR. vs. 125183
test-amd64-i386-xl-qemut-debianhvm-amd64-xsm 10 debian-hvm-install fail REGR. vs. 125183
test-amd64-amd64-xl-qemut-stubdom-debianhvm-amd64-xsm 10 debian-hvm-install fail REGR. vs. 125183
test-amd64-amd64-xl-qemuu-ovmf-amd64 10 debian-hvm-install fail REGR. vs. 125183
test-amd64-i386-xl-qemuu-debianhvm-amd64 10 debian-hvm-install fail REGR. vs. 125183
test-amd64-amd64-xl-qemuu-debianhvm-amd64-xsm 10 debian-hvm-install fail REGR. vs. 125183
test-amd64-amd64-xl-qemuu-debianhvm-amd64-shadow 10 debian-hvm-install fail REGR. vs. 125183
test-amd64-i386-xl-qemuu-ovmf-amd64 10 debian-hvm-install fail REGR. vs. 125183
test-amd64-i386-xl-qemuu-win7-amd64 10 windows-install fail REGR. vs. 125183
test-amd64-i386-xl-qemut-stubdom-debianhvm-amd64-xsm 10 debian-hvm-install fail REGR. vs. 125183
test-amd64-i386-xl-qemuu-debianhvm-amd64-shadow 10 debian-hvm-install fail REGR. vs. 125183
test-amd64-amd64-xl-qemuu-win7-amd64 10 windows-install fail REGR. vs. 125183
test-amd64-amd64-xl-qemut-ws16-amd64 10 windows-install fail REGR. vs. 125183
test-amd64-amd64-libvirt-vhd 10 debian-di-install fail REGR. vs. 125183
test-amd64-i386-xl-qemut-debianhvm-amd64 10 debian-hvm-install fail REGR. vs. 125183
test-amd64-i386-xl-qemuu-ws16-amd64 10 windows-install fail REGR. vs. 125183
test-amd64-i386-xl-qemut-ws16-amd64 10 windows-install fail REGR. vs. 125183
test-amd64-amd64-xl-qemuu-ws16-amd64 10 windows-install fail REGR. vs. 125183
test-armhf-armhf-xl 12 guest-start fail REGR. vs. 125183
test-armhf-armhf-xl-cubietruck 12 guest-start fail REGR. vs. 125183
test-armhf-armhf-xl-credit2 12 guest-start fail REGR. vs. 125183
test-armhf-armhf-libvirt 12 guest-start fail REGR. vs. 125183
test-armhf-armhf-xl-multivcpu 12 guest-start fail REGR. vs. 125183
test-amd64-i386-rumprun-i386 12 guest-start fail REGR. vs. 125183
test-amd64-i386-libvirt-xsm 12 guest-start fail REGR. vs. 125183
test-amd64-amd64-amd64-pvgrub 10 debian-di-install fail REGR. vs. 125183
test-armhf-armhf-libvirt-raw 10 debian-di-install fail REGR. vs. 125183
test-amd64-i386-xl-raw 10 debian-di-install fail REGR. vs. 125183
test-armhf-armhf-xl-vhd 10 debian-di-install fail REGR. vs. 125183
test-armhf-armhf-xl-arndale 12 guest-start fail REGR. vs. 125183
test-amd64-i386-libvirt-qemuu-debianhvm-amd64-xsm 10 debian-hvm-install fail REGR. vs. 125183
Regressions which are regarded as allowable (not blocking):
test-amd64-amd64-xl-rtds 12 guest-start fail REGR. vs. 125183
test-armhf-armhf-xl-rtds 12 guest-start fail REGR. vs. 125183
Tests which did not succeed, but are not blocking:
test-amd64-amd64-xl-pvhv2-intel 12 guest-start fail never pass
test-amd64-i386-xl-qemuu-dmrestrict-amd64-dmrestrict 10 debian-hvm-install fail never pass
test-amd64-amd64-xl-pvhv2-amd 12 guest-start fail never pass
test-amd64-i386-xl-pvshim 12 guest-start fail never pass
test-amd64-amd64-xl-qemuu-dmrestrict-amd64-dmrestrict 10 debian-hvm-install fail never pass
test-amd64-amd64-xl-qemut-win10-i386 10 windows-install fail never pass
test-amd64-i386-xl-qemuu-win10-i386 10 windows-install fail never pass
test-amd64-amd64-xl-qemuu-win10-i386 10 windows-install fail never pass
test-amd64-i386-xl-qemut-win10-i386 10 windows-install fail never pass
version targeted for testing:
linux ea101a702611f987c937a5fafe00f714fd9c1fe8
baseline version:
linux 060744011e93679f03932f050619744be895b772
Last test of basis 125183 2018-07-15 16:46:53 Z 37 days
Failing since 125271 2018-07-17 10:12:19 Z 35 days 17 attempts
Testing same since 126187 2018-08-19 02:01:22 Z 2 days 2 attempts
------------------------------------------------------------
391 people touched revisions under test,
not listing them all
jobs:
build-amd64-xsm pass
build-i386-xsm pass
build-amd64 pass
build-armhf pass
build-i386 pass
build-amd64-libvirt pass
build-armhf-libvirt pass
build-i386-libvirt pass
build-amd64-pvops pass
build-armhf-pvops pass
build-i386-pvops pass
build-amd64-rumprun pass
build-i386-rumprun pass
test-amd64-amd64-xl fail
test-armhf-armhf-xl fail
test-amd64-i386-xl fail
test-amd64-amd64-xl-qemut-debianhvm-amd64-xsm fail
test-amd64-i386-xl-qemut-debianhvm-amd64-xsm fail
test-amd64-amd64-libvirt-qemuu-debianhvm-amd64-xsm fail
test-amd64-i386-libvirt-qemuu-debianhvm-amd64-xsm fail
test-amd64-amd64-xl-qemuu-debianhvm-amd64-xsm fail
test-amd64-i386-xl-qemuu-debianhvm-amd64-xsm fail
test-amd64-amd64-xl-qemut-stubdom-debianhvm-amd64-xsm fail
test-amd64-i386-xl-qemut-stubdom-debianhvm-amd64-xsm fail
test-amd64-amd64-libvirt-xsm fail
test-amd64-i386-libvirt-xsm fail
test-amd64-amd64-xl-xsm fail
test-amd64-i386-xl-xsm fail
test-amd64-amd64-qemuu-nested-amd fail
test-amd64-amd64-xl-pvhv2-amd fail
test-amd64-i386-qemut-rhel6hvm-amd fail
test-amd64-i386-qemuu-rhel6hvm-amd fail
test-amd64-amd64-xl-qemut-debianhvm-amd64 fail
test-amd64-i386-xl-qemut-debianhvm-amd64 fail
test-amd64-amd64-xl-qemuu-debianhvm-amd64 fail
test-amd64-i386-xl-qemuu-debianhvm-amd64 fail
test-amd64-i386-freebsd10-amd64 fail
test-amd64-amd64-xl-qemuu-ovmf-amd64 fail
test-amd64-i386-xl-qemuu-ovmf-amd64 fail
test-amd64-amd64-rumprun-amd64 fail
test-amd64-amd64-xl-qemut-win7-amd64 fail
test-amd64-i386-xl-qemut-win7-amd64 fail
test-amd64-amd64-xl-qemuu-win7-amd64 fail
test-amd64-i386-xl-qemuu-win7-amd64 fail
test-amd64-amd64-xl-qemut-ws16-amd64 fail
test-amd64-i386-xl-qemut-ws16-amd64 fail
test-amd64-amd64-xl-qemuu-ws16-amd64 fail
test-amd64-i386-xl-qemuu-ws16-amd64 fail
test-armhf-armhf-xl-arndale fail
test-amd64-amd64-xl-credit2 fail
test-armhf-armhf-xl-credit2 fail
test-armhf-armhf-xl-cubietruck fail
test-amd64-amd64-xl-qemuu-dmrestrict-amd64-dmrestrict fail
test-amd64-i386-xl-qemuu-dmrestrict-amd64-dmrestrict fail
test-amd64-amd64-examine pass
test-armhf-armhf-examine pass
test-amd64-i386-examine pass
test-amd64-i386-freebsd10-i386 fail
test-amd64-i386-rumprun-i386 fail
test-amd64-amd64-xl-qemut-win10-i386 fail
test-amd64-i386-xl-qemut-win10-i386 fail
test-amd64-amd64-xl-qemuu-win10-i386 fail
test-amd64-i386-xl-qemuu-win10-i386 fail
test-amd64-amd64-qemuu-nested-intel fail
test-amd64-amd64-xl-pvhv2-intel fail
test-amd64-i386-qemut-rhel6hvm-intel fail
test-amd64-i386-qemuu-rhel6hvm-intel fail
test-amd64-amd64-libvirt fail
test-armhf-armhf-libvirt fail
test-amd64-i386-libvirt fail
test-amd64-amd64-xl-multivcpu fail
test-armhf-armhf-xl-multivcpu fail
test-amd64-amd64-pair fail
test-amd64-i386-pair fail
test-amd64-amd64-libvirt-pair fail
test-amd64-i386-libvirt-pair fail
test-amd64-amd64-amd64-pvgrub fail
test-amd64-amd64-i386-pvgrub fail
test-amd64-amd64-xl-pvshim fail
test-amd64-i386-xl-pvshim fail
test-amd64-amd64-pygrub fail
test-amd64-amd64-xl-qcow2 fail
test-armhf-armhf-libvirt-raw fail
test-amd64-i386-xl-raw fail
test-amd64-amd64-xl-rtds fail
test-armhf-armhf-xl-rtds fail
test-amd64-amd64-xl-qemuu-debianhvm-amd64-shadow fail
test-amd64-i386-xl-qemuu-debianhvm-amd64-shadow fail
test-amd64-amd64-xl-shadow fail
test-amd64-i386-xl-shadow fail
test-amd64-amd64-libvirt-vhd fail
test-armhf-armhf-xl-vhd fail
------------------------------------------------------------
sg-report-flight on osstest.test-lab.xenproject.org
logs: /home/logs/logs
images: /home/logs/images
Logs, config files, etc. are available at
http://logs.test-lab.xenproject.org/osstest/logs
Explanation of these reports, and of osstest in general, is at
http://xenbits.xen.org/gitweb/?p=osstest.git;a=blob;f=README.email;hb=master
http://xenbits.xen.org/gitweb/?p=osstest.git;a=blob;f=README;hb=master
Test harness code can be found at
http://xenbits.xen.org/gitweb?p=osstest.git;a=summary
Not pushing.
(No revision log; it would be 14371 lines long.)
_______________________________________________
Xen-devel mailing list
Xen-devel@lists.xenproject.org
https://lists.xenproject.org/mailman/listinfo/xen-devel
reply other threads:[~2018-08-21 21:11 UTC|newest]
Thread overview: [no followups] expand[flat|nested] mbox.gz Atom feed
Reply instructions:
You may reply publicly to this message via plain-text email
using any one of the following methods:
* Save the following mbox file, import it into your mail client,
and reply-to-all from there: mbox
Avoid top-posting and favor interleaved quoting:
https://en.wikipedia.org/wiki/Posting_style#Interleaved_style
* Reply using the --to, --cc, and --in-reply-to
switches of git-send-email(1):
git send-email \
--in-reply-to=osstest-126259-mainreport@xen.org \
--to=osstest-admin@xenproject.org \
--cc=xen-devel@lists.xenproject.org \
/path/to/YOUR_REPLY
https://kernel.org/pub/software/scm/git/docs/git-send-email.html
* If your mail client supports setting the In-Reply-To header
via mailto: links, try the mailto: link
Be sure your reply has a Subject: header at the top and a blank line
before the message body.
This is a public inbox, see mirroring instructions
for how to clone and mirror all data and code used for this inbox;
as well as URLs for NNTP newsgroup(s).