From: osstest service owner <osstest-admin@xenproject.org>
To: xen-devel@lists.xenproject.org, osstest-admin@xenproject.org,
royger@FreeBSD.org
Subject: [freebsd-master test] 126376: tolerable FAIL - PUSHED
Date: Wed, 22 Aug 2018 18:33:01 +0000 [thread overview]
Message-ID: <osstest-126376-mainreport@xen.org> (raw)
flight 126376 freebsd-master real [real]
http://logs.test-lab.xenproject.org/osstest/logs/126376/
Failures :-/ but no regressions.
Tests which did not succeed, but are not blocking:
build-amd64-xen-freebsd 7 xen-build-freebsd fail never pass
version targeted for testing:
freebsd fa895cb8d251d2316caa4fbacba5d4fc4b2d55da
baseline version:
freebsd 72445a41b3fff174cd49f9b1b6e0b18aba780529
Last test of basis 126247 2018-08-20 09:19:19 Z 2 days
Testing same since 126376 2018-08-22 09:19:14 Z 0 days 1 attempts
------------------------------------------------------------
People who touched revisions under test:
0mp <0mp@FreeBSD.org>
alc <alc@FreeBSD.org>
araujo <araujo@FreeBSD.org>
arichardson <arichardson@FreeBSD.org>
bhd <bhd@FreeBSD.org>
brd <brd@FreeBSD.org>
brooks <brooks@FreeBSD.org>
bz <bz@FreeBSD.org>
cem <cem@FreeBSD.org>
chuck <chuck@FreeBSD.org>
cperciva <cperciva@FreeBSD.org>
cy <cy@FreeBSD.org>
delphij <delphij@FreeBSD.org>
fsu <fsu@FreeBSD.org>
gonzo <gonzo@FreeBSD.org>
imp <imp@FreeBSD.org>
jhb <jhb@FreeBSD.org>
jmg <jmg@FreeBSD.org>
kevans <kevans@FreeBSD.org>
kib <kib@FreeBSD.org>
markj <markj@FreeBSD.org>
mav <mav@FreeBSD.org>
mckusick <mckusick@FreeBSD.org>
mmacy <mmacy@FreeBSD.org>
np <np@FreeBSD.org>
pfg <pfg@FreeBSD.org>
rrs <rrs@FreeBSD.org>
trasz <trasz@FreeBSD.org>
tuexen <tuexen@FreeBSD.org>
will <will@FreeBSD.org>
jobs:
build-amd64-freebsd-again pass
build-amd64-freebsd pass
build-amd64-xen-freebsd fail
------------------------------------------------------------
sg-report-flight on osstest.test-lab.xenproject.org
logs: /home/logs/logs
images: /home/logs/images
Logs, config files, etc. are available at
http://logs.test-lab.xenproject.org/osstest/logs
Explanation of these reports, and of osstest in general, is at
http://xenbits.xen.org/gitweb/?p=osstest.git;a=blob;f=README.email;hb=master
http://xenbits.xen.org/gitweb/?p=osstest.git;a=blob;f=README;hb=master
Test harness code can be found at
http://xenbits.xen.org/gitweb?p=osstest.git;a=summary
Pushing revision :
To xenbits.xen.org:/home/xen/git/freebsd.git
72445a41b3f..fa895cb8d25 fa895cb8d251d2316caa4fbacba5d4fc4b2d55da -> tested/master
_______________________________________________
Xen-devel mailing list
Xen-devel@lists.xenproject.org
https://lists.xenproject.org/mailman/listinfo/xen-devel
reply other threads:[~2018-08-22 18:33 UTC|newest]
Thread overview: [no followups] expand[flat|nested] mbox.gz Atom feed
Reply instructions:
You may reply publicly to this message via plain-text email
using any one of the following methods:
* Save the following mbox file, import it into your mail client,
and reply-to-all from there: mbox
Avoid top-posting and favor interleaved quoting:
https://en.wikipedia.org/wiki/Posting_style#Interleaved_style
* Reply using the --to, --cc, and --in-reply-to
switches of git-send-email(1):
git send-email \
--in-reply-to=osstest-126376-mainreport@xen.org \
--to=osstest-admin@xenproject.org \
--cc=royger@FreeBSD.org \
--cc=xen-devel@lists.xenproject.org \
/path/to/YOUR_REPLY
https://kernel.org/pub/software/scm/git/docs/git-send-email.html
* If your mail client supports setting the In-Reply-To header
via mailto: links, try the mailto: link
Be sure your reply has a Subject: header at the top and a blank line
before the message body.
This is a public inbox, see mirroring instructions
for how to clone and mirror all data and code used for this inbox;
as well as URLs for NNTP newsgroup(s).