xen-devel.lists.xenproject.org archive mirror
 help / color / mirror / Atom feed
* [freebsd-master test] 126376: tolerable FAIL - PUSHED
@ 2018-08-22 18:33 osstest service owner
  0 siblings, 0 replies; only message in thread
From: osstest service owner @ 2018-08-22 18:33 UTC (permalink / raw)
  To: xen-devel, osstest-admin, royger

flight 126376 freebsd-master real [real]
http://logs.test-lab.xenproject.org/osstest/logs/126376/

Failures :-/ but no regressions.

Tests which did not succeed, but are not blocking:
 build-amd64-xen-freebsd       7 xen-build-freebsd            fail   never pass

version targeted for testing:
 freebsd              fa895cb8d251d2316caa4fbacba5d4fc4b2d55da
baseline version:
 freebsd              72445a41b3fff174cd49f9b1b6e0b18aba780529

Last test of basis   126247  2018-08-20 09:19:19 Z    2 days
Testing same since   126376  2018-08-22 09:19:14 Z    0 days    1 attempts

------------------------------------------------------------
People who touched revisions under test:
  0mp <0mp@FreeBSD.org>
  alc <alc@FreeBSD.org>
  araujo <araujo@FreeBSD.org>
  arichardson <arichardson@FreeBSD.org>
  bhd <bhd@FreeBSD.org>
  brd <brd@FreeBSD.org>
  brooks <brooks@FreeBSD.org>
  bz <bz@FreeBSD.org>
  cem <cem@FreeBSD.org>
  chuck <chuck@FreeBSD.org>
  cperciva <cperciva@FreeBSD.org>
  cy <cy@FreeBSD.org>
  delphij <delphij@FreeBSD.org>
  fsu <fsu@FreeBSD.org>
  gonzo <gonzo@FreeBSD.org>
  imp <imp@FreeBSD.org>
  jhb <jhb@FreeBSD.org>
  jmg <jmg@FreeBSD.org>
  kevans <kevans@FreeBSD.org>
  kib <kib@FreeBSD.org>
  markj <markj@FreeBSD.org>
  mav <mav@FreeBSD.org>
  mckusick <mckusick@FreeBSD.org>
  mmacy <mmacy@FreeBSD.org>
  np <np@FreeBSD.org>
  pfg <pfg@FreeBSD.org>
  rrs <rrs@FreeBSD.org>
  trasz <trasz@FreeBSD.org>
  tuexen <tuexen@FreeBSD.org>
  will <will@FreeBSD.org>

jobs:
 build-amd64-freebsd-again                                    pass    
 build-amd64-freebsd                                          pass    
 build-amd64-xen-freebsd                                      fail    


------------------------------------------------------------
sg-report-flight on osstest.test-lab.xenproject.org
logs: /home/logs/logs
images: /home/logs/images

Logs, config files, etc. are available at
    http://logs.test-lab.xenproject.org/osstest/logs

Explanation of these reports, and of osstest in general, is at
    http://xenbits.xen.org/gitweb/?p=osstest.git;a=blob;f=README.email;hb=master
    http://xenbits.xen.org/gitweb/?p=osstest.git;a=blob;f=README;hb=master

Test harness code can be found at
    http://xenbits.xen.org/gitweb?p=osstest.git;a=summary


Pushing revision :

To xenbits.xen.org:/home/xen/git/freebsd.git
   72445a41b3f..fa895cb8d25  fa895cb8d251d2316caa4fbacba5d4fc4b2d55da -> tested/master

_______________________________________________
Xen-devel mailing list
Xen-devel@lists.xenproject.org
https://lists.xenproject.org/mailman/listinfo/xen-devel

^ permalink raw reply	[flat|nested] only message in thread

only message in thread, other threads:[~2018-08-22 18:33 UTC | newest]

Thread overview: (only message) (download: mbox.gz follow: Atom feed
-- links below jump to the message on this page --
2018-08-22 18:33 [freebsd-master test] 126376: tolerable FAIL - PUSHED osstest service owner

This is a public inbox, see mirroring instructions
for how to clone and mirror all data and code used for this inbox;
as well as URLs for NNTP newsgroup(s).