* [xen-unstable-smoke test] 126397: tolerable all pass - PUSHED
@ 2018-08-22 18:21 osstest service owner
0 siblings, 0 replies; only message in thread
From: osstest service owner @ 2018-08-22 18:21 UTC (permalink / raw)
To: xen-devel, osstest-admin
flight 126397 xen-unstable-smoke real [real]
http://logs.test-lab.xenproject.org/osstest/logs/126397/
Failures :-/ but no regressions.
Tests which did not succeed, but are not blocking:
test-amd64-amd64-libvirt 13 migrate-support-check fail never pass
test-armhf-armhf-xl 13 migrate-support-check fail never pass
test-armhf-armhf-xl 14 saverestore-support-check fail never pass
version targeted for testing:
xen 1cd5d824c716280db4b5799d9aa64ca2f0730f72
baseline version:
xen 1385a14bfc09672513cb5bf9baafa881c8d93542
Last test of basis 126333 2018-08-21 16:00:36 Z 1 days
Testing same since 126397 2018-08-22 16:00:31 Z 0 days 1 attempts
------------------------------------------------------------
People who touched revisions under test:
Julien Grall <julien.grall@arm.com>
Julien Grall <julien.grall@linaro.org>
Oleksandr Tyshchenko <oleksandr_tyshchenko@epam.com>
Stefano Stabellini <sstabellini@kernel.org>
Stefano Stabellini <stefanos@xilinx.com>
Wei Liu <wei.liu2@citrix.com>
jobs:
build-amd64 pass
build-armhf pass
build-amd64-libvirt pass
test-armhf-armhf-xl pass
test-amd64-amd64-xl-qemuu-debianhvm-i386 pass
test-amd64-amd64-libvirt pass
------------------------------------------------------------
sg-report-flight on osstest.test-lab.xenproject.org
logs: /home/logs/logs
images: /home/logs/images
Logs, config files, etc. are available at
http://logs.test-lab.xenproject.org/osstest/logs
Explanation of these reports, and of osstest in general, is at
http://xenbits.xen.org/gitweb/?p=osstest.git;a=blob;f=README.email;hb=master
http://xenbits.xen.org/gitweb/?p=osstest.git;a=blob;f=README;hb=master
Test harness code can be found at
http://xenbits.xen.org/gitweb?p=osstest.git;a=summary
Pushing revision :
To xenbits.xen.org:/home/xen/git/xen.git
1385a14bfc..1cd5d824c7 1cd5d824c716280db4b5799d9aa64ca2f0730f72 -> smoke
_______________________________________________
Xen-devel mailing list
Xen-devel@lists.xenproject.org
https://lists.xenproject.org/mailman/listinfo/xen-devel
^ permalink raw reply [flat|nested] only message in thread
only message in thread, other threads:[~2018-08-22 18:21 UTC | newest]
Thread overview: (only message) (download: mbox.gz follow: Atom feed
-- links below jump to the message on this page --
2018-08-22 18:21 [xen-unstable-smoke test] 126397: tolerable all pass - PUSHED osstest service owner
This is a public inbox, see mirroring instructions
for how to clone and mirror all data and code used for this inbox;
as well as URLs for NNTP newsgroup(s).