* [libvirt test] 126429: regressions - FAIL
@ 2018-08-24 10:25 osstest service owner
2018-08-24 10:48 ` Wei Liu
0 siblings, 1 reply; 3+ messages in thread
From: osstest service owner @ 2018-08-24 10:25 UTC (permalink / raw)
To: xen-devel, osstest-admin
flight 126429 libvirt real [real]
http://logs.test-lab.xenproject.org/osstest/logs/126429/
Regressions :-(
Tests which did not succeed and are blocking,
including tests which could not be run:
build-i386-libvirt 6 libvirt-build fail REGR. vs. 123814
build-amd64-libvirt 6 libvirt-build fail REGR. vs. 123814
build-armhf-libvirt 6 libvirt-build fail REGR. vs. 123814
Tests which did not succeed, but are not blocking:
test-armhf-armhf-libvirt 1 build-check(1) blocked n/a
test-armhf-armhf-libvirt-raw 1 build-check(1) blocked n/a
test-amd64-amd64-libvirt-vhd 1 build-check(1) blocked n/a
test-amd64-i386-libvirt-xsm 1 build-check(1) blocked n/a
test-amd64-i386-libvirt-pair 1 build-check(1) blocked n/a
test-amd64-i386-libvirt 1 build-check(1) blocked n/a
test-amd64-amd64-libvirt 1 build-check(1) blocked n/a
test-amd64-amd64-libvirt-pair 1 build-check(1) blocked n/a
test-amd64-i386-libvirt-qemuu-debianhvm-amd64-xsm 1 build-check(1) blocked n/a
test-amd64-amd64-libvirt-qemuu-debianhvm-amd64-xsm 1 build-check(1) blocked n/a
test-amd64-amd64-libvirt-xsm 1 build-check(1) blocked n/a
version targeted for testing:
libvirt a4c1cba28e13c9792656ec54d284798734a1ae0d
baseline version:
libvirt 076a2b409667dd9f716a2a2085e1ffea9d58fe8b
Last test of basis 123814 2018-06-05 04:19:23 Z 80 days
Failing since 123840 2018-06-06 04:19:28 Z 79 days 60 attempts
Testing same since 126429 2018-08-23 02:36:00 Z 1 days 1 attempts
------------------------------------------------------------
People who touched revisions under test:
Ales Musil <amusil@redhat.com>
Andrea Bolognani <abologna@redhat.com>
Anya Harter <aharter@redhat.com>
Bing Niu <bing.niu@intel.com>
Bjoern Walk <bwalk@linux.ibm.com>
Bobo Du <dubo163@126.com>
Boris Fiuczynski <fiuczy@linux.ibm.com>
Brijesh Singh <brijesh.singh@amd.com>
Changkuo Shi <shi.changkuo@h3c.com>
Chen Hanxiao <chenhanxiao@gmail.com>
Christian Ehrhardt <christian.ehrhardt@canonical.com>
Clementine Hayat <clem@lse.epita.fr>
Cole Robinson <crobinso@redhat.com>
Dan Kenigsberg <danken@redhat.com>
Daniel Nicoletti <dantti12@gmail.com>
Daniel P. Berrangé <berrange@redhat.com>
Daniel Veillard <veillard@redhat.com>
Eric Blake <eblake@redhat.com>
Erik Skultety <eskultet@redhat.com>
Fabiano Fidêncio <fabiano@fidencio.org>
Filip Alac <filipalac@gmail.com>
Han Han <hhan@redhat.com>
intrigeri <intrigeri+libvirt@boum.org>
intrigeri <intrigeri@boum.org>
Jamie Strandboge <jamie@canonical.com>
Jie Wang <wangjie88.huawei.com>
Jim Fehlig <jfehlig@suse.com>
Jiri Denemark <jdenemar@redhat.com>
John Ferlan <jferlan@redhat.com>
Julio Faracco <jcfaracco@gmail.com>
Ján Tomko <jtomko@redhat.com>
Kashyap Chamarthy <kchamart@redhat.com>
Katerina Koukiou <kkoukiou@redhat.com>
Laine Stump <laine@laine.org>
Laszlo Ersek <lersek@redhat.com>
Luyao Huang <lhuang@redhat.com>
Marc Hartmayer <mhartmay@linux.ibm.com>
Marc Hartmayer <mhartmay@linux.vnet.ibm.com>
Marcos Paulo de Souza <marcos.souza.org@gmail.com>
Marek Marczykowski-Górecki <marmarek@invisiblethingslab.com>
Martin Kletzander <mkletzan@redhat.com>
Matthias Bolte <matthias.bolte@googlemail.com>
Michal Privoznik <mprivozn@redhat.com>
Michal Prívozník <mprivozn@redhat.com>
Nikolay Shirokovskiy <nshirokovskiy@virtuozzo.com>
Pavel Hrdina <phrdina@redhat.com>
Peter Krempa <pkrempa@redhat.com>
Pino Toscano <ptoscano@redhat.com>
Radostin Stoyanov <rstoyanov1@gmail.com>
Ramy Elkest <ramyelkest@gmail.com>
ramyelkest <ramyelkest@gmail.com>
Richard W.M. Jones <rjones@redhat.com>
Roman Bogorodskiy <bogorodskiy@gmail.com>
Shi Lei <shilei.massclouds@gmx.com>
Shichangkuo <shi.changkuo@h3c.com>
Simon Kobyda <skobyda@redhat.com>
Stefan Bader <stefan.bader@canonical.com>
Stefan Berger <stefanb@linux.vnet.ibm.com>
Sukrit Bhatnagar <skrtbhtngr@gmail.com>
Tomáš Golembiovský <tgolembi@redhat.com>
Vitaly Kuznetsov <vkuznets@redhat.com>
w00251574 <wangjie88@huawei.com>
Weilun Zhu <zhuweilun@huawei.com>
xinhua.Cao <caoxinhua@huawei.com>
jobs:
build-amd64-xsm pass
build-i386-xsm pass
build-amd64 pass
build-armhf pass
build-i386 pass
build-amd64-libvirt fail
build-armhf-libvirt fail
build-i386-libvirt fail
build-amd64-pvops pass
build-armhf-pvops pass
build-i386-pvops pass
test-amd64-amd64-libvirt-qemuu-debianhvm-amd64-xsm blocked
test-amd64-i386-libvirt-qemuu-debianhvm-amd64-xsm blocked
test-amd64-amd64-libvirt-xsm blocked
test-amd64-i386-libvirt-xsm blocked
test-amd64-amd64-libvirt blocked
test-armhf-armhf-libvirt blocked
test-amd64-i386-libvirt blocked
test-amd64-amd64-libvirt-pair blocked
test-amd64-i386-libvirt-pair blocked
test-armhf-armhf-libvirt-raw blocked
test-amd64-amd64-libvirt-vhd blocked
------------------------------------------------------------
sg-report-flight on osstest.test-lab.xenproject.org
logs: /home/logs/logs
images: /home/logs/images
Logs, config files, etc. are available at
http://logs.test-lab.xenproject.org/osstest/logs
Explanation of these reports, and of osstest in general, is at
http://xenbits.xen.org/gitweb/?p=osstest.git;a=blob;f=README.email;hb=master
http://xenbits.xen.org/gitweb/?p=osstest.git;a=blob;f=README;hb=master
Test harness code can be found at
http://xenbits.xen.org/gitweb?p=osstest.git;a=summary
Not pushing.
(No revision log; it would be 14573 lines long.)
_______________________________________________
Xen-devel mailing list
Xen-devel@lists.xenproject.org
https://lists.xenproject.org/mailman/listinfo/xen-devel
^ permalink raw reply [flat|nested] 3+ messages in thread
* Re: [libvirt test] 126429: regressions - FAIL
2018-08-24 10:25 [libvirt test] 126429: regressions - FAIL osstest service owner
@ 2018-08-24 10:48 ` Wei Liu
2018-08-24 22:23 ` Jim Fehlig
0 siblings, 1 reply; 3+ messages in thread
From: Wei Liu @ 2018-08-24 10:48 UTC (permalink / raw)
To: osstest service owner; +Cc: xen-devel, Wei Liu, Ian Jackson
On Fri, Aug 24, 2018 at 10:25:49AM +0000, osstest service owner wrote:
> flight 126429 libvirt real [real]
> http://logs.test-lab.xenproject.org/osstest/logs/126429/
>
> Regressions :-(
>
> Tests which did not succeed and are blocking,
> including tests which could not be run:
> build-i386-libvirt 6 libvirt-build fail REGR. vs. 123814
> build-amd64-libvirt 6 libvirt-build fail REGR. vs. 123814
> build-armhf-libvirt 6 libvirt-build fail REGR. vs. 123814
Missing build dependency in osstest. GnuTLS has become a hard
requirement.
checking for GNUTLS... no
configure: error: You must install the gnutls >= 3.2.0 pkg-config module to compile libvirt
commit 60d9ad6f1e42618fce10baeb0f02c35e5ebd5b24
Author: Michal Privoznik <mprivozn@redhat.com>
AuthorDate: Mon Jun 4 06:51:50 2018 +0200
Commit: Michal Privoznik <mprivozn@redhat.com>
CommitDate: Tue Jun 5 14:32:03 2018 +0200
configure: Require GnuTLS
We are building with GnuTLS everywhere because GnuTLS is widely
available. Also, it is desirable to prefer cryptographically
strong PRNG over "/dev/urandom" which is just a fallback.
Signed-off-by: Michal Privoznik <mprivozn@redhat.com>
Reviewed-by: Daniel P. Berrangé <berrange@redhat.com>
Wei.
_______________________________________________
Xen-devel mailing list
Xen-devel@lists.xenproject.org
https://lists.xenproject.org/mailman/listinfo/xen-devel
^ permalink raw reply [flat|nested] 3+ messages in thread
* Re: [libvirt test] 126429: regressions - FAIL
2018-08-24 10:48 ` Wei Liu
@ 2018-08-24 22:23 ` Jim Fehlig
0 siblings, 0 replies; 3+ messages in thread
From: Jim Fehlig @ 2018-08-24 22:23 UTC (permalink / raw)
To: Wei Liu, osstest service owner; +Cc: xen-devel, Ian Jackson
On 08/24/2018 04:48 AM, Wei Liu wrote:
>
> On Fri, Aug 24, 2018 at 10:25:49AM +0000, osstest service owner wrote:
>> flight 126429 libvirt real [real]
>> http://logs.test-lab.xenproject.org/osstest/logs/126429/
>>
>> Regressions :-(
>>
>> Tests which did not succeed and are blocking,
>> including tests which could not be run:
>> build-i386-libvirt 6 libvirt-build fail REGR. vs. 123814
>> build-amd64-libvirt 6 libvirt-build fail REGR. vs. 123814
>> build-armhf-libvirt 6 libvirt-build fail REGR. vs. 123814
>
> Missing build dependency in osstest. GnuTLS has become a hard
> requirement.
I mentioned this a while ago, and even sent a patch :-)
https://lists.xenproject.org/archives/html/xen-devel/2018-07/msg02584.html
Regards,
Jim
_______________________________________________
Xen-devel mailing list
Xen-devel@lists.xenproject.org
https://lists.xenproject.org/mailman/listinfo/xen-devel
^ permalink raw reply [flat|nested] 3+ messages in thread
end of thread, other threads:[~2018-08-24 22:24 UTC | newest]
Thread overview: 3+ messages (download: mbox.gz follow: Atom feed
-- links below jump to the message on this page --
2018-08-24 10:25 [libvirt test] 126429: regressions - FAIL osstest service owner
2018-08-24 10:48 ` Wei Liu
2018-08-24 22:23 ` Jim Fehlig
This is a public inbox, see mirroring instructions
for how to clone and mirror all data and code used for this inbox;
as well as URLs for NNTP newsgroup(s).