* [freebsd-master test] 126535: tolerable FAIL - PUSHED
@ 2018-08-24 20:35 osstest service owner
0 siblings, 0 replies; only message in thread
From: osstest service owner @ 2018-08-24 20:35 UTC (permalink / raw)
To: xen-devel, osstest-admin, royger
flight 126535 freebsd-master real [real]
http://logs.test-lab.xenproject.org/osstest/logs/126535/
Failures :-/ but no regressions.
Tests which did not succeed, but are not blocking:
build-amd64-xen-freebsd 7 xen-build-freebsd fail never pass
version targeted for testing:
freebsd 6dafcae1dddb8858d56d3337f4ae49071dff752a
baseline version:
freebsd fa895cb8d251d2316caa4fbacba5d4fc4b2d55da
Last test of basis 126376 2018-08-22 09:19:14 Z 2 days
Testing same since 126535 2018-08-24 09:19:31 Z 0 days 1 attempts
------------------------------------------------------------
People who touched revisions under test:
0mp <0mp@FreeBSD.org>
allanjude <allanjude@FreeBSD.org>
araujo <araujo@FreeBSD.org>
arichardson <arichardson@FreeBSD.org>
asomers <asomers@FreeBSD.org>
avatar <avatar@FreeBSD.org>
brd <brd@FreeBSD.org>
bz <bz@FreeBSD.org>
cem <cem@FreeBSD.org>
eadler <eadler@FreeBSD.org>
erj <erj@FreeBSD.org>
garga <garga@FreeBSD.org>
gjb <gjb@FreeBSD.org>
glebius <glebius@FreeBSD.org>
gonzo <gonzo@FreeBSD.org>
imp <imp@FreeBSD.org>
kevans <kevans@FreeBSD.org>
kib <kib@FreeBSD.org>
kp <kp@FreeBSD.org>
lidl <lidl@FreeBSD.org>
manu <manu@FreeBSD.org>
marius <marius@FreeBSD.org>
markj <markj@FreeBSD.org>
mav <mav@FreeBSD.org>
mckusick <mckusick@FreeBSD.org>
np <np@FreeBSD.org>
pkelsey <pkelsey@FreeBSD.org>
rmacklem <rmacklem@FreeBSD.org>
tsoome <tsoome@FreeBSD.org>
tuexen <tuexen@FreeBSD.org>
jobs:
build-amd64-freebsd-again pass
build-amd64-freebsd pass
build-amd64-xen-freebsd fail
------------------------------------------------------------
sg-report-flight on osstest.test-lab.xenproject.org
logs: /home/logs/logs
images: /home/logs/images
Logs, config files, etc. are available at
http://logs.test-lab.xenproject.org/osstest/logs
Explanation of these reports, and of osstest in general, is at
http://xenbits.xen.org/gitweb/?p=osstest.git;a=blob;f=README.email;hb=master
http://xenbits.xen.org/gitweb/?p=osstest.git;a=blob;f=README;hb=master
Test harness code can be found at
http://xenbits.xen.org/gitweb?p=osstest.git;a=summary
Pushing revision :
To xenbits.xen.org:/home/xen/git/freebsd.git
fa895cb8d25..6dafcae1ddd 6dafcae1dddb8858d56d3337f4ae49071dff752a -> tested/master
_______________________________________________
Xen-devel mailing list
Xen-devel@lists.xenproject.org
https://lists.xenproject.org/mailman/listinfo/xen-devel
^ permalink raw reply [flat|nested] only message in thread
only message in thread, other threads:[~2018-08-24 20:35 UTC | newest]
Thread overview: (only message) (download: mbox.gz follow: Atom feed
-- links below jump to the message on this page --
2018-08-24 20:35 [freebsd-master test] 126535: tolerable FAIL - PUSHED osstest service owner
This is a public inbox, see mirroring instructions
for how to clone and mirror all data and code used for this inbox;
as well as URLs for NNTP newsgroup(s).