* [linux-4.14 test] 126635: tolerable FAIL - PUSHED
@ 2018-08-27 1:06 osstest service owner
0 siblings, 0 replies; only message in thread
From: osstest service owner @ 2018-08-27 1:06 UTC (permalink / raw)
To: xen-devel, osstest-admin
flight 126635 linux-4.14 real [real]
http://logs.test-lab.xenproject.org/osstest/logs/126635/
Failures :-/ but no regressions.
Tests which did not succeed, but are not blocking:
test-amd64-i386-xl-pvshim 12 guest-start fail never pass
test-amd64-i386-libvirt-xsm 13 migrate-support-check fail never pass
test-amd64-i386-libvirt 13 migrate-support-check fail never pass
test-amd64-amd64-libvirt 13 migrate-support-check fail never pass
test-amd64-amd64-libvirt-xsm 13 migrate-support-check fail never pass
test-amd64-i386-libvirt-qemuu-debianhvm-amd64-xsm 11 migrate-support-check fail never pass
test-armhf-armhf-xl-arndale 13 migrate-support-check fail never pass
test-armhf-armhf-xl-arndale 14 saverestore-support-check fail never pass
test-amd64-amd64-libvirt-qemuu-debianhvm-amd64-xsm 11 migrate-support-check fail never pass
test-amd64-amd64-qemuu-nested-amd 17 debian-hvm-install/l1/l2 fail never pass
test-amd64-amd64-libvirt-vhd 12 migrate-support-check fail never pass
test-armhf-armhf-xl-credit2 13 migrate-support-check fail never pass
test-armhf-armhf-xl-credit2 14 saverestore-support-check fail never pass
test-armhf-armhf-xl-cubietruck 13 migrate-support-check fail never pass
test-armhf-armhf-xl-cubietruck 14 saverestore-support-check fail never pass
test-armhf-armhf-xl-rtds 13 migrate-support-check fail never pass
test-armhf-armhf-xl-rtds 14 saverestore-support-check fail never pass
test-amd64-i386-xl-qemut-win7-amd64 17 guest-stop fail never pass
test-amd64-amd64-xl-qemuu-ws16-amd64 17 guest-stop fail never pass
test-amd64-amd64-xl-qemuu-win7-amd64 17 guest-stop fail never pass
test-armhf-armhf-libvirt 13 migrate-support-check fail never pass
test-armhf-armhf-libvirt 14 saverestore-support-check fail never pass
test-amd64-i386-xl-qemuu-win7-amd64 17 guest-stop fail never pass
test-amd64-amd64-xl-qemut-win7-amd64 17 guest-stop fail never pass
test-armhf-armhf-libvirt-raw 12 migrate-support-check fail never pass
test-armhf-armhf-libvirt-raw 13 saverestore-support-check fail never pass
test-amd64-amd64-xl-qemut-ws16-amd64 17 guest-stop fail never pass
test-armhf-armhf-xl 13 migrate-support-check fail never pass
test-armhf-armhf-xl 14 saverestore-support-check fail never pass
test-armhf-armhf-xl-multivcpu 13 migrate-support-check fail never pass
test-armhf-armhf-xl-multivcpu 14 saverestore-support-check fail never pass
test-amd64-i386-xl-qemuu-ws16-amd64 17 guest-stop fail never pass
test-amd64-i386-xl-qemut-ws16-amd64 17 guest-stop fail never pass
test-armhf-armhf-xl-vhd 12 migrate-support-check fail never pass
test-armhf-armhf-xl-vhd 13 saverestore-support-check fail never pass
test-amd64-i386-xl-qemut-win10-i386 10 windows-install fail never pass
test-amd64-amd64-xl-qemut-win10-i386 10 windows-install fail never pass
test-amd64-i386-xl-qemuu-win10-i386 10 windows-install fail never pass
test-amd64-amd64-xl-qemuu-win10-i386 10 windows-install fail never pass
version targeted for testing:
linux f4c88459f7c9320f587b839c3d24a2a9dc18a8a0
baseline version:
linux c5f7d3c4daf14ba3717fcc1497854d8c365bd742
Last test of basis 126364 2018-08-22 06:10:33 Z 4 days
Testing same since 126542 2018-08-24 11:40:05 Z 2 days 2 attempts
------------------------------------------------------------
People who touched revisions under test:
"Yan, Zheng" <zyan@redhat.com>
Adam Ford <aford173@gmail.com>
Ajay Gupta <ajaykuee@gmail.com>
Aleksa Sarai <asarai@suse.de>
Alex Deucher <alexander.deucher@amd.com>
Alexander Aring <aring@mojatatu.com>
Alexander Duyck <alexander.h.duyck@intel.com>
Alexander Sverdlin <alexander.sverdlin@nokia.com>
Alexander Sverdlin <alexander.sverdlin@nsn.com>
Alexei Starovoitov <ast@kernel.org>
Alexey Brodkin <abrodkin@synopsys.com>
Alexey Brodkin <Alexey.Brodkin@synopsys.com>
Alison Wang <alison.wang@nxp.com>
Anders Roxell <anders.roxell@linaro.org>
Andreas Ziegler <dev@andreas-ziegler.de>
Andrew Bowers <andrewx.bowers@intel.com>
Andrew Morton <akpm@linux-foundation.org>
Andrey Ryabinin <aryabinin@virtuozzo.com>
Andrey Smirnov <andrew.smirnov@gmail.com>
Andrzej Hajda <a.hajda@samsung.com>
Andy Gross <andy.gross@linaro.org>
Andy Lutomirski <luto@kernel.org>
Andy Shevchenko <andy.shevchenko@gmail.com>
Anson Huang <Anson.Huang@nxp.com>
Ard Biesheuvel <ard.biesheuvel@linaro.org>
Arend van Spriel <arend.vanspriel@broadcom.com>
Ariel Elior <ariel.elior@cavium.com>
Arnaldo Carvalho de Melo <acme@redhat.com>
Arun Kumar Neelakantam <aneela@codeaurora.org>
Ayan Kumar halder <ayan.halder@arm.com>
Bart Van Assche <bart.vanassche@wdc.com>
Bartosz Golaszewski <bgolaszewski@baylibre.com>
Ben Skeggs <bskeggs@redhat.com>
BingJing Chang <bingjingc@synology.com>
Bjorn Helgaas <bhelgaas@google.com>
Bob Copeland <bobcopeland@fb.com>
Bob Copeland <me@bobcopeland.com>
Boris Brezillon <boris.brezillon@bootlin.com>
Borislav Petkov <bp@suse.de>
Casey Leedom <leedom@chelsio.com>
Casey Schaufler <casey@schaufler-ca.com>
Catalin Marinas <catalin.marinas@arm.com>
Chad Dupuis <chad.dupuis@cavium.com>
Chengguang Xu <cgxu519@gmx.com>
Christoph Hellwig <hch@lst.de>
Christophe JAILLET <christophe.jaillet@wanadoo.fr>
Chunfeng Yun <chunfeng.yun@mediatek.com>
Cornelia Huck <cohuck@redhat.com>
Dan Carpenter <dan.carpenter@oracle.com>
Dan Williams <dan.j.williams@intel.com>
Daniel Borkmann <daniel@iogearbox.net>
Daniel Mack <daniel@zonque.org>
Dave Jiang <dave.jiang@intel.com>
David Lechner <david@lechnology.com>
David S. Miller <davem@davemloft.net>
David Sterba <dsterba@suse.com>
Davide Caratti <dcaratti@redhat.com>
Dinh Nguyen <dinguyen@kernel.org>
Dirk Gouders <dirk@gouders.net>
Dmitry Osipenko <digetx@gmail.com>
Dmitry Torokhov <dmitry.torokhov@gmail.com>
Dong Jia Shi <bjsdjshi@linux.vnet.ibm.com>
Dongjiu Geng <gengdongjiu@huawei.com>
Doron Roberts-Kedes <doronrk@fb.com>
Douglas Anderson <dianders@chromium.org>
Eli Cohen <eli@mellanox.com>
Eric Dumazet <edumazet@google.com>
Esben Haabendal <eha@deif.com>
Fabio Estevam <fabio.estevam@nxp.com>
Fathi Boudra <fathi.boudra@linaro.org>
Felipe Balbi <felipe.balbi@linux.intel.com>
Florian Fainelli <f.fainelli@gmail.com>
Florian Westphal <fw@strlen.de>
Ganesh Goudar <ganeshgr@chelsio.com>
Gao Feng <gfree.wind@vip.163.com>
Geert Uytterhoeven <geert@linux-m68k.org>
Gevorg Sahakyan <sahakyan@synopsys.com>
Govindarajulu Varadarajan <gvaradar@cisco.com>
Greg Kroah-Hartman <gregkh@linuxfoundation.org>
Greg Ungerer <gerg@linux-m68k.org>
Gregory CLEMENT <gregory.clement@bootlin.com>
Grigor Tovmasyan <Grigor.Tovmasyan@synopsys.com>
Grigor Tovmasyan <tovmasya@synopsys.com>
Guenter Roeck <linux@roeck-us.net>
Gustavo A. R. Silva <gustavo@embeddedor.com>
Hangbin Liu <liuhangbin@gmail.com>
Hans de Goede <hdegoede@redhat.com>
Heikki Krogerus <heikki.krogerus@linux.intel.com>
Heiko Stuebner <heiko@sntech.de>
Helge Deller <deller@gmx.de>
Hoan Tran <hoan.tran@amperecomputing.com>
Ilya Dryomov <idryomov@gmail.com>
Ingo Molnar <mingo@kernel.org>
Inki Dae <inki.dae@samsung.com>
Jaegeuk Kim <jaegeuk@kernel.org>
Jakub Kicinski <jakub.kicinski@netronome.com>
James Morris <james.morris@microsoft.com>
Jann Horn <jannh@google.com>
Janne Huttunen <janne.huttunen@nokia.com>
Jason Gerecke <jason.gerecke@wacom.com>
Jason Gerecke <killertofu@gmail.com>
Jason Gunthorpe <jgg@mellanox.com>
Jay Hsu <shih-chieh.hsu@mediatek.com>
Jeff Kirsher <jeffrey.t.kirsher@intel.com>
Jeff Mahoney <jeffm@suse.com>
Jeff Moyer <jmoyer@redhat.com>
Jeffrin Jose T (Rajagiri SET) <ahiliation@gmail.com>
Jeffrin Jose T <ahiliation@gmail.com>
Jens Axboe <axboe@kernel.dk>
Jeremy Cline <jcline@redhat.com>
Jiri Kosina <jkosina@suse.cz>
Jiri Olsa <jolsa@kernel.org>
Johan Hovold <johan@kernel.org>
Johannes Berg <johannes.berg@intel.com>
John Allen <jallen@linux.ibm.com>
John Allen <jallen@linux.vnet.ibm.com>
John David Anglin <dave.anglin@bell.net>
John Garry <john.garry@huawei.com>
Jon Hunter <jonathanh@nvidia.com>
Jonathan Cameron <Jonathan.Cameron@huawei.com>
Josh Poimboeuf <jpoimboe@redhat.com>
Juergen Gross <jgross@suse.com>
Kalle Valo <kvalo@codeaurora.org>
Kamal Heib <kamalheib1@gmail.com>
Keerthy <j-keerthy@ti.com>
Kevin Hilman <khilman@baylibre.com>
Kim Phillips <kim.phillips@arm.com>
Laura Abbott <labbott@redhat.com>
Lawrence Brakmo <brakmo@fb.com>
Leon Romanovsky <leonro@mellanox.com>
Li RongQing <lirongqing@baidu.com>
Linus Lüssing <linus.luessing@c0d3.blue>
Linus Torvalds <torvalds@linux-foundation.org>
Linus Walleij <linus.walleij@linaro.org>
Liviu Dudau <liviu.dudau@arm.com>
Lorenzo Pieralisi <lorenzo.pieralisi@arm.com>
Lubomir Rintel <lkundrak@v3.sk>
Lucas Stach <l.stach@pengutronix.de>
Lukas Wunner <lukas@wunner.de>
Maciej Purski <m.purski@samsung.com>
Madalin Bucur <madalin.bucur@nxp.com>
Manish Rangankar <manish.rangankar@cavium.com>
Manish Rangankar <manish.rangankar@qlogic.com>
Marc Zyngier <marc.zyngier@arm.com>
Marcelo Ricardo Leitner <marcelo.leitner@gmail.com>
Marek Lindner <mareklindner@neomailbox.ch>
Marek Szyprowski <m.szyprowski@samsung.com>
Mark Rutland <mark.rutland@arm.com>
Martin Blumenstingl <martin.blumenstingl@googlemail.com>
Martin K. Petersen <martin.petersen@oracle.com>
Masahiro Yamada <yamada.masahiro@socionext.com>
Mathias Nyman <mathias.nyman@linux.intel.com>
Mathieu Malaterre <malat@debian.org>
Mathieu Poirier <mathieu.poirier@linaro.org>
Matt Ranostay <matt.ranostay@konsulko.com>
Matthijs van Duin <matthijsvanduin@gmail.com>
Mauricio Vasquez B <mauricio.vasquez@polito.it>
Max Gurtuvoy <maxg@mellanox.com>
Michael Chan <michael.chan@broadcom.com>
Michael Trimarchi <michael@amarulasolutions.com>
Michal Kalderon <Michal.Kalderon@cavium.com>
Mika Westerberg <mika.westerberg@linux.intel.com>
Mike Rapoport <rppt@linux.vnet.ibm.com>
Mikko Perttunen <mperttunen@nvidia.com>
Minas Harutyunyan <hminas@synopsys.com>
Minas Harutyunyan <Minas.Harutyunyan@synopsys.com>
Minas Harutyunyan hminas@synopsys.com>
Myron Stowe <myron.stowe@redhat.com>
Nagaraj Annaiah <naga.annaiah@gmail.com>
Namhyung Kim <namhyung@kernel.org>
Neal Cardwell <ncardwell@google.com>
Neil Armstrong <narmstrong@baylibre.com>
Neil Horman <nhorman@redhat.com>
Nicholas Mc Guire <hofrat@osadl.org>
Nick Dyer <nick@shmanahar.org>
Nishanth Menon <nm@ti.com>
Or Gerlitz <ogerlitz@mellanox.com>
Pablo Neira Ayuso <pablo@netfilter.org>
Paolo Bonzini <pbonzini@redhat.com>
Paul Cercueil <paul@crapouillou.net>
Paul Menzel <pmenzel+linux-hwmon@molgen.mpg.de>
Paul Moore <paul@paul-moore.com>
Peng Hao <peng.hao2@zte.com.cn>
Peter Zijlstra <peterz@infradead.org>
Qu Wenruo <wqu@suse.com>
Rafael J. Wysocki <rafael.j.wysocki@intel.com>
Randy Dunlap <rdunlap@infradead.org>
Ravi Bangoria <ravi.bangoria@linux.ibm.com>
Ray Jui <ray.jui@broadcom.com>
Rob Herring <robh@kernel.org>
Robert Jarzmik <robert.jarzmik@free.fr>
Robin H. Johnson <robbat2@gentoo.org>
Roland Dreier <roland@purestorage.com>
Russell King <rmk+kernel@armlinux.org.uk>
Ryan Hsu <ryanhsu@codeaurora.org>
Sagi Grimberg <sagi@grimberg.me>
Sam Protsenko <semen.protsenko@linaro.org>
Sandipan Das <sandipan@linux.ibm.com>
Sasha Levin <alexander.levin@microsoft.com>
Saurav Kashyap <saurav.kashyap@cavium.com>
Scott Bauer <scott.bauer@intel.com>
Scott Branden <scott.branden@broadcom.com>
Sekhar Nori <nsekhar@ti.com>
Sergei Shtylyov <sergei.shtylyov@cogentembedded.com>
Shaohua Li <shli@fb.com>
Shawn Guo <shawnguo@kernel.org>
Shuah Khan (Samsung OSG) <shuah@kernel.org>
Simon Wunderlich <sw@simonwunderlich.de>
Srinivas Kandagatla <srinivas.kandagatla@linaro.org>
Stafford Horne <shorne@gmail.com>
Stefan Agner <stefan@agner.ch>
Stefan Schmidt <stefan@datenfreihafen.org>
Stefan Wahren <stefan.wahren@i2se.com>
Steffen Klassert <steffen.klassert@secunet.com>
Stephen Hemminger <stephen@networkplumber.org>
Stephen Hemminger <sthemmin@microsoft.com>
Steven Rostedt (VMware) <rostedt@goodmis.org>
Sudarsana Reddy Kalluru <Sudarsana.Kalluru@cavium.com>
Sudip Mukherjee <sudipm.mukherjee@gmail.com>
Suzuki K Poulose <suzuki.poulose@arm.com>
Sven Eckelmann <sven@narfation.org>
Taeung Song <treeze.taeung@gmail.com>
Takashi Iwai <tiwai@suse.de>
Tejun Heo <tj@kernel.org>
Theodore Ts'o <tytso@mit.edu>
Thierry Reding <treding@nvidia.com>
Thomas Gleixner <tglx@linutronix.de>
Thomas Richter <tmricht@linux.ibm.com>
Timur Kristóf <timur.kristof@gmail.com>
Tomasz Duszynski <tduszyns@gmail.com>
Tony Lindgren <tony@atomide.com>
Trond Myklebust <trond.myklebust@hammerspace.com>
Ursula Braun <ubraun@linux.ibm.com>
Uwe Kleine-König <u.kleine-koenig@pengutronix.de>
Vijay Immanuel <vijayi@attalasystems.com>
Vikas Gupta <vikas.gupta@broadcom.com>
Vincent Pelletier <plr.vincent@gmail.com>
Vineet Gupta <vgupta@synopsys.com>
Vinod Koul <vkoul@kernel.org>
Viresh Kumar <viresh.kumar@linaro.org>
Vladimir Zapolskiy <vladimir_zapolskiy@mentor.com>
Wei Yongjun <weiyongjun1@huawei.com>
Will Deacon <will.deacon@arm.com>
Willem de Bruijn <willemb@google.com>
William Wu <william.wu@rock-chips.com>
Wolfram Sang <wsa@the-dreams.de>
Yan, Zheng <zyan@redhat.com>
Yonghong Song <yhs@fb.com>
Yuchung Cheng <ycheng@google.com>
Yuiko Oshino <yuiko.oshino@microchip.com>
Zeng Tao <prime.zeng@hisilicon.com>
Zhen Lei <thunder.leizhen@huawei.com>
Zhenyu Wang <zhenyuw@linux.intel.com>
Zhenzhong Duan <zhenzhong.duan@oracle.com>
Zhizhou Zhang <zhizhouzhang@asrmicro.com>
Zhouyang Jia <jiazhouyang09@gmail.com>
jobs:
build-amd64-xsm pass
build-i386-xsm pass
build-amd64 pass
build-armhf pass
build-i386 pass
build-amd64-libvirt pass
build-armhf-libvirt pass
build-i386-libvirt pass
build-amd64-pvops pass
build-armhf-pvops pass
build-i386-pvops pass
build-amd64-rumprun pass
build-i386-rumprun pass
test-amd64-amd64-xl pass
test-armhf-armhf-xl pass
test-amd64-i386-xl pass
test-amd64-amd64-xl-qemut-debianhvm-amd64-xsm pass
test-amd64-i386-xl-qemut-debianhvm-amd64-xsm pass
test-amd64-amd64-libvirt-qemuu-debianhvm-amd64-xsm pass
test-amd64-i386-libvirt-qemuu-debianhvm-amd64-xsm pass
test-amd64-amd64-xl-qemuu-debianhvm-amd64-xsm pass
test-amd64-i386-xl-qemuu-debianhvm-amd64-xsm pass
test-amd64-amd64-xl-qemut-stubdom-debianhvm-amd64-xsm pass
test-amd64-i386-xl-qemut-stubdom-debianhvm-amd64-xsm pass
test-amd64-amd64-libvirt-xsm pass
test-amd64-i386-libvirt-xsm pass
test-amd64-amd64-xl-xsm pass
test-amd64-i386-xl-xsm pass
test-amd64-amd64-qemuu-nested-amd fail
test-amd64-amd64-xl-pvhv2-amd pass
test-amd64-i386-qemut-rhel6hvm-amd pass
test-amd64-i386-qemuu-rhel6hvm-amd pass
test-amd64-amd64-xl-qemut-debianhvm-amd64 pass
test-amd64-i386-xl-qemut-debianhvm-amd64 pass
test-amd64-amd64-xl-qemuu-debianhvm-amd64 pass
test-amd64-i386-xl-qemuu-debianhvm-amd64 pass
test-amd64-i386-freebsd10-amd64 pass
test-amd64-amd64-xl-qemuu-ovmf-amd64 pass
test-amd64-i386-xl-qemuu-ovmf-amd64 pass
test-amd64-amd64-rumprun-amd64 pass
test-amd64-amd64-xl-qemut-win7-amd64 fail
test-amd64-i386-xl-qemut-win7-amd64 fail
test-amd64-amd64-xl-qemuu-win7-amd64 fail
test-amd64-i386-xl-qemuu-win7-amd64 fail
test-amd64-amd64-xl-qemut-ws16-amd64 fail
test-amd64-i386-xl-qemut-ws16-amd64 fail
test-amd64-amd64-xl-qemuu-ws16-amd64 fail
test-amd64-i386-xl-qemuu-ws16-amd64 fail
test-armhf-armhf-xl-arndale pass
test-amd64-amd64-xl-credit2 pass
test-armhf-armhf-xl-credit2 pass
test-armhf-armhf-xl-cubietruck pass
test-amd64-amd64-xl-qemuu-dmrestrict-amd64-dmrestrict pass
test-amd64-i386-xl-qemuu-dmrestrict-amd64-dmrestrict pass
test-amd64-amd64-examine pass
test-armhf-armhf-examine pass
test-amd64-i386-examine pass
test-amd64-i386-freebsd10-i386 pass
test-amd64-i386-rumprun-i386 pass
test-amd64-amd64-xl-qemut-win10-i386 fail
test-amd64-i386-xl-qemut-win10-i386 fail
test-amd64-amd64-xl-qemuu-win10-i386 fail
test-amd64-i386-xl-qemuu-win10-i386 fail
test-amd64-amd64-qemuu-nested-intel pass
test-amd64-amd64-xl-pvhv2-intel pass
test-amd64-i386-qemut-rhel6hvm-intel pass
test-amd64-i386-qemuu-rhel6hvm-intel pass
test-amd64-amd64-libvirt pass
test-armhf-armhf-libvirt pass
test-amd64-i386-libvirt pass
test-amd64-amd64-xl-multivcpu pass
test-armhf-armhf-xl-multivcpu pass
test-amd64-amd64-pair pass
test-amd64-i386-pair pass
test-amd64-amd64-libvirt-pair pass
test-amd64-i386-libvirt-pair pass
test-amd64-amd64-amd64-pvgrub pass
test-amd64-amd64-i386-pvgrub pass
test-amd64-amd64-xl-pvshim pass
test-amd64-i386-xl-pvshim fail
test-amd64-amd64-pygrub pass
test-amd64-amd64-xl-qcow2 pass
test-armhf-armhf-libvirt-raw pass
test-amd64-i386-xl-raw pass
test-amd64-amd64-xl-rtds pass
test-armhf-armhf-xl-rtds pass
test-amd64-amd64-xl-qemuu-debianhvm-amd64-shadow pass
test-amd64-i386-xl-qemuu-debianhvm-amd64-shadow pass
test-amd64-amd64-xl-shadow pass
test-amd64-i386-xl-shadow pass
test-amd64-amd64-libvirt-vhd pass
test-armhf-armhf-xl-vhd pass
------------------------------------------------------------
sg-report-flight on osstest.test-lab.xenproject.org
logs: /home/logs/logs
images: /home/logs/images
Logs, config files, etc. are available at
http://logs.test-lab.xenproject.org/osstest/logs
Explanation of these reports, and of osstest in general, is at
http://xenbits.xen.org/gitweb/?p=osstest.git;a=blob;f=README.email;hb=master
http://xenbits.xen.org/gitweb/?p=osstest.git;a=blob;f=README;hb=master
Test harness code can be found at
http://xenbits.xen.org/gitweb?p=osstest.git;a=summary
Pushing revision :
To xenbits.xen.org:/home/xen/git/linux-pvops.git
c5f7d3c4daf1..f4c88459f7c9 f4c88459f7c9320f587b839c3d24a2a9dc18a8a0 -> tested/linux-4.14
_______________________________________________
Xen-devel mailing list
Xen-devel@lists.xenproject.org
https://lists.xenproject.org/mailman/listinfo/xen-devel
^ permalink raw reply [flat|nested] only message in thread
only message in thread, other threads:[~2018-08-27 1:06 UTC | newest]
Thread overview: (only message) (download: mbox.gz follow: Atom feed
-- links below jump to the message on this page --
2018-08-27 1:06 [linux-4.14 test] 126635: tolerable FAIL - PUSHED osstest service owner
This is a public inbox, see mirroring instructions
for how to clone and mirror all data and code used for this inbox;
as well as URLs for NNTP newsgroup(s).