* [xen-unstable-smoke test] 126763: regressions - trouble: blocked/fail
@ 2018-08-27 11:29 osstest service owner
0 siblings, 0 replies; only message in thread
From: osstest service owner @ 2018-08-27 11:29 UTC (permalink / raw)
To: xen-devel, osstest-admin
flight 126763 xen-unstable-smoke real [real]
http://logs.test-lab.xenproject.org/osstest/logs/126763/
Regressions :-(
Tests which did not succeed and are blocking,
including tests which could not be run:
build-amd64 6 xen-build fail REGR. vs. 126702
build-armhf 6 xen-build fail REGR. vs. 126702
Tests which did not succeed, but are not blocking:
test-armhf-armhf-xl 1 build-check(1) blocked n/a
test-amd64-amd64-xl-qemuu-debianhvm-i386 1 build-check(1) blocked n/a
build-amd64-libvirt 1 build-check(1) blocked n/a
test-amd64-amd64-libvirt 1 build-check(1) blocked n/a
version targeted for testing:
xen fd07b6648c4c8891dca5bd0f7ef174b6831f80b2
baseline version:
xen e5d6ddcd31a6113e4a3db7a235ca78770fe8f401
Last test of basis 126702 2018-08-26 13:00:31 Z 0 days
Testing same since 126763 2018-08-27 10:00:29 Z 0 days 1 attempts
------------------------------------------------------------
People who touched revisions under test:
Andrew Cooper <andrew.cooper3@citrix.com>
Doug Goldstein <cardoe@cardoe.com>
Jan Beulich <jbeulich@suse.com>
Kevin Tian <kevin.tian@intel.com>
Paul Durrant <paul.durrant@citrix.com>
Wei Liu <wei.liu2@citrix.com>
Zhenzhong Duan <zhenzhong.duan@oracle.com>
jobs:
build-amd64 fail
build-armhf fail
build-amd64-libvirt blocked
test-armhf-armhf-xl blocked
test-amd64-amd64-xl-qemuu-debianhvm-i386 blocked
test-amd64-amd64-libvirt blocked
------------------------------------------------------------
sg-report-flight on osstest.test-lab.xenproject.org
logs: /home/logs/logs
images: /home/logs/images
Logs, config files, etc. are available at
http://logs.test-lab.xenproject.org/osstest/logs
Explanation of these reports, and of osstest in general, is at
http://xenbits.xen.org/gitweb/?p=osstest.git;a=blob;f=README.email;hb=master
http://xenbits.xen.org/gitweb/?p=osstest.git;a=blob;f=README;hb=master
Test harness code can be found at
http://xenbits.xen.org/gitweb?p=osstest.git;a=summary
Not pushing.
------------------------------------------------------------
commit fd07b6648c4c8891dca5bd0f7ef174b6831f80b2
Author: Zhenzhong Duan <zhenzhong.duan@oracle.com>
Date: Mon Aug 27 11:37:24 2018 +0200
VT-d/dmar: iommu mem leak fix
Release memory allocated for drhd iommu in error path.
Signed-off-by: Zhenzhong Duan <zhenzhong.duan@oracle.com>
Acked-by: Kevin Tian <kevin.tian@intel.com>
commit c3f0dccc9668b14949c91b76f97dbaccb17d2477
Author: Doug Goldstein <cardoe@cardoe.com>
Date: Mon Aug 27 11:37:01 2018 +0200
build: remove tboot make targets
The tboot targets are woefully out of date. These should really be
retired because setting up tboot is more complex than the build process
for it.
Signed-off-by: Doug Goldstein <cardoe@cardoe.com>
Acked-by: Jan Beulich <jbeulich@suse.com>
Acked-by: Wei Liu <wei.liu2@citrix.com>
Reviewed-by: Christopher Clark <christopher.clark6@baesystems.com>
commit 629856eae2a7f766f1f024a06ad3abf1fd4b9d37
Author: Paul Durrant <paul.durrant@citrix.com>
Date: Mon Aug 27 11:30:18 2018 +0200
x86/hvm: remove default ioreq server
My recent patch [1] to qemu-xen-traditional removes the last use of the
'default' ioreq server in Xen. (This is a catch-all ioreq server that is
used if no explicitly registered I/O range is targetted).
This patch can be applied once that patch is committed, to remove the
(>100 lines of) redundant code in Xen.
NOTE: The removal of the special case for HVM_PARAM_DM_DOMAIN in
hvm_allow_set_param() is not directly related to removal of
default ioreq servers. It could have been cleaned up at any time
after commit 9a422c03 "x86/hvm: stop passing explicit domid to
hvm_create_ioreq_server()". It is now added to the new
deprecated sets introduced by this patch.
[1] https://lists.xenproject.org/archives/html/xen-devel/2018-08/msg00270.html
Signed-off-by: Paul Durrant <paul.durrant@citrix.com>
Acked-by: Andrew Cooper <andrew.cooper3@citrix.com>
Reviewed-by: Jan Beulich <jbeulich@suse.com>
(qemu changes not included)
_______________________________________________
Xen-devel mailing list
Xen-devel@lists.xenproject.org
https://lists.xenproject.org/mailman/listinfo/xen-devel
^ permalink raw reply [flat|nested] only message in thread
only message in thread, other threads:[~2018-08-27 11:29 UTC | newest]
Thread overview: (only message) (download: mbox.gz follow: Atom feed
-- links below jump to the message on this page --
2018-08-27 11:29 [xen-unstable-smoke test] 126763: regressions - trouble: blocked/fail osstest service owner
This is a public inbox, see mirroring instructions
for how to clone and mirror all data and code used for this inbox;
as well as URLs for NNTP newsgroup(s).