* [xen-unstable test] 126778: regressions - FAIL
@ 2018-08-28 12:12 osstest service owner
0 siblings, 0 replies; only message in thread
From: osstest service owner @ 2018-08-28 12:12 UTC (permalink / raw)
To: xen-devel, osstest-admin
flight 126778 xen-unstable real [real]
http://logs.test-lab.xenproject.org/osstest/logs/126778/
Regressions :-(
Tests which did not succeed and are blocking,
including tests which could not be run:
test-amd64-amd64-xl-qemut-debianhvm-amd64-xsm 16 guest-localmigrate/x10 fail REGR. vs. 126683
Tests which did not succeed, but are not blocking:
test-amd64-amd64-xl-qemut-win7-amd64 17 guest-stop fail like 126683
test-armhf-armhf-libvirt 14 saverestore-support-check fail like 126683
test-amd64-amd64-xl-qemuu-win7-amd64 17 guest-stop fail like 126683
test-amd64-i386-xl-qemuu-win7-amd64 17 guest-stop fail like 126683
test-amd64-i386-xl-qemut-win7-amd64 17 guest-stop fail like 126683
test-armhf-armhf-libvirt-raw 13 saverestore-support-check fail like 126683
test-amd64-amd64-xl-qemuu-ws16-amd64 17 guest-stop fail like 126683
test-amd64-amd64-xl-qemut-ws16-amd64 17 guest-stop fail like 126683
test-amd64-i386-xl-qemuu-ws16-amd64 17 guest-stop fail like 126683
build-amd64-xen-xsm-freebsd 7 xen-build-freebsd fail never pass
build-amd64-xen-freebsd 7 xen-build-freebsd fail never pass
test-amd64-i386-xl-pvshim 12 guest-start fail never pass
test-amd64-i386-libvirt 13 migrate-support-check fail never pass
test-amd64-i386-libvirt-xsm 13 migrate-support-check fail never pass
test-amd64-amd64-libvirt 13 migrate-support-check fail never pass
test-amd64-amd64-libvirt-xsm 13 migrate-support-check fail never pass
test-amd64-i386-libvirt-qemuu-debianhvm-amd64-xsm 11 migrate-support-check fail never pass
test-amd64-amd64-libvirt-qemuu-debianhvm-amd64-xsm 11 migrate-support-check fail never pass
test-armhf-armhf-xl-arndale 13 migrate-support-check fail never pass
test-armhf-armhf-xl-arndale 14 saverestore-support-check fail never pass
test-amd64-amd64-qemuu-nested-amd 17 debian-hvm-install/l1/l2 fail never pass
test-amd64-amd64-libvirt-vhd 12 migrate-support-check fail never pass
test-armhf-armhf-xl-multivcpu 13 migrate-support-check fail never pass
test-armhf-armhf-xl-multivcpu 14 saverestore-support-check fail never pass
test-armhf-armhf-xl 13 migrate-support-check fail never pass
test-armhf-armhf-xl 14 saverestore-support-check fail never pass
test-armhf-armhf-xl-rtds 13 migrate-support-check fail never pass
test-armhf-armhf-xl-rtds 14 saverestore-support-check fail never pass
test-armhf-armhf-xl-cubietruck 13 migrate-support-check fail never pass
test-armhf-armhf-xl-cubietruck 14 saverestore-support-check fail never pass
test-armhf-armhf-libvirt 13 migrate-support-check fail never pass
test-armhf-armhf-xl-credit2 13 migrate-support-check fail never pass
test-armhf-armhf-xl-credit2 14 saverestore-support-check fail never pass
test-armhf-armhf-libvirt-raw 12 migrate-support-check fail never pass
test-amd64-i386-xl-qemut-ws16-amd64 17 guest-stop fail never pass
test-armhf-armhf-xl-vhd 12 migrate-support-check fail never pass
test-armhf-armhf-xl-vhd 13 saverestore-support-check fail never pass
test-amd64-amd64-xl-qemuu-win10-i386 10 windows-install fail never pass
test-amd64-i386-xl-qemuu-win10-i386 10 windows-install fail never pass
test-amd64-amd64-xl-qemut-win10-i386 10 windows-install fail never pass
test-amd64-i386-xl-qemut-win10-i386 10 windows-install fail never pass
version targeted for testing:
xen e5d6ddcd31a6113e4a3db7a235ca78770fe8f401
baseline version:
xen a923919797c39d51ea0b808ea691bed20fe8e072
Last test of basis 126683 2018-08-26 06:47:14 Z 2 days
Testing same since 126778 2018-08-27 13:52:39 Z 0 days 1 attempts
------------------------------------------------------------
People who touched revisions under test:
Ian Jackson <ian.jackson@eu.citrix.com>
Jan Beulich <jbeulich@suse.com>
Paul Durrant <paul.durrant@citrix.com>
Razvan Cojocaru <rcojocaru@bitdefender.com>
Wei Liu <wei.liu2@citrix.com>
jobs:
build-amd64-xsm pass
build-i386-xsm pass
build-amd64-xtf pass
build-amd64 pass
build-armhf pass
build-amd64-xen-freebsd fail
build-amd64-xen-xsm-freebsd fail
build-i386 pass
build-amd64-libvirt pass
build-armhf-libvirt pass
build-i386-libvirt pass
build-amd64-prev pass
build-i386-prev pass
build-amd64-pvops pass
build-armhf-pvops pass
build-i386-pvops pass
build-amd64-rumprun pass
build-i386-rumprun pass
test-xtf-amd64-amd64-1 pass
test-xtf-amd64-amd64-2 pass
test-xtf-amd64-amd64-3 pass
test-xtf-amd64-amd64-4 pass
test-xtf-amd64-amd64-5 pass
test-amd64-amd64-xl pass
test-armhf-armhf-xl pass
test-amd64-i386-xl pass
test-amd64-amd64-xl-qemut-debianhvm-amd64-xsm fail
test-amd64-i386-xl-qemut-debianhvm-amd64-xsm pass
test-amd64-amd64-libvirt-qemuu-debianhvm-amd64-xsm pass
test-amd64-i386-libvirt-qemuu-debianhvm-amd64-xsm pass
test-amd64-amd64-xl-qemuu-debianhvm-amd64-xsm pass
test-amd64-i386-xl-qemuu-debianhvm-amd64-xsm pass
test-amd64-amd64-xl-qemut-stubdom-debianhvm-amd64-xsm pass
test-amd64-i386-xl-qemut-stubdom-debianhvm-amd64-xsm pass
test-amd64-amd64-libvirt-xsm pass
test-amd64-i386-libvirt-xsm pass
test-amd64-amd64-xl-xsm pass
test-amd64-i386-xl-xsm pass
test-amd64-amd64-qemuu-nested-amd fail
test-amd64-amd64-xl-pvhv2-amd pass
test-amd64-i386-qemut-rhel6hvm-amd pass
test-amd64-i386-qemuu-rhel6hvm-amd pass
test-amd64-amd64-xl-qemut-debianhvm-amd64 pass
test-amd64-i386-xl-qemut-debianhvm-amd64 pass
test-amd64-amd64-xl-qemuu-debianhvm-amd64 pass
test-amd64-i386-xl-qemuu-debianhvm-amd64 pass
test-amd64-i386-freebsd10-amd64 pass
test-amd64-amd64-xl-qemuu-ovmf-amd64 pass
test-amd64-i386-xl-qemuu-ovmf-amd64 pass
test-amd64-amd64-rumprun-amd64 pass
test-amd64-amd64-xl-qemut-win7-amd64 fail
test-amd64-i386-xl-qemut-win7-amd64 fail
test-amd64-amd64-xl-qemuu-win7-amd64 fail
test-amd64-i386-xl-qemuu-win7-amd64 fail
test-amd64-amd64-xl-qemut-ws16-amd64 fail
test-amd64-i386-xl-qemut-ws16-amd64 fail
test-amd64-amd64-xl-qemuu-ws16-amd64 fail
test-amd64-i386-xl-qemuu-ws16-amd64 fail
test-armhf-armhf-xl-arndale pass
test-amd64-amd64-xl-credit2 pass
test-armhf-armhf-xl-credit2 pass
test-armhf-armhf-xl-cubietruck pass
test-amd64-amd64-xl-qemuu-dmrestrict-amd64-dmrestrict pass
test-amd64-i386-xl-qemuu-dmrestrict-amd64-dmrestrict pass
test-amd64-amd64-examine pass
test-armhf-armhf-examine pass
test-amd64-i386-examine pass
test-amd64-i386-freebsd10-i386 pass
test-amd64-i386-rumprun-i386 pass
test-amd64-amd64-xl-qemut-win10-i386 fail
test-amd64-i386-xl-qemut-win10-i386 fail
test-amd64-amd64-xl-qemuu-win10-i386 fail
test-amd64-i386-xl-qemuu-win10-i386 fail
test-amd64-amd64-qemuu-nested-intel pass
test-amd64-amd64-xl-pvhv2-intel pass
test-amd64-i386-qemut-rhel6hvm-intel pass
test-amd64-i386-qemuu-rhel6hvm-intel pass
test-amd64-amd64-libvirt pass
test-armhf-armhf-libvirt pass
test-amd64-i386-libvirt pass
test-amd64-amd64-livepatch pass
test-amd64-i386-livepatch pass
test-amd64-amd64-migrupgrade pass
test-amd64-i386-migrupgrade pass
test-amd64-amd64-xl-multivcpu pass
test-armhf-armhf-xl-multivcpu pass
test-amd64-amd64-pair pass
test-amd64-i386-pair pass
test-amd64-amd64-libvirt-pair pass
test-amd64-i386-libvirt-pair pass
test-amd64-amd64-amd64-pvgrub pass
test-amd64-amd64-i386-pvgrub pass
test-amd64-amd64-xl-pvshim pass
test-amd64-i386-xl-pvshim fail
test-amd64-amd64-pygrub pass
test-amd64-amd64-xl-qcow2 pass
test-armhf-armhf-libvirt-raw pass
test-amd64-i386-xl-raw pass
test-amd64-amd64-xl-rtds pass
test-armhf-armhf-xl-rtds pass
test-amd64-amd64-xl-qemuu-debianhvm-amd64-shadow pass
test-amd64-i386-xl-qemuu-debianhvm-amd64-shadow pass
test-amd64-amd64-xl-shadow pass
test-amd64-i386-xl-shadow pass
test-amd64-amd64-libvirt-vhd pass
test-armhf-armhf-xl-vhd pass
------------------------------------------------------------
sg-report-flight on osstest.test-lab.xenproject.org
logs: /home/logs/logs
images: /home/logs/images
Logs, config files, etc. are available at
http://logs.test-lab.xenproject.org/osstest/logs
Explanation of these reports, and of osstest in general, is at
http://xenbits.xen.org/gitweb/?p=osstest.git;a=blob;f=README.email;hb=master
http://xenbits.xen.org/gitweb/?p=osstest.git;a=blob;f=README;hb=master
Test harness code can be found at
http://xenbits.xen.org/gitweb?p=osstest.git;a=summary
Not pushing.
------------------------------------------------------------
commit e5d6ddcd31a6113e4a3db7a235ca78770fe8f401
Author: Wei Liu <wei.liu2@citrix.com>
Date: Mon Aug 13 15:02:32 2018 +0100
x86/nestedhvm: provide some stubs for p2m code
Make two functions static inline so that they can be referenced in p2m
code. Check nestedhvm is enabled before calling
nestedhvm_vmcx_flushtlb (which also has a side effect of not issuing
unnecessary IPIs for non-nested case).
While moving, reformat code and use proper boolean.
Signed-off-by: Wei Liu <wei.liu2@citrix.com>
Acked-by: Jan Beulich <jbeulich@suse.com>
commit 06d473a135635ab388151d1918401908f67fdb57
Author: Wei Liu <wei.liu2@citrix.com>
Date: Fri Aug 17 11:03:24 2018 +0100
x86/mm/shadow: split out HVM only code
Move the code previously enclosed in CONFIG_HVM into its own file.
Note that although some code explicitly check is_hvm_*, which hints it
can be used for PV too, I can't find a code path that would be the
case.
Signed-off-by: Wei Liu <wei.liu2@citrix.com>
Reviewed-by: Tim Deegan <tim@xen.org>
commit 29ac2ad612e20904d0e8914e635386b7abe0f656
Author: Wei Liu <wei.liu2@citrix.com>
Date: Thu Aug 16 11:05:34 2018 +0100
x86/mm/shadow: make it build with !CONFIG_HVM
Enclose HVM only emulation code under CONFIG_HVM. Add some BUG()s to
to catch any issue.
Note that although some code checks is_hvm_*, which hints it can be
called for PV as well, I can't find such paths.
Signed-off-by: Wei Liu <wei.liu2@citrix.com>
Reviewed-by: Tim Deegan <tim@xen.org>
commit f0f14cc27744ad65c08a2a9b594c9048d289405c
Author: Wei Liu <wei.liu2@citrix.com>
Date: Fri Aug 17 11:19:42 2018 +0100
x86/vm_event: put vm_event_fill_regs under CONFIG_HVM
Ideally the HVM specific part of VM event should be moved into hvm/ at
some point, but this will do for now.
Signed-off-by: Wei Liu <wei.liu2@citrix.com>
Acked-by: Razvan Cojocaru <rcojocaru@bitdefender.com>
commit 59fa681b5fb3f9412f71172783f46b034e4a01f6
Author: Wei Liu <wei.liu2@citrix.com>
Date: Fri Aug 17 13:51:11 2018 +0100
x86/mem_access: put HVM only function under CONFIG_HVM
Signed-off-by: Wei Liu <wei.liu2@citrix.com>
Acked-by: Razvan Cojocaru <rcojocaru@bitdefender.com>
commit cc4e0524e0a3b475b929f68c4ff2fb893fe977fc
Author: Wei Liu <wei.liu2@citrix.com>
Date: Fri Aug 10 18:08:00 2018 +0100
x86: guard HAS_VPCI with CONFIG_HVM
VPCI is only useful for PVH / HVM guests. Ideally CONFIG_HVM should
imply !PV_SHIM_EXCLUSIVE, but we still want to build PV_SHIM_EXCLUSIVE
with CONFIG_HVM at this stage because a lot of things are still
entangled.
Signed-off-by: Wei Liu <wei.liu2@citrix.com>
Acked-by: Jan Beulich <jbeulich@suse.com>
commit b49ef5d39d930bda6a8da1afcee196420f1b7424
Author: Paul Durrant <paul.durrant@citrix.com>
Date: Fri Aug 24 13:16:26 2018 +0100
xenforeignmemory: work around bug in older privcmd
Versions of linux privcmd prior to commit dc9eab6fd94d ("return -ENOTTY
for unimplemented IOCTLs") will return -EINVAL rather than the conventional
-ENOTTY for unimplemented codes. This breaks the error path in
libxenforeignmemory resource mapping, which only translates ENOTTY into
EOPNOTSUPP to inform callers of the need to use an alternative (legacy)
mechanism.
This patch adds a new 'unimplemented' [1] ioctl code into the local
privcmd header which is then used to probe for the appropriate errno to
translate in the resource mapping error path
[1] this is a code that has, so far, never been used in any version of
privcmd and will be added to future versions of the header in the
linux source, to make sure it stays unimplemented.
Signed-off-by: Paul Durrant <paul.durrant@citrix.com>
Acked-by: Wei Liu <wei.liu2@citrix.com>
Acked-by: Ian Jackson <ian.jackson@eu.citrix.com>
commit 4be26bd61efdb8fbc39ab4528f1f3dea040b605f
Author: Wei Liu <wei.liu2@citrix.com>
Date: Fri Aug 24 11:54:04 2018 +0100
tools: building IPXE should be determined by CONFIG_IPXE
Signed-off-by: Wei Liu <wei.liu2@citrix.com>
Reviewed-by: Roger Pau Monné <roger.pau@citrix.com>
Acked-by: Ian Jackson <ian.jackson@eu.citrix.com>
(qemu changes not included)
_______________________________________________
Xen-devel mailing list
Xen-devel@lists.xenproject.org
https://lists.xenproject.org/mailman/listinfo/xen-devel
^ permalink raw reply [flat|nested] only message in thread
only message in thread, other threads:[~2018-08-28 12:12 UTC | newest]
Thread overview: (only message) (download: mbox.gz follow: Atom feed
-- links below jump to the message on this page --
2018-08-28 12:12 [xen-unstable test] 126778: regressions - FAIL osstest service owner
This is a public inbox, see mirroring instructions
for how to clone and mirror all data and code used for this inbox;
as well as URLs for NNTP newsgroup(s).