* [freebsd-master test] 126935: tolerable FAIL - PUSHED
@ 2018-08-29 21:42 osstest service owner
0 siblings, 0 replies; only message in thread
From: osstest service owner @ 2018-08-29 21:42 UTC (permalink / raw)
To: xen-devel, osstest-admin, royger
flight 126935 freebsd-master real [real]
http://logs.test-lab.xenproject.org/osstest/logs/126935/
Failures :-/ but no regressions.
Tests which did not succeed, but are not blocking:
build-amd64-xen-freebsd 7 xen-build-freebsd fail never pass
version targeted for testing:
freebsd 382458ed568f4213f38d121feedf23e44254eab7
baseline version:
freebsd 7cbaa4254c0f10f7c00014ce9591ca60abfa57fb
Last test of basis 126761 2018-08-27 09:19:01 Z 2 days
Testing same since 126935 2018-08-29 09:23:47 Z 0 days 1 attempts
------------------------------------------------------------
People who touched revisions under test:
andrew <andrew@FreeBSD.org>
brd <brd@FreeBSD.org>
cy <cy@FreeBSD.org>
gallatin <gallatin@FreeBSD.org>
imp <imp@FreeBSD.org>
jhb <jhb@FreeBSD.org>
kevans <kevans@FreeBSD.org>
kib <kib@FreeBSD.org>
lwhsu <lwhsu@FreeBSD.org>
markj <markj@FreeBSD.org>
mckusick <mckusick@FreeBSD.org>
mw <mw@FreeBSD.org>
np <np@FreeBSD.org>
philip <philip@FreeBSD.org>
jobs:
build-amd64-freebsd-again pass
build-amd64-freebsd pass
build-amd64-xen-freebsd fail
------------------------------------------------------------
sg-report-flight on osstest.test-lab.xenproject.org
logs: /home/logs/logs
images: /home/logs/images
Logs, config files, etc. are available at
http://logs.test-lab.xenproject.org/osstest/logs
Explanation of these reports, and of osstest in general, is at
http://xenbits.xen.org/gitweb/?p=osstest.git;a=blob;f=README.email;hb=master
http://xenbits.xen.org/gitweb/?p=osstest.git;a=blob;f=README;hb=master
Test harness code can be found at
http://xenbits.xen.org/gitweb?p=osstest.git;a=summary
Pushing revision :
To xenbits.xen.org:/home/xen/git/freebsd.git
7cbaa4254c0..382458ed568 382458ed568f4213f38d121feedf23e44254eab7 -> tested/master
_______________________________________________
Xen-devel mailing list
Xen-devel@lists.xenproject.org
https://lists.xenproject.org/mailman/listinfo/xen-devel
^ permalink raw reply [flat|nested] only message in thread
only message in thread, other threads:[~2018-08-29 21:42 UTC | newest]
Thread overview: (only message) (download: mbox.gz follow: Atom feed
-- links below jump to the message on this page --
2018-08-29 21:42 [freebsd-master test] 126935: tolerable FAIL - PUSHED osstest service owner
This is a public inbox, see mirroring instructions
for how to clone and mirror all data and code used for this inbox;
as well as URLs for NNTP newsgroup(s).